{"version":"1.0","provider_name":"Euricse","provider_url":"https:\/\/euricse.eu\/en\/","title":"WP 21 | 11 Las empresas sociales y cooperativas dentro del nuevo paradigma: porque en Europa la realidad niega la ideolog\u00eda - Euricse","type":"rich","width":600,"height":338,"html":"<blockquote class=\"wp-embedded-content\" data-secret=\"KJh7VSXsHi\"><a href=\"https:\/\/euricse.eu\/en\/publications\/1042-2\/\">WP 21 | 11 Las empresas sociales y cooperativas dentro del nuevo paradigma: porque en Europa la realidad niega la ideolog\u00eda<\/a><\/blockquote><iframe sandbox=\"allow-scripts\" security=\"restricted\" src=\"https:\/\/euricse.eu\/en\/publications\/1042-2\/embed\/#?secret=KJh7VSXsHi\" width=\"600\" height=\"338\" title=\"&#8220;WP 21 | 11 Las empresas sociales y cooperativas dentro del nuevo paradigma: porque en Europa la realidad niega la ideolog\u00eda&#8221; &#8212; Euricse\" data-secret=\"KJh7VSXsHi\" frameborder=\"0\" marginwidth=\"0\" marginheight=\"0\" scrolling=\"no\" class=\"wp-embedded-content\"><\/iframe><script type=\"text\/javascript\">\n\/* <![CDATA[ *\/\n\/*! This file is auto-generated *\/\n!function(d,l){\"use strict\";l.querySelector&&d.addEventListener&&\"undefined\"!=typeof URL&&(d.wp=d.wp||{},d.wp.receiveEmbedMessage||(d.wp.receiveEmbedMessage=function(e){var t=e.data;if((t||t.secret||t.message||t.value)&&!\/[^a-zA-Z0-9]\/.test(t.secret)){for(var s,r,n,a=l.querySelectorAll('iframe[data-secret=\"'+t.secret+'\"]'),o=l.querySelectorAll('blockquote[data-secret=\"'+t.secret+'\"]'),c=new RegExp(\"^https?:$\",\"i\"),i=0;i<o.length;i++)o[i].style.display=\"none\";for(i=0;i<a.length;i++)s=a[i],e.source===s.contentWindow&&(s.removeAttribute(\"style\"),\"height\"===t.message?(1e3<(r=parseInt(t.value,10))?r=1e3:~~r<200&&(r=200),s.height=r):\"link\"===t.message&&(r=new URL(s.getAttribute(\"src\")),n=new URL(t.value),c.test(n.protocol))&&n.host===r.host&&l.activeElement===s&&(d.top.location.href=t.value))}},d.addEventListener(\"message\",d.wp.receiveEmbedMessage,!1),l.addEventListener(\"DOMContentLoaded\",function(){for(var e,t,s=l.querySelectorAll(\"iframe.wp-embedded-content\"),r=0;r<s.length;r++)(t=(e=s[r]).getAttribute(\"data-secret\"))||(t=Math.random().toString(36).substring(2,12),e.src+=\"#?secret=\"+t,e.setAttribute(\"data-secret\",t)),e.contentWindow.postMessage({message:\"ready\",secret:t},\"*\")},!1)))}(window,document);\n\/* ]]> *\/\n<\/script>\n","thumbnail_url":"https:\/\/euricse.eu\/wp-content\/uploads\/2015\/03\/wp021.jpg","thumbnail_width":2480,"thumbnail_height":3508,"description":"El texto trata del renovado inter\u00e9s europeo, dentro del debate pol\u00edtico-institucional, para la econom\u00eda social. En particular se aborda el reconocimiento de la diversidad de formas de empresas despu\u00e9s de m\u00e1s de dos d\u00e9cadas en las que, tanto el paradigma econ\u00f3mico continental as\u00ed como las comunes estrategias de desarrollo de la Uni\u00f3n Europea fueron monopolizadas pr\u00e1cticamente por el predominio del modelo de las grandes empresas capitalistas enmarcas dentro del duopolio Estado - mercado."}

WP 21 | 11 Las empresas sociales y cooperativas dentro del nuevo paradigma: porque en Europa la realidad niega la ideología - Euricse

<blockquote class="wp-embedded-content" data-secret="KJh7VSXsHi"><a href="https://euricse.eu/en/publications/1042-2/">WP 21 | 11 Las empresas sociales y cooperativas dentro del nuevo paradigma: porque en Europa la realidad niega la ideología</a></blockquote><iframe sandbox="allow-scripts" security="restricted" src="https://euricse.eu/en/publications/1042-2/embed/#?secret=KJh7VSXsHi" width="600" height="338" title="&#8220;WP 21 | 11 Las empresas sociales y cooperativas dentro del nuevo paradigma: porque en Europa la realidad niega la ideología&#8221; &#8212; Euricse" data-secret="KJh7VSXsHi" frameborder="0" marginwidth="0" marginheight="0" scrolling="no" class="wp-embedded-content"></iframe><script type="text/javascript">
/* <![CDATA[ */
/*! This file is auto-generated */
!function(d,l){"use strict";l.querySelector&&d.addEventListener&&"undefined"!=typeof URL&&(d.wp=d.wp||{},d.wp.receiveEmbedMessage||(d.wp.receiveEmbedMessage=function(e){var t=e.data;if((t||t.secret||t.message||t.value)&&!/[^a-zA-Z0-9]/.test(t.secret)){for(var s,r,n,a=l.querySelectorAll('iframe[data-secret="'+t.secret+'"]'),o=l.querySelectorAll('blockquote[data-secret="'+t.secret+'"]'),c=new RegExp("^https?:$","i"),i=0;i<o.length;i++)o[i].style.display="none";for(i=0;i<a.length;i++)s=a[i],e.source===s.contentWindow&&(s.removeAttribute("style"),"height"===t.message?(1e3<(r=parseInt(t.value,10))?r=1e3:~~r<200&&(r=200),s.height=r):"link"===t.message&&(r=new URL(s.getAttribute("src")),n=new URL(t.value),c.test(n.protocol))&&n.host===r.host&&l.activeElement===s&&(d.top.location.href=t.value))}},d.addEventListener("message",d.wp.receiveEmbedMessage,!1),l.addEventListener("DOMContentLoaded",function(){for(var e,t,s=l.querySelectorAll("iframe.wp-embedded-content"),r=0;r<s.length;r++)(t=(e=s[r]).getAttribute("data-secret"))||(t=Math.random().toString(36).substring(2,12),e.src+="#?secret="+t,e.setAttribute("data-secret",t)),e.contentWindow.postMessage({message:"ready",secret:t},"*")},!1)))}(window,document);
/* ]]> */
</script>

El texto trata del renovado interés europeo, dentro del debate político-institucional, para la economía social. En particular se aborda el reconocimiento de la diversidad de formas de empresas después de más de dos décadas en las que, tanto el paradigma económico continental así como las comunes estrategias de desarrollo de la Unión Europea fueron monopolizadas prácticamente por el predominio del modelo de las grandes empresas capitalistas enmarcas dentro del duopolio Estado - mercado.
