{"id":1042,"date":"2011-03-18T15:33:03","date_gmt":"2011-03-18T15:33:03","guid":{"rendered":"https:\/\/euricse.staging.hgblu.com\/?post_type=publications&#038;p=1042"},"modified":"2022-09-07T17:52:25","modified_gmt":"2022-09-07T16:52:25","slug":"1042-2","status":"publish","type":"publications","link":"https:\/\/euricse.eu\/en\/publications\/1042-2\/","title":{"rendered":"WP 21 | 11 Las empresas sociales y cooperativas dentro del nuevo paradigma: porque en Europa la realidad niega la ideolog\u00eda"},"content":{"rendered":"<p style=\"text-align: justify;\">El texto trata del renovado inter\u00e9s europeo, dentro del debate pol\u00edtico-institucional, para la econom\u00eda social. En particular se aborda el reconocimiento de la diversidad de formas de empresas despu\u00e9s de m\u00e1s de dos d\u00e9cadas en las que, tanto el paradigma econ\u00f3mico continental as\u00ed como las comunes estrategias de desarrollo de la Uni\u00f3n Europea fueron monopolizadas pr\u00e1cticamente por el predominio del modelo de las grandes empresas capitalistas enmarcas dentro del duopolio Estado &#8211; mercado.<\/p>\n<p style=\"text-align: justify;\">La crisis que se estall\u00f3 en 2008 ha acelerado un proceso (ya iniciado por el declive de las formas tradicionales del Estado del bienestar), que entrev\u00e9 la aparici\u00f3n de formas de empresas sociales y tambi\u00e9n el papel m\u00e1s activo de las cooperativas.Este marco forma parte del debate reciente sobre la Innovaci\u00f3n Social, que ve entre sus participantes la propia Comisi\u00f3n Europea.<\/p>\n<p style=\"text-align: justify;\"><strong>The paper is available also in Italian:<\/strong>\u00a0<a href=\"https:\/\/euricse.eu\/wp-content\/uploads\/2015\/03\/1321631743_n1800.pdf\">Le imprese sociali e cooperative nel nuovo paradigma: perch\u00e9 in Europa i fatti smentiscono l\u2019ideologia<\/a><\/p>\n","protected":false},"excerpt":{"rendered":"<p>El texto trata del renovado inter\u00e9s europeo, dentro del debate pol\u00edtico-institucional, para la econom\u00eda social. En particular se aborda el reconocimiento de la diversidad de formas de empresas despu\u00e9s de m\u00e1s de dos d\u00e9cadas en las que, tanto el paradigma econ\u00f3mico continental as\u00ed como las comunes estrategias de desarrollo de la Uni\u00f3n Europea fueron monopolizadas pr\u00e1cticamente por el predominio del modelo de las grandes empresas capitalistas enmarcas dentro del duopolio Estado &#8211; mercado.<\/p>\n","protected":false},"author":32,"featured_media":9678,"parent":0,"comment_status":"closed","ping_status":"closed","template":"","meta":{"_acf_changed":false,"episode_type":"","audio_file":"","cover_image":"","cover_image_id":"","duration":"","filesize":"","date_recorded":"","explicit":"","block":"","itunes_episode_number":"","itunes_title":"","itunes_season_number":"","itunes_episode_type":"","filesize_raw":"","footnotes":""},"tags":[35,91,103,106,372,574,1356,1523],"class_list":["post-1042","publications","type-publications","status-publish","has-post-thumbnail","hentry","tag-cooperatives","tag-social-enterprises-en","tag-social-economy-en","tag-europe-en","tag-cooperative-en","tag-economia-sociale-en","tag-imprese-sociali-2","tag-europa-2","publications-cat-working-papers","publications-area-innovative-models"],"acf":[],"yoast_head":"<!-- This site is optimized with the Yoast SEO plugin v26.1.1 - https:\/\/yoast.com\/wordpress\/plugins\/seo\/ -->\n<title>WP 21 | 11 Las empresas sociales y cooperativas dentro del nuevo paradigma: porque en Europa la realidad niega la ideolog\u00eda - Euricse<\/title>\n<meta name=\"robots\" content=\"index, follow, max-snippet:-1, max-image-preview:large, max-video-preview:-1\" \/>\n<link rel=\"canonical\" href=\"https:\/\/euricse.eu\/en\/publications\/1042-2\/\" \/>\n<meta property=\"og:locale\" content=\"en_US\" \/>\n<meta property=\"og:type\" content=\"article\" \/>\n<meta property=\"og:title\" content=\"WP 21 | 11 Las empresas sociales y cooperativas dentro del nuevo paradigma: porque en Europa la realidad niega la ideolog\u00eda - Euricse\" \/>\n<meta property=\"og:description\" content=\"El texto trata del renovado inter\u00e9s europeo, dentro del debate pol\u00edtico-institucional, para la econom\u00eda social. En particular se aborda el reconocimiento de la diversidad de formas de empresas despu\u00e9s de m\u00e1s de dos d\u00e9cadas en las que, tanto el paradigma econ\u00f3mico continental as\u00ed como las comunes estrategias de desarrollo de la Uni\u00f3n Europea fueron monopolizadas pr\u00e1cticamente por el predominio del modelo de las grandes empresas capitalistas enmarcas dentro del duopolio Estado - mercado.\" \/>\n<meta property=\"og:url\" content=\"https:\/\/euricse.eu\/en\/publications\/1042-2\/\" \/>\n<meta property=\"og:site_name\" content=\"Euricse\" \/>\n<meta property=\"article:modified_time\" content=\"2022-09-07T16:52:25+00:00\" \/>\n<meta property=\"og:image\" content=\"https:\/\/euricse.eu\/wp-content\/uploads\/2015\/03\/wp021.jpg\" \/>\n\t<meta property=\"og:image:width\" content=\"2480\" \/>\n\t<meta property=\"og:image:height\" content=\"3508\" \/>\n\t<meta property=\"og:image:type\" content=\"image\/jpeg\" \/>\n<meta name=\"twitter:card\" content=\"summary_large_image\" \/>\n<meta name=\"twitter:label1\" content=\"Est. reading time\" \/>\n\t<meta name=\"twitter:data1\" content=\"1 minute\" \/>\n<script type=\"application\/ld+json\" class=\"yoast-schema-graph\">{\"@context\":\"https:\/\/schema.org\",\"@graph\":[{\"@type\":\"WebPage\",\"@id\":\"https:\/\/euricse.eu\/en\/publications\/1042-2\/\",\"url\":\"https:\/\/euricse.eu\/en\/publications\/1042-2\/\",\"name\":\"WP 21 | 11 Las empresas sociales y cooperativas dentro del nuevo paradigma: porque en Europa la realidad niega la ideolog\u00eda - Euricse\",\"isPartOf\":{\"@id\":\"https:\/\/euricse.eu\/en\/#website\"},\"primaryImageOfPage\":{\"@id\":\"https:\/\/euricse.eu\/en\/publications\/1042-2\/#primaryimage\"},\"image\":{\"@id\":\"https:\/\/euricse.eu\/en\/publications\/1042-2\/#primaryimage\"},\"thumbnailUrl\":\"https:\/\/euricse.eu\/wp-content\/uploads\/2015\/03\/wp021.jpg\",\"datePublished\":\"2011-03-18T15:33:03+00:00\",\"dateModified\":\"2022-09-07T16:52:25+00:00\",\"breadcrumb\":{\"@id\":\"https:\/\/euricse.eu\/en\/publications\/1042-2\/#breadcrumb\"},\"inLanguage\":\"en-US\",\"potentialAction\":[{\"@type\":\"ReadAction\",\"target\":[\"https:\/\/euricse.eu\/en\/publications\/1042-2\/\"]}]},{\"@type\":\"ImageObject\",\"inLanguage\":\"en-US\",\"@id\":\"https:\/\/euricse.eu\/en\/publications\/1042-2\/#primaryimage\",\"url\":\"https:\/\/euricse.eu\/wp-content\/uploads\/2015\/03\/wp021.jpg\",\"contentUrl\":\"https:\/\/euricse.eu\/wp-content\/uploads\/2015\/03\/wp021.jpg\",\"width\":2480,\"height\":3508},{\"@type\":\"BreadcrumbList\",\"@id\":\"https:\/\/euricse.eu\/en\/publications\/1042-2\/#breadcrumb\",\"itemListElement\":[{\"@type\":\"ListItem\",\"position\":1,\"name\":\"Home\",\"item\":\"https:\/\/euricse.eu\/en\/\"},{\"@type\":\"ListItem\",\"position\":2,\"name\":\"Pubblicazioni\",\"item\":\"https:\/\/euricse.eu\/it\/publications\/\"},{\"@type\":\"ListItem\",\"position\":3,\"name\":\"WP 21 | 11 Las empresas sociales y cooperativas dentro del nuevo paradigma: porque en Europa la realidad niega la ideolog\u00eda\"}]},{\"@type\":\"WebSite\",\"@id\":\"https:\/\/euricse.eu\/en\/#website\",\"url\":\"https:\/\/euricse.eu\/en\/\",\"name\":\"Euricse\",\"description\":\"Knowledge and innovation for cooperative and social enterprises.\",\"potentialAction\":[{\"@type\":\"SearchAction\",\"target\":{\"@type\":\"EntryPoint\",\"urlTemplate\":\"https:\/\/euricse.eu\/en\/?s={search_term_string}\"},\"query-input\":{\"@type\":\"PropertyValueSpecification\",\"valueRequired\":true,\"valueName\":\"search_term_string\"}}],\"inLanguage\":\"en-US\"}]}<\/script>\n<!-- \/ Yoast SEO plugin. -->","yoast_head_json":{"title":"WP 21 | 11 Las empresas sociales y cooperativas dentro del nuevo paradigma: porque en Europa la realidad niega la ideolog\u00eda - Euricse","robots":{"index":"index","follow":"follow","max-snippet":"max-snippet:-1","max-image-preview":"max-image-preview:large","max-video-preview":"max-video-preview:-1"},"canonical":"https:\/\/euricse.eu\/en\/publications\/1042-2\/","og_locale":"en_US","og_type":"article","og_title":"WP 21 | 11 Las empresas sociales y cooperativas dentro del nuevo paradigma: porque en Europa la realidad niega la ideolog\u00eda - Euricse","og_description":"El texto trata del renovado inter\u00e9s europeo, dentro del debate pol\u00edtico-institucional, para la econom\u00eda social. En particular se aborda el reconocimiento de la diversidad de formas de empresas despu\u00e9s de m\u00e1s de dos d\u00e9cadas en las que, tanto el paradigma econ\u00f3mico continental as\u00ed como las comunes estrategias de desarrollo de la Uni\u00f3n Europea fueron monopolizadas pr\u00e1cticamente por el predominio del modelo de las grandes empresas capitalistas enmarcas dentro del duopolio Estado - mercado.","og_url":"https:\/\/euricse.eu\/en\/publications\/1042-2\/","og_site_name":"Euricse","article_modified_time":"2022-09-07T16:52:25+00:00","og_image":[{"width":2480,"height":3508,"url":"https:\/\/euricse.eu\/wp-content\/uploads\/2015\/03\/wp021.jpg","type":"image\/jpeg"}],"twitter_card":"summary_large_image","twitter_misc":{"Est. reading time":"1 minute"},"schema":{"@context":"https:\/\/schema.org","@graph":[{"@type":"WebPage","@id":"https:\/\/euricse.eu\/en\/publications\/1042-2\/","url":"https:\/\/euricse.eu\/en\/publications\/1042-2\/","name":"WP 21 | 11 Las empresas sociales y cooperativas dentro del nuevo paradigma: porque en Europa la realidad niega la ideolog\u00eda - Euricse","isPartOf":{"@id":"https:\/\/euricse.eu\/en\/#website"},"primaryImageOfPage":{"@id":"https:\/\/euricse.eu\/en\/publications\/1042-2\/#primaryimage"},"image":{"@id":"https:\/\/euricse.eu\/en\/publications\/1042-2\/#primaryimage"},"thumbnailUrl":"https:\/\/euricse.eu\/wp-content\/uploads\/2015\/03\/wp021.jpg","datePublished":"2011-03-18T15:33:03+00:00","dateModified":"2022-09-07T16:52:25+00:00","breadcrumb":{"@id":"https:\/\/euricse.eu\/en\/publications\/1042-2\/#breadcrumb"},"inLanguage":"en-US","potentialAction":[{"@type":"ReadAction","target":["https:\/\/euricse.eu\/en\/publications\/1042-2\/"]}]},{"@type":"ImageObject","inLanguage":"en-US","@id":"https:\/\/euricse.eu\/en\/publications\/1042-2\/#primaryimage","url":"https:\/\/euricse.eu\/wp-content\/uploads\/2015\/03\/wp021.jpg","contentUrl":"https:\/\/euricse.eu\/wp-content\/uploads\/2015\/03\/wp021.jpg","width":2480,"height":3508},{"@type":"BreadcrumbList","@id":"https:\/\/euricse.eu\/en\/publications\/1042-2\/#breadcrumb","itemListElement":[{"@type":"ListItem","position":1,"name":"Home","item":"https:\/\/euricse.eu\/en\/"},{"@type":"ListItem","position":2,"name":"Pubblicazioni","item":"https:\/\/euricse.eu\/it\/publications\/"},{"@type":"ListItem","position":3,"name":"WP 21 | 11 Las empresas sociales y cooperativas dentro del nuevo paradigma: porque en Europa la realidad niega la ideolog\u00eda"}]},{"@type":"WebSite","@id":"https:\/\/euricse.eu\/en\/#website","url":"https:\/\/euricse.eu\/en\/","name":"Euricse","description":"Knowledge and innovation for cooperative and social enterprises.","potentialAction":[{"@type":"SearchAction","target":{"@type":"EntryPoint","urlTemplate":"https:\/\/euricse.eu\/en\/?s={search_term_string}"},"query-input":{"@type":"PropertyValueSpecification","valueRequired":true,"valueName":"search_term_string"}}],"inLanguage":"en-US"}]}},"_links":{"self":[{"href":"https:\/\/euricse.eu\/en\/wp-json\/wp\/v2\/publications\/1042","targetHints":{"allow":["GET"]}}],"collection":[{"href":"https:\/\/euricse.eu\/en\/wp-json\/wp\/v2\/publications"}],"about":[{"href":"https:\/\/euricse.eu\/en\/wp-json\/wp\/v2\/types\/publications"}],"author":[{"embeddable":true,"href":"https:\/\/euricse.eu\/en\/wp-json\/wp\/v2\/users\/32"}],"replies":[{"embeddable":true,"href":"https:\/\/euricse.eu\/en\/wp-json\/wp\/v2\/comments?post=1042"}],"version-history":[{"count":1,"href":"https:\/\/euricse.eu\/en\/wp-json\/wp\/v2\/publications\/1042\/revisions"}],"predecessor-version":[{"id":17264,"href":"https:\/\/euricse.eu\/en\/wp-json\/wp\/v2\/publications\/1042\/revisions\/17264"}],"wp:featuredmedia":[{"embeddable":true,"href":"https:\/\/euricse.eu\/en\/wp-json\/wp\/v2\/media\/9678"}],"wp:attachment":[{"href":"https:\/\/euricse.eu\/en\/wp-json\/wp\/v2\/media?parent=1042"}],"wp:term":[{"taxonomy":"post_tag","embeddable":true,"href":"https:\/\/euricse.eu\/en\/wp-json\/wp\/v2\/tags?post=1042"}],"curies":[{"name":"wp","href":"https:\/\/api.w.org\/{rel}","templated":true}]}}

WP 21 | 11 Las empresas sociales y cooperativas dentro del nuevo paradigma: porque en Europa la realidad niega la ideología

<p style="text-align: justify;">El texto trata del renovado interés europeo, dentro del debate político-institucional, para la economía social. En particular se aborda el reconocimiento de la diversidad de formas de empresas después de más de dos décadas en las que, tanto el paradigma económico continental así como las comunes estrategias de desarrollo de la Unión Europea fueron monopolizadas prácticamente por el predominio del modelo de las grandes empresas capitalistas enmarcas dentro del duopolio Estado &#8211; mercado.</p>
<p style="text-align: justify;">La crisis que se estalló en 2008 ha acelerado un proceso (ya iniciado por el declive de las formas tradicionales del Estado del bienestar), que entrevé la aparición de formas de empresas sociales y también el papel más activo de las cooperativas.Este marco forma parte del debate reciente sobre la Innovación Social, que ve entre sus participantes la propia Comisión Europea.</p>
<p style="text-align: justify;"><strong>The paper is available also in Italian:</strong> <a href="https://euricse.eu/wp-content/uploads/2015/03/1321631743_n1800.pdf">Le imprese sociali e cooperative nel nuovo paradigma: perché in Europa i fatti smentiscono l’ideologia</a></p>

<p>El texto trata del renovado interés europeo, dentro del debate político-institucional, para la economía social. En particular se aborda el reconocimiento de la diversidad de formas de empresas después de más de dos décadas en las que, tanto el paradigma económico continental así como las comunes estrategias de desarrollo de la Unión Europea fueron monopolizadas prácticamente por el predominio del modelo de las grandes empresas capitalistas enmarcas dentro del duopolio Estado &#8211; mercado.</p>

<!-- This site is optimized with the Yoast SEO plugin v26.1.1 - https://yoast.com/wordpress/plugins/seo/ -->
<title>WP 21 | 11 Las empresas sociales y cooperativas dentro del nuevo paradigma: porque en Europa la realidad niega la ideología - Euricse</title>
<meta name="robots" content="index, follow, max-snippet:-1, max-image-preview:large, max-video-preview:-1" />
<link rel="canonical" href="https://euricse.eu/en/publications/1042-2/" />
<meta property="og:locale" content="en_US" />
<meta property="og:type" content="article" />
<meta property="og:title" content="WP 21 | 11 Las empresas sociales y cooperativas dentro del nuevo paradigma: porque en Europa la realidad niega la ideología - Euricse" />
<meta property="og:description" content="El texto trata del renovado interés europeo, dentro del debate político-institucional, para la economía social. En particular se aborda el reconocimiento de la diversidad de formas de empresas después de más de dos décadas en las que, tanto el paradigma económico continental así como las comunes estrategias de desarrollo de la Unión Europea fueron monopolizadas prácticamente por el predominio del modelo de las grandes empresas capitalistas enmarcas dentro del duopolio Estado - mercado." />
<meta property="og:url" content="https://euricse.eu/en/publications/1042-2/" />
<meta property="og:site_name" content="Euricse" />
<meta property="article:modified_time" content="2022-09-07T16:52:25+00:00" />
<meta property="og:image" content="https://euricse.eu/wp-content/uploads/2015/03/wp021.jpg" />
	<meta property="og:image:width" content="2480" />
	<meta property="og:image:height" content="3508" />
	<meta property="og:image:type" content="image/jpeg" />
<meta name="twitter:card" content="summary_large_image" />
<meta name="twitter:label1" content="Est. reading time" />
	<meta name="twitter:data1" content="1 minute" />
<script type="application/ld+json" class="yoast-schema-graph">{"@context":"https://schema.org","@graph":[{"@type":"WebPage","@id":"https://euricse.eu/en/publications/1042-2/","url":"https://euricse.eu/en/publications/1042-2/","name":"WP 21 | 11 Las empresas sociales y cooperativas dentro del nuevo paradigma: porque en Europa la realidad niega la ideología - Euricse","isPartOf":{"@id":"https://euricse.eu/en/#website"},"primaryImageOfPage":{"@id":"https://euricse.eu/en/publications/1042-2/#primaryimage"},"image":{"@id":"https://euricse.eu/en/publications/1042-2/#primaryimage"},"thumbnailUrl":"https://euricse.eu/wp-content/uploads/2015/03/wp021.jpg","datePublished":"2011-03-18T15:33:03+00:00","dateModified":"2022-09-07T16:52:25+00:00","breadcrumb":{"@id":"https://euricse.eu/en/publications/1042-2/#breadcrumb"},"inLanguage":"en-US","potentialAction":[{"@type":"ReadAction","target":["https://euricse.eu/en/publications/1042-2/"]}]},{"@type":"ImageObject","inLanguage":"en-US","@id":"https://euricse.eu/en/publications/1042-2/#primaryimage","url":"https://euricse.eu/wp-content/uploads/2015/03/wp021.jpg","contentUrl":"https://euricse.eu/wp-content/uploads/2015/03/wp021.jpg","width":2480,"height":3508},{"@type":"BreadcrumbList","@id":"https://euricse.eu/en/publications/1042-2/#breadcrumb","itemListElement":[{"@type":"ListItem","position":1,"name":"Home","item":"https://euricse.eu/en/"},{"@type":"ListItem","position":2,"name":"Pubblicazioni","item":"https://euricse.eu/it/publications/"},{"@type":"ListItem","position":3,"name":"WP 21 | 11 Las empresas sociales y cooperativas dentro del nuevo paradigma: porque en Europa la realidad niega la ideología"}]},{"@type":"WebSite","@id":"https://euricse.eu/en/#website","url":"https://euricse.eu/en/","name":"Euricse","description":"Knowledge and innovation for cooperative and social enterprises.","potentialAction":[{"@type":"SearchAction","target":{"@type":"EntryPoint","urlTemplate":"https://euricse.eu/en/?s={search_term_string}"},"query-input":{"@type":"PropertyValueSpecification","valueRequired":true,"valueName":"search_term_string"}}],"inLanguage":"en-US"}]}</script>
<!-- / Yoast SEO plugin. -->

WP 21 | 11 Las empresas sociales y cooperativas dentro del nuevo paradigma: porque en Europa la realidad niega la ideología - Euricse

El texto trata del renovado interés europeo, dentro del debate político-institucional, para la economía social. En particular se aborda el reconocimiento de la diversidad de formas de empresas después de más de dos décadas en las que, tanto el paradigma económico continental así como las comunes estrategias de desarrollo de la Unión Europea fueron monopolizadas prácticamente por el predominio del modelo de las grandes empresas capitalistas enmarcas dentro del duopolio Estado - mercado.
