{"version":"1.0","provider_name":"Euricse","provider_url":"https:\/\/euricse.eu\/it\/","title":"Fondi europei per il rilancio, chapeau alla Francia - Euricse","type":"rich","width":600,"height":338,"html":"<blockquote class=\"wp-embedded-content\" data-secret=\"CFEkag9cGt\"><a href=\"https:\/\/euricse.eu\/it\/fondi-europei-per-il-rilancio-chapeau-alla-francia\/\">Fondi europei per il rilancio, chapeau alla Francia<\/a><\/blockquote><iframe sandbox=\"allow-scripts\" security=\"restricted\" src=\"https:\/\/euricse.eu\/it\/fondi-europei-per-il-rilancio-chapeau-alla-francia\/embed\/#?secret=CFEkag9cGt\" width=\"600\" height=\"338\" title=\"&#8220;Fondi europei per il rilancio, chapeau alla Francia&#8221; &#8212; Euricse\" data-secret=\"CFEkag9cGt\" frameborder=\"0\" marginwidth=\"0\" marginheight=\"0\" scrolling=\"no\" class=\"wp-embedded-content\"><\/iframe><script type=\"text\/javascript\">\n\/* <![CDATA[ *\/\n\/*! This file is auto-generated *\/\n!function(d,l){\"use strict\";l.querySelector&&d.addEventListener&&\"undefined\"!=typeof URL&&(d.wp=d.wp||{},d.wp.receiveEmbedMessage||(d.wp.receiveEmbedMessage=function(e){var t=e.data;if((t||t.secret||t.message||t.value)&&!\/[^a-zA-Z0-9]\/.test(t.secret)){for(var s,r,n,a=l.querySelectorAll('iframe[data-secret=\"'+t.secret+'\"]'),o=l.querySelectorAll('blockquote[data-secret=\"'+t.secret+'\"]'),c=new RegExp(\"^https?:$\",\"i\"),i=0;i<o.length;i++)o[i].style.display=\"none\";for(i=0;i<a.length;i++)s=a[i],e.source===s.contentWindow&&(s.removeAttribute(\"style\"),\"height\"===t.message?(1e3<(r=parseInt(t.value,10))?r=1e3:~~r<200&&(r=200),s.height=r):\"link\"===t.message&&(r=new URL(s.getAttribute(\"src\")),n=new URL(t.value),c.test(n.protocol))&&n.host===r.host&&l.activeElement===s&&(d.top.location.href=t.value))}},d.addEventListener(\"message\",d.wp.receiveEmbedMessage,!1),l.addEventListener(\"DOMContentLoaded\",function(){for(var e,t,s=l.querySelectorAll(\"iframe.wp-embedded-content\"),r=0;r<s.length;r++)(t=(e=s[r]).getAttribute(\"data-secret\"))||(t=Math.random().toString(36).substring(2,12),e.src+=\"#?secret=\"+t,e.setAttribute(\"data-secret\",t)),e.contentWindow.postMessage({message:\"ready\",secret:t},\"*\")},!1)))}(window,document);\n\/* ]]> *\/\n<\/script>\n","thumbnail_url":"https:\/\/euricse.eu\/wp-content\/uploads\/2020\/09\/pexels-pixabay-269790-scaled.jpg","thumbnail_width":2560,"thumbnail_height":1703,"description":"L\u2019occasione \u00e8 davvero storica. Le possibilit\u00e0 di intervento offerte dal piano Next Generation EU chiss\u00e0 quando mai si ripresenteranno. Sicuramente non per un paio di generazioni. \u00c8 il momento di alzare lo sguardo e pensare con una prospettiva di lungo, lunghissimo respiro. Il piano francese coglie un punto cruciale: non si pu\u00f2 fare a meno del contributo dell\u2019economia sociale per lo sviluppo di un modello di crescita sostenibile e solidale. \u00c8 chiedere troppo che anche in Italia questa consapevolezza si faccia strada nei programmi del Governo?"}

L’occasione è davvero storica. Le possibilità di intervento offerte dal piano Next Generation EU chissà quando mai si ripresenteranno. Sicuramente non per un paio di generazioni. È il momento di alzare lo sguardo e pensare con una prospettiva di lungo, lunghissimo respiro. Il piano francese coglie un punto cruciale: non si può fare a meno del contributo dell’economia sociale per lo sviluppo di un modello di crescita sostenibile e solidale. È chiedere troppo che anche in Italia questa consapevolezza si faccia strada nei programmi del Governo?
