{"id":17358,"date":"2022-09-13T11:21:13","date_gmt":"2022-09-13T10:21:13","guid":{"rendered":"https:\/\/euricse.eu\/?post_type=peoples&#038;p=17358"},"modified":"2023-06-29T08:39:49","modified_gmt":"2023-06-29T07:39:49","slug":"mario-diani","status":"publish","type":"peoples","link":"https:\/\/euricse.eu\/it\/people\/mario-diani\/","title":{"rendered":"Mario Diani"},"content":{"rendered":"<p>Mario Diani \u00e8 presidente di Euricse dal giugno 2022. Ha una laurea in Scienze Politiche conseguita presso l\u2019Universit\u00e0 di Milano nel 1982 e un Dottorato di ricerca in Sociologia presso l\u2019Universit\u00e0 di Torino (1987). Professore ordinario di Sociologia generale a Trento dal 2001, \u00e8 stato preside della Facolt\u00e0 di Sociologia nel triennio 2005-2008, e direttore del Dipartimento di Sociologia e ricerca sociale nel periodo 2015-2021. In precedenza ha insegnato presso l&#8217;Universit\u00e0 Bocconi di Milano (1988-1993), l&#8217;Universit\u00e0 di Pavia (1993-1996) e l&#8217;Universit\u00e0 di Strathclyde a Glasgow, dove tra il 1996 e il 2001 \u00e8 stato titolare della Chair of Sociology presso il Department of Government, uno dei pi\u00f9 prestigiosi centri di ricerca politica in Europa, di cui \u00e8 stato anche direttore. Nel periodo 2010-2012 \u00e8 stato Icrea Research Professor presso l\u2019Universit\u00e0 Pompeu Fabra di Barcellona. I risultati dei suoi studi sull\u2019azione collettiva sono apparsi in pubblicazioni edite da case editrici di grande rilievo tra cui Cambridge University Press, Oxford University Press, e riviste di prestigio come l\u2019American Sociological Review e l\u2019American Journal of Sociology.<\/p>\n<p>Tra le sue principali e pi\u00f9 recenti pubblicazioni vi sono:<\/p>\n<ul>\n<li>della Porta D.,\u00a0Diani M.,\u00a0<em><a href=\"https:\/\/www.wiley.com\/en-us\/Social+Movements:+An+Introduction,+3rd+Edition-p-9781119167655\" target=\"_blank\" rel=\"noopener\">Social Movements<\/a>\u00a0<\/em>(3<sup>rd<\/sup>\u00a0edition), Oxford\/Malden, MA: Blackwell, 2020 [1999; 2006].<\/li>\n<li>Diani M.,\u00a0<a href=\"https:\/\/www.cambridge.org\/core\/books\/cement-of-civil-society\/55B6928A60BA8F4CD85D2BBFEC0E186A\" target=\"_blank\" rel=\"noopener\"><em>The Cement of Civil Society: Studying Networks in Localities<\/em><\/a>, New York\/Cambridge: Cambridge University Press, 2015.<\/li>\n<li><em><a href=\"https:\/\/press.uchicago.edu\/ucp\/books\/book\/distributed\/B\/bo44308583.html\" target=\"_blank\" rel=\"noopener\">Beyond Tocqueville: Social Capital, Civil Society, and Political Process in Comparative Perspective<\/a>,\u00a0<\/em>Edwards B., Foley M., Diani M. (eds.), Hanover, NH: University Press of New England, 2001.<\/li>\n<li>Diani, M., Ernstson, H., Jasny, L. 2018. \u201c<a href=\"https:\/\/www.gov.uk\/research-for-development-outputs\/right-to-the-city-and-the-structure-of-civic-organizational-fields-evidence-from-cape-town\" target=\"_blank\" rel=\"noopener\">Right to the city and the structure of civic organizational fields: Evidence from Cape Town<\/a>\u201d.\u00a0<em>Voluntas: International Journal of Voluntary and Nonprofit Organizations<\/em>, 29: 637-652.<\/li>\n<li>Diani, M., Ernstson, H. and L. Jasny. 2022. \u201c<a href=\"https:\/\/link.springer.com\/chapter\/10.1007\/978-3-030-71147-4_8\" target=\"_blank\" rel=\"noopener\">Civil society as networks of issues and associations: The case of food<\/a>.\u201d In\u00a0<em>Knowledge and Civil Society\u00a0<\/em><em>(Knowledge and Space, Vol 17)<\/em>, edited by Johannes Glueckler, Heinz-Dieter Meyer, and Laura Sarsuana. Cham: Springer.<\/li>\n<li>Diani, M. 2019. \u201c<a href=\"https:\/\/global.oup.com\/academic\/product\/the-oxford-handbook-of-political-consumerism-9780190629038?cc=it&amp;lang=en&amp;\" target=\"_blank\" rel=\"noopener\">Modes of coordination in political consumerist fields.<\/a>\u201d In\u00a0<em>The Oxford Handbook of Political Consumerism<\/em>, edited by Magnus Bostr\u00f6m, Michele Micheletti, and Peter Oosterveer. Oxford\/New York: Oxford University Press, 1-20.<\/li>\n<\/ul>\n","protected":false},"excerpt":{"rendered":"<p>Mario Diani \u00e8 presidente di Euricse dal giugno 2022. Ha una laurea in Scienze Politiche conseguita presso l\u2019Universit\u00e0 di Milano nel 1982 e un Dottorato di ricerca in Sociologia presso l\u2019Universit\u00e0 di Torino (1987). Professore ordinario di Sociologia generale a Trento dal 2001, \u00e8 stato preside della Facolt\u00e0 di Sociologia nel triennio 2005-2008, e direttore [&hellip;]<\/p>\n","protected":false},"author":1,"featured_media":17474,"parent":0,"comment_status":"closed","ping_status":"closed","template":"","meta":{"_acf_changed":false,"episode_type":"","audio_file":"","cover_image":"","cover_image_id":"","duration":"","filesize":"","date_recorded":"","explicit":"","block":"","itunes_episode_number":"","itunes_title":"","itunes_season_number":"","itunes_episode_type":"","filesize_raw":"","footnotes":""},"class_list":["post-17358","peoples","type-peoples","status-publish","has-post-thumbnail","hentry"],"acf":[],"yoast_head":"<!-- This site is optimized with the Yoast SEO plugin v26.1.1 - https:\/\/yoast.com\/wordpress\/plugins\/seo\/ -->\n<title>Mario Diani - Euricse<\/title>\n<meta name=\"robots\" content=\"index, follow, max-snippet:-1, max-image-preview:large, max-video-preview:-1\" \/>\n<link rel=\"canonical\" href=\"https:\/\/euricse.eu\/it\/people\/mario-diani\/\" \/>\n<meta property=\"og:locale\" content=\"it_IT\" \/>\n<meta property=\"og:type\" content=\"article\" \/>\n<meta property=\"og:title\" content=\"Mario Diani - Euricse\" \/>\n<meta property=\"og:description\" content=\"Mario Diani \u00e8 presidente di Euricse dal giugno 2022. Ha una laurea in Scienze Politiche conseguita presso l\u2019Universit\u00e0 di Milano nel 1982 e un Dottorato di ricerca in Sociologia presso l\u2019Universit\u00e0 di Torino (1987). Professore ordinario di Sociologia generale a Trento dal 2001, \u00e8 stato preside della Facolt\u00e0 di Sociologia nel triennio 2005-2008, e direttore [&hellip;]\" \/>\n<meta property=\"og:url\" content=\"https:\/\/euricse.eu\/it\/people\/mario-diani\/\" \/>\n<meta property=\"og:site_name\" content=\"Euricse\" \/>\n<meta property=\"article:modified_time\" content=\"2023-06-29T07:39:49+00:00\" \/>\n<meta property=\"og:image\" content=\"https:\/\/euricse.eu\/wp-content\/uploads\/2022\/09\/Mario-Diani-04-1-scaled-e1663312211489.jpg\" \/>\n\t<meta property=\"og:image:width\" content=\"1494\" \/>\n\t<meta property=\"og:image:height\" content=\"1294\" \/>\n\t<meta property=\"og:image:type\" content=\"image\/jpeg\" \/>\n<meta name=\"twitter:card\" content=\"summary_large_image\" \/>\n<meta name=\"twitter:label1\" content=\"Tempo di lettura stimato\" \/>\n\t<meta name=\"twitter:data1\" content=\"2 minuti\" \/>\n<script type=\"application\/ld+json\" class=\"yoast-schema-graph\">{\"@context\":\"https:\/\/schema.org\",\"@graph\":[{\"@type\":\"WebPage\",\"@id\":\"https:\/\/euricse.eu\/it\/people\/mario-diani\/\",\"url\":\"https:\/\/euricse.eu\/it\/people\/mario-diani\/\",\"name\":\"Mario Diani - Euricse\",\"isPartOf\":{\"@id\":\"https:\/\/euricse.eu\/en\/#website\"},\"primaryImageOfPage\":{\"@id\":\"https:\/\/euricse.eu\/it\/people\/mario-diani\/#primaryimage\"},\"image\":{\"@id\":\"https:\/\/euricse.eu\/it\/people\/mario-diani\/#primaryimage\"},\"thumbnailUrl\":\"https:\/\/euricse.eu\/wp-content\/uploads\/2022\/09\/Mario-Diani-04-1-scaled-e1663312211489.jpg\",\"datePublished\":\"2022-09-13T10:21:13+00:00\",\"dateModified\":\"2023-06-29T07:39:49+00:00\",\"breadcrumb\":{\"@id\":\"https:\/\/euricse.eu\/it\/people\/mario-diani\/#breadcrumb\"},\"inLanguage\":\"it-IT\",\"potentialAction\":[{\"@type\":\"ReadAction\",\"target\":[\"https:\/\/euricse.eu\/it\/people\/mario-diani\/\"]}]},{\"@type\":\"ImageObject\",\"inLanguage\":\"it-IT\",\"@id\":\"https:\/\/euricse.eu\/it\/people\/mario-diani\/#primaryimage\",\"url\":\"https:\/\/euricse.eu\/wp-content\/uploads\/2022\/09\/Mario-Diani-04-1-scaled-e1663312211489.jpg\",\"contentUrl\":\"https:\/\/euricse.eu\/wp-content\/uploads\/2022\/09\/Mario-Diani-04-1-scaled-e1663312211489.jpg\",\"width\":1494,\"height\":1294,\"caption\":\"Presidente Euricse Trento (foto Daniele Panato\/Agenzia Panato)\"},{\"@type\":\"BreadcrumbList\",\"@id\":\"https:\/\/euricse.eu\/it\/people\/mario-diani\/#breadcrumb\",\"itemListElement\":[{\"@type\":\"ListItem\",\"position\":1,\"name\":\"Home\",\"item\":\"https:\/\/euricse.eu\/it\/\"},{\"@type\":\"ListItem\",\"position\":2,\"name\":\"Persone\",\"item\":\"https:\/\/euricse.eu\/it\/people\/\"},{\"@type\":\"ListItem\",\"position\":3,\"name\":\"Mario Diani\"}]},{\"@type\":\"WebSite\",\"@id\":\"https:\/\/euricse.eu\/en\/#website\",\"url\":\"https:\/\/euricse.eu\/en\/\",\"name\":\"Euricse\",\"description\":\"Knowledge and innovation for cooperative and social enterprises.\",\"potentialAction\":[{\"@type\":\"SearchAction\",\"target\":{\"@type\":\"EntryPoint\",\"urlTemplate\":\"https:\/\/euricse.eu\/en\/?s={search_term_string}\"},\"query-input\":{\"@type\":\"PropertyValueSpecification\",\"valueRequired\":true,\"valueName\":\"search_term_string\"}}],\"inLanguage\":\"it-IT\"}]}<\/script>\n<!-- \/ Yoast SEO plugin. -->","yoast_head_json":{"title":"Mario Diani - Euricse","robots":{"index":"index","follow":"follow","max-snippet":"max-snippet:-1","max-image-preview":"max-image-preview:large","max-video-preview":"max-video-preview:-1"},"canonical":"https:\/\/euricse.eu\/it\/people\/mario-diani\/","og_locale":"it_IT","og_type":"article","og_title":"Mario Diani - Euricse","og_description":"Mario Diani \u00e8 presidente di Euricse dal giugno 2022. Ha una laurea in Scienze Politiche conseguita presso l\u2019Universit\u00e0 di Milano nel 1982 e un Dottorato di ricerca in Sociologia presso l\u2019Universit\u00e0 di Torino (1987). Professore ordinario di Sociologia generale a Trento dal 2001, \u00e8 stato preside della Facolt\u00e0 di Sociologia nel triennio 2005-2008, e direttore [&hellip;]","og_url":"https:\/\/euricse.eu\/it\/people\/mario-diani\/","og_site_name":"Euricse","article_modified_time":"2023-06-29T07:39:49+00:00","og_image":[{"width":1494,"height":1294,"url":"https:\/\/euricse.eu\/wp-content\/uploads\/2022\/09\/Mario-Diani-04-1-scaled-e1663312211489.jpg","type":"image\/jpeg"}],"twitter_card":"summary_large_image","twitter_misc":{"Tempo di lettura stimato":"2 minuti"},"schema":{"@context":"https:\/\/schema.org","@graph":[{"@type":"WebPage","@id":"https:\/\/euricse.eu\/it\/people\/mario-diani\/","url":"https:\/\/euricse.eu\/it\/people\/mario-diani\/","name":"Mario Diani - Euricse","isPartOf":{"@id":"https:\/\/euricse.eu\/en\/#website"},"primaryImageOfPage":{"@id":"https:\/\/euricse.eu\/it\/people\/mario-diani\/#primaryimage"},"image":{"@id":"https:\/\/euricse.eu\/it\/people\/mario-diani\/#primaryimage"},"thumbnailUrl":"https:\/\/euricse.eu\/wp-content\/uploads\/2022\/09\/Mario-Diani-04-1-scaled-e1663312211489.jpg","datePublished":"2022-09-13T10:21:13+00:00","dateModified":"2023-06-29T07:39:49+00:00","breadcrumb":{"@id":"https:\/\/euricse.eu\/it\/people\/mario-diani\/#breadcrumb"},"inLanguage":"it-IT","potentialAction":[{"@type":"ReadAction","target":["https:\/\/euricse.eu\/it\/people\/mario-diani\/"]}]},{"@type":"ImageObject","inLanguage":"it-IT","@id":"https:\/\/euricse.eu\/it\/people\/mario-diani\/#primaryimage","url":"https:\/\/euricse.eu\/wp-content\/uploads\/2022\/09\/Mario-Diani-04-1-scaled-e1663312211489.jpg","contentUrl":"https:\/\/euricse.eu\/wp-content\/uploads\/2022\/09\/Mario-Diani-04-1-scaled-e1663312211489.jpg","width":1494,"height":1294,"caption":"Presidente Euricse Trento (foto Daniele Panato\/Agenzia Panato)"},{"@type":"BreadcrumbList","@id":"https:\/\/euricse.eu\/it\/people\/mario-diani\/#breadcrumb","itemListElement":[{"@type":"ListItem","position":1,"name":"Home","item":"https:\/\/euricse.eu\/it\/"},{"@type":"ListItem","position":2,"name":"Persone","item":"https:\/\/euricse.eu\/it\/people\/"},{"@type":"ListItem","position":3,"name":"Mario Diani"}]},{"@type":"WebSite","@id":"https:\/\/euricse.eu\/en\/#website","url":"https:\/\/euricse.eu\/en\/","name":"Euricse","description":"Knowledge and innovation for cooperative and social enterprises.","potentialAction":[{"@type":"SearchAction","target":{"@type":"EntryPoint","urlTemplate":"https:\/\/euricse.eu\/en\/?s={search_term_string}"},"query-input":{"@type":"PropertyValueSpecification","valueRequired":true,"valueName":"search_term_string"}}],"inLanguage":"it-IT"}]}},"_links":{"self":[{"href":"https:\/\/euricse.eu\/it\/wp-json\/wp\/v2\/peoples\/17358","targetHints":{"allow":["GET"]}}],"collection":[{"href":"https:\/\/euricse.eu\/it\/wp-json\/wp\/v2\/peoples"}],"about":[{"href":"https:\/\/euricse.eu\/it\/wp-json\/wp\/v2\/types\/peoples"}],"author":[{"embeddable":true,"href":"https:\/\/euricse.eu\/it\/wp-json\/wp\/v2\/users\/1"}],"replies":[{"embeddable":true,"href":"https:\/\/euricse.eu\/it\/wp-json\/wp\/v2\/comments?post=17358"}],"version-history":[{"count":2,"href":"https:\/\/euricse.eu\/it\/wp-json\/wp\/v2\/peoples\/17358\/revisions"}],"predecessor-version":[{"id":19662,"href":"https:\/\/euricse.eu\/it\/wp-json\/wp\/v2\/peoples\/17358\/revisions\/19662"}],"wp:featuredmedia":[{"embeddable":true,"href":"https:\/\/euricse.eu\/it\/wp-json\/wp\/v2\/media\/17474"}],"wp:attachment":[{"href":"https:\/\/euricse.eu\/it\/wp-json\/wp\/v2\/media?parent=17358"}],"curies":[{"name":"wp","href":"https:\/\/api.w.org\/{rel}","templated":true}]}}

<p>Mario Diani è presidente di Euricse dal giugno 2022. Ha una laurea in Scienze Politiche conseguita presso l’Università di Milano nel 1982 e un Dottorato di ricerca in Sociologia presso l’Università di Torino (1987). Professore ordinario di Sociologia generale a Trento dal 2001, è stato preside della Facoltà di Sociologia nel triennio 2005-2008, e direttore del Dipartimento di Sociologia e ricerca sociale nel periodo 2015-2021. In precedenza ha insegnato presso l&#8217;Università Bocconi di Milano (1988-1993), l&#8217;Università di Pavia (1993-1996) e l&#8217;Università di Strathclyde a Glasgow, dove tra il 1996 e il 2001 è stato titolare della Chair of Sociology presso il Department of Government, uno dei più prestigiosi centri di ricerca politica in Europa, di cui è stato anche direttore. Nel periodo 2010-2012 è stato Icrea Research Professor presso l’Università Pompeu Fabra di Barcellona. I risultati dei suoi studi sull’azione collettiva sono apparsi in pubblicazioni edite da case editrici di grande rilievo tra cui Cambridge University Press, Oxford University Press, e riviste di prestigio come l’American Sociological Review e l’American Journal of Sociology.</p>
<p>Tra le sue principali e più recenti pubblicazioni vi sono:</p>
<ul>
<li>della Porta D., Diani M., <em><a href="https://www.wiley.com/en-us/Social+Movements:+An+Introduction,+3rd+Edition-p-9781119167655" target="_blank" rel="noopener">Social Movements</a> </em>(3<sup>rd</sup> edition), Oxford/Malden, MA: Blackwell, 2020 [1999; 2006].</li>
<li>Diani M., <a href="https://www.cambridge.org/core/books/cement-of-civil-society/55B6928A60BA8F4CD85D2BBFEC0E186A" target="_blank" rel="noopener"><em>The Cement of Civil Society: Studying Networks in Localities</em></a>, New York/Cambridge: Cambridge University Press, 2015.</li>
<li><em><a href="https://press.uchicago.edu/ucp/books/book/distributed/B/bo44308583.html" target="_blank" rel="noopener">Beyond Tocqueville: Social Capital, Civil Society, and Political Process in Comparative Perspective</a>, </em>Edwards B., Foley M., Diani M. (eds.), Hanover, NH: University Press of New England, 2001.</li>
<li>Diani, M., Ernstson, H., Jasny, L. 2018. “<a href="https://www.gov.uk/research-for-development-outputs/right-to-the-city-and-the-structure-of-civic-organizational-fields-evidence-from-cape-town" target="_blank" rel="noopener">Right to the city and the structure of civic organizational fields: Evidence from Cape Town</a>”. <em>Voluntas: International Journal of Voluntary and Nonprofit Organizations</em>, 29: 637-652.</li>
<li>Diani, M., Ernstson, H. and L. Jasny. 2022. “<a href="https://link.springer.com/chapter/10.1007/978-3-030-71147-4_8" target="_blank" rel="noopener">Civil society as networks of issues and associations: The case of food</a>.” In <em>Knowledge and Civil Society </em><em>(Knowledge and Space, Vol 17)</em>, edited by Johannes Glueckler, Heinz-Dieter Meyer, and Laura Sarsuana. Cham: Springer.</li>
<li>Diani, M. 2019. “<a href="https://global.oup.com/academic/product/the-oxford-handbook-of-political-consumerism-9780190629038?cc=it&amp;lang=en&amp;" target="_blank" rel="noopener">Modes of coordination in political consumerist fields.</a>” In <em>The Oxford Handbook of Political Consumerism</em>, edited by Magnus Boström, Michele Micheletti, and Peter Oosterveer. Oxford/New York: Oxford University Press, 1-20.</li>
</ul>

<p>Mario Diani è presidente di Euricse dal giugno 2022. Ha una laurea in Scienze Politiche conseguita presso l’Università di Milano nel 1982 e un Dottorato di ricerca in Sociologia presso l’Università di Torino (1987). Professore ordinario di Sociologia generale a Trento dal 2001, è stato preside della Facoltà di Sociologia nel triennio 2005-2008, e direttore [&hellip;]</p>

<!-- This site is optimized with the Yoast SEO plugin v26.1.1 - https://yoast.com/wordpress/plugins/seo/ -->
<title>Mario Diani - Euricse</title>
<meta name="robots" content="index, follow, max-snippet:-1, max-image-preview:large, max-video-preview:-1" />
<link rel="canonical" href="https://euricse.eu/it/people/mario-diani/" />
<meta property="og:locale" content="it_IT" />
<meta property="og:type" content="article" />
<meta property="og:title" content="Mario Diani - Euricse" />
<meta property="og:description" content="Mario Diani è presidente di Euricse dal giugno 2022. Ha una laurea in Scienze Politiche conseguita presso l’Università di Milano nel 1982 e un Dottorato di ricerca in Sociologia presso l’Università di Torino (1987). Professore ordinario di Sociologia generale a Trento dal 2001, è stato preside della Facoltà di Sociologia nel triennio 2005-2008, e direttore [&hellip;]" />
<meta property="og:url" content="https://euricse.eu/it/people/mario-diani/" />
<meta property="og:site_name" content="Euricse" />
<meta property="article:modified_time" content="2023-06-29T07:39:49+00:00" />
<meta property="og:image" content="https://euricse.eu/wp-content/uploads/2022/09/Mario-Diani-04-1-scaled-e1663312211489.jpg" />
	<meta property="og:image:width" content="1494" />
	<meta property="og:image:height" content="1294" />
	<meta property="og:image:type" content="image/jpeg" />
<meta name="twitter:card" content="summary_large_image" />
<meta name="twitter:label1" content="Tempo di lettura stimato" />
	<meta name="twitter:data1" content="2 minuti" />
<script type="application/ld+json" class="yoast-schema-graph">{"@context":"https://schema.org","@graph":[{"@type":"WebPage","@id":"https://euricse.eu/it/people/mario-diani/","url":"https://euricse.eu/it/people/mario-diani/","name":"Mario Diani - Euricse","isPartOf":{"@id":"https://euricse.eu/en/#website"},"primaryImageOfPage":{"@id":"https://euricse.eu/it/people/mario-diani/#primaryimage"},"image":{"@id":"https://euricse.eu/it/people/mario-diani/#primaryimage"},"thumbnailUrl":"https://euricse.eu/wp-content/uploads/2022/09/Mario-Diani-04-1-scaled-e1663312211489.jpg","datePublished":"2022-09-13T10:21:13+00:00","dateModified":"2023-06-29T07:39:49+00:00","breadcrumb":{"@id":"https://euricse.eu/it/people/mario-diani/#breadcrumb"},"inLanguage":"it-IT","potentialAction":[{"@type":"ReadAction","target":["https://euricse.eu/it/people/mario-diani/"]}]},{"@type":"ImageObject","inLanguage":"it-IT","@id":"https://euricse.eu/it/people/mario-diani/#primaryimage","url":"https://euricse.eu/wp-content/uploads/2022/09/Mario-Diani-04-1-scaled-e1663312211489.jpg","contentUrl":"https://euricse.eu/wp-content/uploads/2022/09/Mario-Diani-04-1-scaled-e1663312211489.jpg","width":1494,"height":1294,"caption":"Presidente Euricse Trento (foto Daniele Panato/Agenzia Panato)"},{"@type":"BreadcrumbList","@id":"https://euricse.eu/it/people/mario-diani/#breadcrumb","itemListElement":[{"@type":"ListItem","position":1,"name":"Home","item":"https://euricse.eu/it/"},{"@type":"ListItem","position":2,"name":"Persone","item":"https://euricse.eu/it/people/"},{"@type":"ListItem","position":3,"name":"Mario Diani"}]},{"@type":"WebSite","@id":"https://euricse.eu/en/#website","url":"https://euricse.eu/en/","name":"Euricse","description":"Knowledge and innovation for cooperative and social enterprises.","potentialAction":[{"@type":"SearchAction","target":{"@type":"EntryPoint","urlTemplate":"https://euricse.eu/en/?s={search_term_string}"},"query-input":{"@type":"PropertyValueSpecification","valueRequired":true,"valueName":"search_term_string"}}],"inLanguage":"it-IT"}]}</script>
<!-- / Yoast SEO plugin. -->

Mario Diani è presidente di Euricse dal giugno 2022. Ha una laurea in Scienze Politiche conseguita presso l’Università di Milano nel 1982 e un Dottorato di ricerca in Sociologia presso l’Università di Torino (1987). Professore ordinario di Sociologia generale a Trento dal 2001, è stato preside della Facoltà di Sociologia nel triennio 2005-2008, e direttore [&hellip;]
