{"id":196,"date":"2015-02-22T16:02:17","date_gmt":"2015-02-22T16:02:17","guid":{"rendered":"https:\/\/euricse.staging.hgblu.com\/?post_type=peoples&#038;p=196"},"modified":"2026-04-23T14:22:10","modified_gmt":"2026-04-23T13:22:10","slug":"chiara-carini","status":"publish","type":"peoples","link":"https:\/\/euricse.eu\/it\/people\/chiara-carini\/","title":{"rendered":"Chiara Carini"},"content":{"rendered":"<p>Chiara Carini \u00e8 laureata in Teorie e metodi per la gestione dell\u2019informazione presso l\u2019Universit\u00e0 degli Studi di Brescia. In Euricse \u00e8 ricercatrice senior e si occupa di analisi di dati economici e sociali sulle imprese cooperative e, pi\u00f9 in generale, sull\u2019economia sociale nell\u2019ambito di progetti volti ad approfondire caratteristiche, dinamiche, evoluzione e impatto delle imprese cooperative su scala locale, nazionale e internazionale. Ha curato i rapporti Istat-Euricse sulle cooperative italiane ed ha lavorato al World Cooperative Monitor, il rapporto di ricerca sulle grandi cooperative mondiali, fin dall\u2019avvio del progetto.<\/p>\n<p>Chiara \u00e8 stata anche docente a contratto all\u2019Universit\u00e0 Cattolica del Sacro Cuore per il corso di Psicometria e da oltre dieci anni collabora per i corsi di Statistica dell\u2019Universit\u00e0 degli Studi di Brescia.<\/p>\n<p>\u00c8 socia della Societ\u00e0 Italiana di Statistica e membro della Commissione scientifica internazionale CIRIEC sull&#8217;economia sociale e cooperativa, ed \u00e8 stata membro del gruppo di lavoro tecnico sulle statistiche in tema di cooperative del Comitato per la promozione e l&#8217;avanzamento delle cooperative (COPAC).<\/p>\n<p style=\"text-align: justify;\">\n","protected":false},"excerpt":{"rendered":"<p>Chiara Carini \u00e8 laureata in Teorie e metodi per la gestione dell\u2019informazione presso l\u2019Universit\u00e0 degli Studi di Brescia. In Euricse \u00e8 ricercatrice senior e si occupa di analisi di dati economici e sociali sulle imprese cooperative e, pi\u00f9 in generale, sull\u2019economia sociale nell\u2019ambito di progetti volti ad approfondire caratteristiche, dinamiche, evoluzione e impatto delle imprese [&hellip;]<\/p>\n","protected":false},"author":1,"featured_media":12283,"parent":0,"comment_status":"closed","ping_status":"closed","template":"","meta":{"_acf_changed":false,"episode_type":"","audio_file":"","cover_image":"","cover_image_id":"","duration":"","filesize":"","date_recorded":"","explicit":"","block":"","itunes_episode_number":"","itunes_title":"","itunes_season_number":"","itunes_episode_type":"","filesize_raw":"","footnotes":""},"class_list":["post-196","peoples","type-peoples","status-publish","has-post-thumbnail","hentry"],"acf":[],"yoast_head":"<!-- This site is optimized with the Yoast SEO plugin v26.1.1 - https:\/\/yoast.com\/wordpress\/plugins\/seo\/ -->\n<title>Chiara Carini - Euricse<\/title>\n<meta name=\"robots\" content=\"index, follow, max-snippet:-1, max-image-preview:large, max-video-preview:-1\" \/>\n<link rel=\"canonical\" href=\"https:\/\/euricse.eu\/it\/people\/chiara-carini\/\" \/>\n<meta property=\"og:locale\" content=\"it_IT\" \/>\n<meta property=\"og:type\" content=\"article\" \/>\n<meta property=\"og:title\" content=\"Chiara Carini - Euricse\" \/>\n<meta property=\"og:description\" content=\"Chiara Carini \u00e8 laureata in Teorie e metodi per la gestione dell\u2019informazione presso l\u2019Universit\u00e0 degli Studi di Brescia. In Euricse \u00e8 ricercatrice senior e si occupa di analisi di dati economici e sociali sulle imprese cooperative e, pi\u00f9 in generale, sull\u2019economia sociale nell\u2019ambito di progetti volti ad approfondire caratteristiche, dinamiche, evoluzione e impatto delle imprese [&hellip;]\" \/>\n<meta property=\"og:url\" content=\"https:\/\/euricse.eu\/it\/people\/chiara-carini\/\" \/>\n<meta property=\"og:site_name\" content=\"Euricse\" \/>\n<meta property=\"article:modified_time\" content=\"2026-04-23T13:22:10+00:00\" \/>\n<meta property=\"og:image\" content=\"https:\/\/euricse.eu\/wp-content\/uploads\/2015\/02\/chiara-carini-euricse2-1.jpeg\" \/>\n\t<meta property=\"og:image:width\" content=\"600\" \/>\n\t<meta property=\"og:image:height\" content=\"600\" \/>\n\t<meta property=\"og:image:type\" content=\"image\/jpeg\" \/>\n<meta name=\"twitter:card\" content=\"summary_large_image\" \/>\n<meta name=\"twitter:label1\" content=\"Tempo di lettura stimato\" \/>\n\t<meta name=\"twitter:data1\" content=\"2 minuti\" \/>\n<script type=\"application\/ld+json\" class=\"yoast-schema-graph\">{\"@context\":\"https:\/\/schema.org\",\"@graph\":[{\"@type\":\"WebPage\",\"@id\":\"https:\/\/euricse.eu\/it\/people\/chiara-carini\/\",\"url\":\"https:\/\/euricse.eu\/it\/people\/chiara-carini\/\",\"name\":\"Chiara Carini - Euricse\",\"isPartOf\":{\"@id\":\"https:\/\/euricse.eu\/en\/#website\"},\"primaryImageOfPage\":{\"@id\":\"https:\/\/euricse.eu\/it\/people\/chiara-carini\/#primaryimage\"},\"image\":{\"@id\":\"https:\/\/euricse.eu\/it\/people\/chiara-carini\/#primaryimage\"},\"thumbnailUrl\":\"https:\/\/euricse.eu\/wp-content\/uploads\/2015\/02\/chiara-carini-euricse2-1.jpeg\",\"datePublished\":\"2015-02-22T16:02:17+00:00\",\"dateModified\":\"2026-04-23T13:22:10+00:00\",\"breadcrumb\":{\"@id\":\"https:\/\/euricse.eu\/it\/people\/chiara-carini\/#breadcrumb\"},\"inLanguage\":\"it-IT\",\"potentialAction\":[{\"@type\":\"ReadAction\",\"target\":[\"https:\/\/euricse.eu\/it\/people\/chiara-carini\/\"]}]},{\"@type\":\"ImageObject\",\"inLanguage\":\"it-IT\",\"@id\":\"https:\/\/euricse.eu\/it\/people\/chiara-carini\/#primaryimage\",\"url\":\"https:\/\/euricse.eu\/wp-content\/uploads\/2015\/02\/chiara-carini-euricse2-1.jpeg\",\"contentUrl\":\"https:\/\/euricse.eu\/wp-content\/uploads\/2015\/02\/chiara-carini-euricse2-1.jpeg\",\"width\":600,\"height\":600},{\"@type\":\"BreadcrumbList\",\"@id\":\"https:\/\/euricse.eu\/it\/people\/chiara-carini\/#breadcrumb\",\"itemListElement\":[{\"@type\":\"ListItem\",\"position\":1,\"name\":\"Home\",\"item\":\"https:\/\/euricse.eu\/it\/\"},{\"@type\":\"ListItem\",\"position\":2,\"name\":\"Persone\",\"item\":\"https:\/\/euricse.eu\/it\/people\/\"},{\"@type\":\"ListItem\",\"position\":3,\"name\":\"Chiara Carini\"}]},{\"@type\":\"WebSite\",\"@id\":\"https:\/\/euricse.eu\/en\/#website\",\"url\":\"https:\/\/euricse.eu\/en\/\",\"name\":\"Euricse\",\"description\":\"Knowledge and innovation for cooperative and social enterprises.\",\"potentialAction\":[{\"@type\":\"SearchAction\",\"target\":{\"@type\":\"EntryPoint\",\"urlTemplate\":\"https:\/\/euricse.eu\/en\/?s={search_term_string}\"},\"query-input\":{\"@type\":\"PropertyValueSpecification\",\"valueRequired\":true,\"valueName\":\"search_term_string\"}}],\"inLanguage\":\"it-IT\"}]}<\/script>\n<!-- \/ Yoast SEO plugin. -->","yoast_head_json":{"title":"Chiara Carini - Euricse","robots":{"index":"index","follow":"follow","max-snippet":"max-snippet:-1","max-image-preview":"max-image-preview:large","max-video-preview":"max-video-preview:-1"},"canonical":"https:\/\/euricse.eu\/it\/people\/chiara-carini\/","og_locale":"it_IT","og_type":"article","og_title":"Chiara Carini - Euricse","og_description":"Chiara Carini \u00e8 laureata in Teorie e metodi per la gestione dell\u2019informazione presso l\u2019Universit\u00e0 degli Studi di Brescia. In Euricse \u00e8 ricercatrice senior e si occupa di analisi di dati economici e sociali sulle imprese cooperative e, pi\u00f9 in generale, sull\u2019economia sociale nell\u2019ambito di progetti volti ad approfondire caratteristiche, dinamiche, evoluzione e impatto delle imprese [&hellip;]","og_url":"https:\/\/euricse.eu\/it\/people\/chiara-carini\/","og_site_name":"Euricse","article_modified_time":"2026-04-23T13:22:10+00:00","og_image":[{"width":600,"height":600,"url":"https:\/\/euricse.eu\/wp-content\/uploads\/2015\/02\/chiara-carini-euricse2-1.jpeg","type":"image\/jpeg"}],"twitter_card":"summary_large_image","twitter_misc":{"Tempo di lettura stimato":"2 minuti"},"schema":{"@context":"https:\/\/schema.org","@graph":[{"@type":"WebPage","@id":"https:\/\/euricse.eu\/it\/people\/chiara-carini\/","url":"https:\/\/euricse.eu\/it\/people\/chiara-carini\/","name":"Chiara Carini - Euricse","isPartOf":{"@id":"https:\/\/euricse.eu\/en\/#website"},"primaryImageOfPage":{"@id":"https:\/\/euricse.eu\/it\/people\/chiara-carini\/#primaryimage"},"image":{"@id":"https:\/\/euricse.eu\/it\/people\/chiara-carini\/#primaryimage"},"thumbnailUrl":"https:\/\/euricse.eu\/wp-content\/uploads\/2015\/02\/chiara-carini-euricse2-1.jpeg","datePublished":"2015-02-22T16:02:17+00:00","dateModified":"2026-04-23T13:22:10+00:00","breadcrumb":{"@id":"https:\/\/euricse.eu\/it\/people\/chiara-carini\/#breadcrumb"},"inLanguage":"it-IT","potentialAction":[{"@type":"ReadAction","target":["https:\/\/euricse.eu\/it\/people\/chiara-carini\/"]}]},{"@type":"ImageObject","inLanguage":"it-IT","@id":"https:\/\/euricse.eu\/it\/people\/chiara-carini\/#primaryimage","url":"https:\/\/euricse.eu\/wp-content\/uploads\/2015\/02\/chiara-carini-euricse2-1.jpeg","contentUrl":"https:\/\/euricse.eu\/wp-content\/uploads\/2015\/02\/chiara-carini-euricse2-1.jpeg","width":600,"height":600},{"@type":"BreadcrumbList","@id":"https:\/\/euricse.eu\/it\/people\/chiara-carini\/#breadcrumb","itemListElement":[{"@type":"ListItem","position":1,"name":"Home","item":"https:\/\/euricse.eu\/it\/"},{"@type":"ListItem","position":2,"name":"Persone","item":"https:\/\/euricse.eu\/it\/people\/"},{"@type":"ListItem","position":3,"name":"Chiara Carini"}]},{"@type":"WebSite","@id":"https:\/\/euricse.eu\/en\/#website","url":"https:\/\/euricse.eu\/en\/","name":"Euricse","description":"Knowledge and innovation for cooperative and social enterprises.","potentialAction":[{"@type":"SearchAction","target":{"@type":"EntryPoint","urlTemplate":"https:\/\/euricse.eu\/en\/?s={search_term_string}"},"query-input":{"@type":"PropertyValueSpecification","valueRequired":true,"valueName":"search_term_string"}}],"inLanguage":"it-IT"}]}},"_links":{"self":[{"href":"https:\/\/euricse.eu\/it\/wp-json\/wp\/v2\/peoples\/196","targetHints":{"allow":["GET"]}}],"collection":[{"href":"https:\/\/euricse.eu\/it\/wp-json\/wp\/v2\/peoples"}],"about":[{"href":"https:\/\/euricse.eu\/it\/wp-json\/wp\/v2\/types\/peoples"}],"author":[{"embeddable":true,"href":"https:\/\/euricse.eu\/it\/wp-json\/wp\/v2\/users\/1"}],"replies":[{"embeddable":true,"href":"https:\/\/euricse.eu\/it\/wp-json\/wp\/v2\/comments?post=196"}],"version-history":[{"count":2,"href":"https:\/\/euricse.eu\/it\/wp-json\/wp\/v2\/peoples\/196\/revisions"}],"predecessor-version":[{"id":30101,"href":"https:\/\/euricse.eu\/it\/wp-json\/wp\/v2\/peoples\/196\/revisions\/30101"}],"wp:featuredmedia":[{"embeddable":true,"href":"https:\/\/euricse.eu\/it\/wp-json\/wp\/v2\/media\/12283"}],"wp:attachment":[{"href":"https:\/\/euricse.eu\/it\/wp-json\/wp\/v2\/media?parent=196"}],"curies":[{"name":"wp","href":"https:\/\/api.w.org\/{rel}","templated":true}]}}

<p>Chiara Carini è laureata in Teorie e metodi per la gestione dell’informazione presso l’Università degli Studi di Brescia. In Euricse è ricercatrice senior e si occupa di analisi di dati economici e sociali sulle imprese cooperative e, più in generale, sull’economia sociale nell’ambito di progetti volti ad approfondire caratteristiche, dinamiche, evoluzione e impatto delle imprese cooperative su scala locale, nazionale e internazionale. Ha curato i rapporti Istat-Euricse sulle cooperative italiane ed ha lavorato al World Cooperative Monitor, il rapporto di ricerca sulle grandi cooperative mondiali, fin dall’avvio del progetto.</p>
<p>Chiara è stata anche docente a contratto all’Università Cattolica del Sacro Cuore per il corso di Psicometria e da oltre dieci anni collabora per i corsi di Statistica dell’Università degli Studi di Brescia.</p>
<p>È socia della Società Italiana di Statistica e membro della Commissione scientifica internazionale CIRIEC sull&#8217;economia sociale e cooperativa, ed è stata membro del gruppo di lavoro tecnico sulle statistiche in tema di cooperative del Comitato per la promozione e l&#8217;avanzamento delle cooperative (COPAC).</p>
<p style="text-align: justify;">

<p>Chiara Carini è laureata in Teorie e metodi per la gestione dell’informazione presso l’Università degli Studi di Brescia. In Euricse è ricercatrice senior e si occupa di analisi di dati economici e sociali sulle imprese cooperative e, più in generale, sull’economia sociale nell’ambito di progetti volti ad approfondire caratteristiche, dinamiche, evoluzione e impatto delle imprese [&hellip;]</p>

<!-- This site is optimized with the Yoast SEO plugin v26.1.1 - https://yoast.com/wordpress/plugins/seo/ -->
<title>Chiara Carini - Euricse</title>
<meta name="robots" content="index, follow, max-snippet:-1, max-image-preview:large, max-video-preview:-1" />
<link rel="canonical" href="https://euricse.eu/it/people/chiara-carini/" />
<meta property="og:locale" content="it_IT" />
<meta property="og:type" content="article" />
<meta property="og:title" content="Chiara Carini - Euricse" />
<meta property="og:description" content="Chiara Carini è laureata in Teorie e metodi per la gestione dell’informazione presso l’Università degli Studi di Brescia. In Euricse è ricercatrice senior e si occupa di analisi di dati economici e sociali sulle imprese cooperative e, più in generale, sull’economia sociale nell’ambito di progetti volti ad approfondire caratteristiche, dinamiche, evoluzione e impatto delle imprese [&hellip;]" />
<meta property="og:url" content="https://euricse.eu/it/people/chiara-carini/" />
<meta property="og:site_name" content="Euricse" />
<meta property="article:modified_time" content="2026-04-23T13:22:10+00:00" />
<meta property="og:image" content="https://euricse.eu/wp-content/uploads/2015/02/chiara-carini-euricse2-1.jpeg" />
	<meta property="og:image:width" content="600" />
	<meta property="og:image:height" content="600" />
	<meta property="og:image:type" content="image/jpeg" />
<meta name="twitter:card" content="summary_large_image" />
<meta name="twitter:label1" content="Tempo di lettura stimato" />
	<meta name="twitter:data1" content="2 minuti" />
<script type="application/ld+json" class="yoast-schema-graph">{"@context":"https://schema.org","@graph":[{"@type":"WebPage","@id":"https://euricse.eu/it/people/chiara-carini/","url":"https://euricse.eu/it/people/chiara-carini/","name":"Chiara Carini - Euricse","isPartOf":{"@id":"https://euricse.eu/en/#website"},"primaryImageOfPage":{"@id":"https://euricse.eu/it/people/chiara-carini/#primaryimage"},"image":{"@id":"https://euricse.eu/it/people/chiara-carini/#primaryimage"},"thumbnailUrl":"https://euricse.eu/wp-content/uploads/2015/02/chiara-carini-euricse2-1.jpeg","datePublished":"2015-02-22T16:02:17+00:00","dateModified":"2026-04-23T13:22:10+00:00","breadcrumb":{"@id":"https://euricse.eu/it/people/chiara-carini/#breadcrumb"},"inLanguage":"it-IT","potentialAction":[{"@type":"ReadAction","target":["https://euricse.eu/it/people/chiara-carini/"]}]},{"@type":"ImageObject","inLanguage":"it-IT","@id":"https://euricse.eu/it/people/chiara-carini/#primaryimage","url":"https://euricse.eu/wp-content/uploads/2015/02/chiara-carini-euricse2-1.jpeg","contentUrl":"https://euricse.eu/wp-content/uploads/2015/02/chiara-carini-euricse2-1.jpeg","width":600,"height":600},{"@type":"BreadcrumbList","@id":"https://euricse.eu/it/people/chiara-carini/#breadcrumb","itemListElement":[{"@type":"ListItem","position":1,"name":"Home","item":"https://euricse.eu/it/"},{"@type":"ListItem","position":2,"name":"Persone","item":"https://euricse.eu/it/people/"},{"@type":"ListItem","position":3,"name":"Chiara Carini"}]},{"@type":"WebSite","@id":"https://euricse.eu/en/#website","url":"https://euricse.eu/en/","name":"Euricse","description":"Knowledge and innovation for cooperative and social enterprises.","potentialAction":[{"@type":"SearchAction","target":{"@type":"EntryPoint","urlTemplate":"https://euricse.eu/en/?s={search_term_string}"},"query-input":{"@type":"PropertyValueSpecification","valueRequired":true,"valueName":"search_term_string"}}],"inLanguage":"it-IT"}]}</script>
<!-- / Yoast SEO plugin. -->

Chiara Carini è laureata in Teorie e metodi per la gestione dell’informazione presso l’Università degli Studi di Brescia. In Euricse è ricercatrice senior e si occupa di analisi di dati economici e sociali sulle imprese cooperative e, più in generale, sull’economia sociale nell’ambito di progetti volti ad approfondire caratteristiche, dinamiche, evoluzione e impatto delle imprese [&hellip;]
