{"id":220,"date":"2015-02-23T15:30:08","date_gmt":"2015-02-23T15:30:08","guid":{"rendered":"https:\/\/euricse.staging.hgblu.com\/?post_type=peoples&#038;p=220"},"modified":"2024-03-27T10:50:41","modified_gmt":"2024-03-27T10:50:41","slug":"silvia-sacchetti","status":"publish","type":"peoples","link":"https:\/\/euricse.eu\/it\/people\/silvia-sacchetti\/","title":{"rendered":"Silvia Sacchetti"},"content":{"rendered":"<p>Silvia Sacchetti ha un dottorato di ricerca dell&#8217;Universit\u00e0 di Birmingham (UK), ed \u00e8 professore associato presso il Dipartimento di Sociologia e Ricerca Sociale dell&#8217;Universit\u00e0 di Trento (Italia) dove insegna corsi di organizzazioni del terzo settore e di economia politica internazionale.<br \/>\nI suoi interessi di ricerca riguardano lo sviluppo inclusivo delle economie, dal punto di vista delle organizzazioni del terzo settore e delle strutture di governance inclusive, le imprese cooperative e le imprese sociali, nel contesto dei servizi culturali e di welfare. Al momento si concentra su governance e networking delle organizzazioni che producono beni meritori, cos\u00ec come le motivazioni e la vitalit\u00e0 dei lavoratori e degli utenti, principalmente all&#8217;interno di<\/p>\n<ul>\n<li>il settore culturale, e in particolare le occupazioni creative e le organizzazioni culturali non profit, concentrandosi attualmente sulle organizzazioni culturali di volontariato, le scuole di musica e i musicisti;<\/li>\n<li>le imprese sociali di integrazione lavorativa.<\/li>\n<\/ul>\n<p>Le pi\u00f9 recenti pubblicazioni di Silvia sono apparse su Review of Social Economy, Journal of Management and Governance, Journal of Co-Operative Organization and Management, Impresa Sociale, Corporate Governance (the International Journal Of Business in Society), Journal of Business Ethics, Annals of Public and Cooperative Economics, Journal of Entrepreneurial and Organizational Diversity, European Planning Studies.<\/p>\n<p>Silvia \u00e8 Co-Chief Editor del <a href=\"http:\/\/www.jeodonline.com\">Journal of Entrepreneurial and Organizational Diversity<\/a> e membro del Board dello European Management Journal.<\/p>\n<p>\u00c8 anche membro dell&#8217;EMES e dell&#8217;European Research Board dell&#8217;International Cooperative Alliance.<\/p>\n<p>&nbsp;<\/p>\n","protected":false},"excerpt":{"rendered":"<p>Silvia Sacchetti ha un dottorato di ricerca dell&#8217;Universit\u00e0 di Birmingham (UK), ed \u00e8 professore associato presso il Dipartimento di Sociologia e Ricerca Sociale dell&#8217;Universit\u00e0 di Trento (Italia) dove insegna corsi di organizzazioni del terzo settore e di economia politica internazionale. I suoi interessi di ricerca riguardano lo sviluppo inclusivo delle economie, dal punto di vista [&hellip;]<\/p>\n","protected":false},"author":32,"featured_media":22664,"parent":0,"comment_status":"closed","ping_status":"closed","template":"","meta":{"_acf_changed":false,"episode_type":"","audio_file":"","cover_image":"","cover_image_id":"","duration":"","filesize":"","date_recorded":"","explicit":"","block":"","itunes_episode_number":"","itunes_title":"","itunes_season_number":"","itunes_episode_type":"","filesize_raw":"","footnotes":""},"class_list":["post-220","peoples","type-peoples","status-publish","has-post-thumbnail","hentry"],"acf":[],"yoast_head":"<!-- This site is optimized with the Yoast SEO plugin v26.1.1 - https:\/\/yoast.com\/wordpress\/plugins\/seo\/ -->\n<title>Silvia Sacchetti - Euricse<\/title>\n<meta name=\"robots\" content=\"index, follow, max-snippet:-1, max-image-preview:large, max-video-preview:-1\" \/>\n<link rel=\"canonical\" href=\"https:\/\/euricse.eu\/it\/people\/silvia-sacchetti\/\" \/>\n<meta property=\"og:locale\" content=\"it_IT\" \/>\n<meta property=\"og:type\" content=\"article\" \/>\n<meta property=\"og:title\" content=\"Silvia Sacchetti - Euricse\" \/>\n<meta property=\"og:description\" content=\"Silvia Sacchetti ha un dottorato di ricerca dell&#8217;Universit\u00e0 di Birmingham (UK), ed \u00e8 professore associato presso il Dipartimento di Sociologia e Ricerca Sociale dell&#8217;Universit\u00e0 di Trento (Italia) dove insegna corsi di organizzazioni del terzo settore e di economia politica internazionale. I suoi interessi di ricerca riguardano lo sviluppo inclusivo delle economie, dal punto di vista [&hellip;]\" \/>\n<meta property=\"og:url\" content=\"https:\/\/euricse.eu\/it\/people\/silvia-sacchetti\/\" \/>\n<meta property=\"og:site_name\" content=\"Euricse\" \/>\n<meta property=\"article:modified_time\" content=\"2024-03-27T10:50:41+00:00\" \/>\n<meta property=\"og:image\" content=\"https:\/\/euricse.eu\/wp-content\/uploads\/2015\/02\/SILVIA-SACCHETTI-scaled-e1711536426224.jpg\" \/>\n\t<meta property=\"og:image:width\" content=\"800\" \/>\n\t<meta property=\"og:image:height\" content=\"800\" \/>\n\t<meta property=\"og:image:type\" content=\"image\/jpeg\" \/>\n<meta name=\"twitter:card\" content=\"summary_large_image\" \/>\n<meta name=\"twitter:label1\" content=\"Tempo di lettura stimato\" \/>\n\t<meta name=\"twitter:data1\" content=\"2 minuti\" \/>\n<script type=\"application\/ld+json\" class=\"yoast-schema-graph\">{\"@context\":\"https:\/\/schema.org\",\"@graph\":[{\"@type\":\"WebPage\",\"@id\":\"https:\/\/euricse.eu\/it\/people\/silvia-sacchetti\/\",\"url\":\"https:\/\/euricse.eu\/it\/people\/silvia-sacchetti\/\",\"name\":\"Silvia Sacchetti - Euricse\",\"isPartOf\":{\"@id\":\"https:\/\/euricse.eu\/en\/#website\"},\"primaryImageOfPage\":{\"@id\":\"https:\/\/euricse.eu\/it\/people\/silvia-sacchetti\/#primaryimage\"},\"image\":{\"@id\":\"https:\/\/euricse.eu\/it\/people\/silvia-sacchetti\/#primaryimage\"},\"thumbnailUrl\":\"https:\/\/euricse.eu\/wp-content\/uploads\/2015\/02\/SILVIA-SACCHETTI-scaled-e1711536426224.jpg\",\"datePublished\":\"2015-02-23T15:30:08+00:00\",\"dateModified\":\"2024-03-27T10:50:41+00:00\",\"breadcrumb\":{\"@id\":\"https:\/\/euricse.eu\/it\/people\/silvia-sacchetti\/#breadcrumb\"},\"inLanguage\":\"it-IT\",\"potentialAction\":[{\"@type\":\"ReadAction\",\"target\":[\"https:\/\/euricse.eu\/it\/people\/silvia-sacchetti\/\"]}]},{\"@type\":\"ImageObject\",\"inLanguage\":\"it-IT\",\"@id\":\"https:\/\/euricse.eu\/it\/people\/silvia-sacchetti\/#primaryimage\",\"url\":\"https:\/\/euricse.eu\/wp-content\/uploads\/2015\/02\/SILVIA-SACCHETTI-scaled-e1711536426224.jpg\",\"contentUrl\":\"https:\/\/euricse.eu\/wp-content\/uploads\/2015\/02\/SILVIA-SACCHETTI-scaled-e1711536426224.jpg\",\"width\":800,\"height\":800},{\"@type\":\"BreadcrumbList\",\"@id\":\"https:\/\/euricse.eu\/it\/people\/silvia-sacchetti\/#breadcrumb\",\"itemListElement\":[{\"@type\":\"ListItem\",\"position\":1,\"name\":\"Home\",\"item\":\"https:\/\/euricse.eu\/it\/\"},{\"@type\":\"ListItem\",\"position\":2,\"name\":\"Persone\",\"item\":\"https:\/\/euricse.eu\/it\/people\/\"},{\"@type\":\"ListItem\",\"position\":3,\"name\":\"Silvia Sacchetti\"}]},{\"@type\":\"WebSite\",\"@id\":\"https:\/\/euricse.eu\/en\/#website\",\"url\":\"https:\/\/euricse.eu\/en\/\",\"name\":\"Euricse\",\"description\":\"Knowledge and innovation for cooperative and social enterprises.\",\"potentialAction\":[{\"@type\":\"SearchAction\",\"target\":{\"@type\":\"EntryPoint\",\"urlTemplate\":\"https:\/\/euricse.eu\/en\/?s={search_term_string}\"},\"query-input\":{\"@type\":\"PropertyValueSpecification\",\"valueRequired\":true,\"valueName\":\"search_term_string\"}}],\"inLanguage\":\"it-IT\"}]}<\/script>\n<!-- \/ Yoast SEO plugin. -->","yoast_head_json":{"title":"Silvia Sacchetti - Euricse","robots":{"index":"index","follow":"follow","max-snippet":"max-snippet:-1","max-image-preview":"max-image-preview:large","max-video-preview":"max-video-preview:-1"},"canonical":"https:\/\/euricse.eu\/it\/people\/silvia-sacchetti\/","og_locale":"it_IT","og_type":"article","og_title":"Silvia Sacchetti - Euricse","og_description":"Silvia Sacchetti ha un dottorato di ricerca dell&#8217;Universit\u00e0 di Birmingham (UK), ed \u00e8 professore associato presso il Dipartimento di Sociologia e Ricerca Sociale dell&#8217;Universit\u00e0 di Trento (Italia) dove insegna corsi di organizzazioni del terzo settore e di economia politica internazionale. I suoi interessi di ricerca riguardano lo sviluppo inclusivo delle economie, dal punto di vista [&hellip;]","og_url":"https:\/\/euricse.eu\/it\/people\/silvia-sacchetti\/","og_site_name":"Euricse","article_modified_time":"2024-03-27T10:50:41+00:00","og_image":[{"width":800,"height":800,"url":"https:\/\/euricse.eu\/wp-content\/uploads\/2015\/02\/SILVIA-SACCHETTI-scaled-e1711536426224.jpg","type":"image\/jpeg"}],"twitter_card":"summary_large_image","twitter_misc":{"Tempo di lettura stimato":"2 minuti"},"schema":{"@context":"https:\/\/schema.org","@graph":[{"@type":"WebPage","@id":"https:\/\/euricse.eu\/it\/people\/silvia-sacchetti\/","url":"https:\/\/euricse.eu\/it\/people\/silvia-sacchetti\/","name":"Silvia Sacchetti - Euricse","isPartOf":{"@id":"https:\/\/euricse.eu\/en\/#website"},"primaryImageOfPage":{"@id":"https:\/\/euricse.eu\/it\/people\/silvia-sacchetti\/#primaryimage"},"image":{"@id":"https:\/\/euricse.eu\/it\/people\/silvia-sacchetti\/#primaryimage"},"thumbnailUrl":"https:\/\/euricse.eu\/wp-content\/uploads\/2015\/02\/SILVIA-SACCHETTI-scaled-e1711536426224.jpg","datePublished":"2015-02-23T15:30:08+00:00","dateModified":"2024-03-27T10:50:41+00:00","breadcrumb":{"@id":"https:\/\/euricse.eu\/it\/people\/silvia-sacchetti\/#breadcrumb"},"inLanguage":"it-IT","potentialAction":[{"@type":"ReadAction","target":["https:\/\/euricse.eu\/it\/people\/silvia-sacchetti\/"]}]},{"@type":"ImageObject","inLanguage":"it-IT","@id":"https:\/\/euricse.eu\/it\/people\/silvia-sacchetti\/#primaryimage","url":"https:\/\/euricse.eu\/wp-content\/uploads\/2015\/02\/SILVIA-SACCHETTI-scaled-e1711536426224.jpg","contentUrl":"https:\/\/euricse.eu\/wp-content\/uploads\/2015\/02\/SILVIA-SACCHETTI-scaled-e1711536426224.jpg","width":800,"height":800},{"@type":"BreadcrumbList","@id":"https:\/\/euricse.eu\/it\/people\/silvia-sacchetti\/#breadcrumb","itemListElement":[{"@type":"ListItem","position":1,"name":"Home","item":"https:\/\/euricse.eu\/it\/"},{"@type":"ListItem","position":2,"name":"Persone","item":"https:\/\/euricse.eu\/it\/people\/"},{"@type":"ListItem","position":3,"name":"Silvia Sacchetti"}]},{"@type":"WebSite","@id":"https:\/\/euricse.eu\/en\/#website","url":"https:\/\/euricse.eu\/en\/","name":"Euricse","description":"Knowledge and innovation for cooperative and social enterprises.","potentialAction":[{"@type":"SearchAction","target":{"@type":"EntryPoint","urlTemplate":"https:\/\/euricse.eu\/en\/?s={search_term_string}"},"query-input":{"@type":"PropertyValueSpecification","valueRequired":true,"valueName":"search_term_string"}}],"inLanguage":"it-IT"}]}},"_links":{"self":[{"href":"https:\/\/euricse.eu\/it\/wp-json\/wp\/v2\/peoples\/220","targetHints":{"allow":["GET"]}}],"collection":[{"href":"https:\/\/euricse.eu\/it\/wp-json\/wp\/v2\/peoples"}],"about":[{"href":"https:\/\/euricse.eu\/it\/wp-json\/wp\/v2\/types\/peoples"}],"author":[{"embeddable":true,"href":"https:\/\/euricse.eu\/it\/wp-json\/wp\/v2\/users\/32"}],"replies":[{"embeddable":true,"href":"https:\/\/euricse.eu\/it\/wp-json\/wp\/v2\/comments?post=220"}],"version-history":[{"count":2,"href":"https:\/\/euricse.eu\/it\/wp-json\/wp\/v2\/peoples\/220\/revisions"}],"predecessor-version":[{"id":22666,"href":"https:\/\/euricse.eu\/it\/wp-json\/wp\/v2\/peoples\/220\/revisions\/22666"}],"wp:featuredmedia":[{"embeddable":true,"href":"https:\/\/euricse.eu\/it\/wp-json\/wp\/v2\/media\/22664"}],"wp:attachment":[{"href":"https:\/\/euricse.eu\/it\/wp-json\/wp\/v2\/media?parent=220"}],"curies":[{"name":"wp","href":"https:\/\/api.w.org\/{rel}","templated":true}]}}

<p>Silvia Sacchetti ha un dottorato di ricerca dell&#8217;Università di Birmingham (UK), ed è professore associato presso il Dipartimento di Sociologia e Ricerca Sociale dell&#8217;Università di Trento (Italia) dove insegna corsi di organizzazioni del terzo settore e di economia politica internazionale.<br />
I suoi interessi di ricerca riguardano lo sviluppo inclusivo delle economie, dal punto di vista delle organizzazioni del terzo settore e delle strutture di governance inclusive, le imprese cooperative e le imprese sociali, nel contesto dei servizi culturali e di welfare. Al momento si concentra su governance e networking delle organizzazioni che producono beni meritori, così come le motivazioni e la vitalità dei lavoratori e degli utenti, principalmente all&#8217;interno di</p>
<ul>
<li>il settore culturale, e in particolare le occupazioni creative e le organizzazioni culturali non profit, concentrandosi attualmente sulle organizzazioni culturali di volontariato, le scuole di musica e i musicisti;</li>
<li>le imprese sociali di integrazione lavorativa.</li>
</ul>
<p>Le più recenti pubblicazioni di Silvia sono apparse su Review of Social Economy, Journal of Management and Governance, Journal of Co-Operative Organization and Management, Impresa Sociale, Corporate Governance (the International Journal Of Business in Society), Journal of Business Ethics, Annals of Public and Cooperative Economics, Journal of Entrepreneurial and Organizational Diversity, European Planning Studies.</p>
<p>Silvia è Co-Chief Editor del <a href="http://www.jeodonline.com">Journal of Entrepreneurial and Organizational Diversity</a> e membro del Board dello European Management Journal.</p>
<p>È anche membro dell&#8217;EMES e dell&#8217;European Research Board dell&#8217;International Cooperative Alliance.</p>
<p>&nbsp;</p>

<p>Silvia Sacchetti ha un dottorato di ricerca dell&#8217;Università di Birmingham (UK), ed è professore associato presso il Dipartimento di Sociologia e Ricerca Sociale dell&#8217;Università di Trento (Italia) dove insegna corsi di organizzazioni del terzo settore e di economia politica internazionale. I suoi interessi di ricerca riguardano lo sviluppo inclusivo delle economie, dal punto di vista [&hellip;]</p>

<!-- This site is optimized with the Yoast SEO plugin v26.1.1 - https://yoast.com/wordpress/plugins/seo/ -->
<title>Silvia Sacchetti - Euricse</title>
<meta name="robots" content="index, follow, max-snippet:-1, max-image-preview:large, max-video-preview:-1" />
<link rel="canonical" href="https://euricse.eu/it/people/silvia-sacchetti/" />
<meta property="og:locale" content="it_IT" />
<meta property="og:type" content="article" />
<meta property="og:title" content="Silvia Sacchetti - Euricse" />
<meta property="og:description" content="Silvia Sacchetti ha un dottorato di ricerca dell&#8217;Università di Birmingham (UK), ed è professore associato presso il Dipartimento di Sociologia e Ricerca Sociale dell&#8217;Università di Trento (Italia) dove insegna corsi di organizzazioni del terzo settore e di economia politica internazionale. I suoi interessi di ricerca riguardano lo sviluppo inclusivo delle economie, dal punto di vista [&hellip;]" />
<meta property="og:url" content="https://euricse.eu/it/people/silvia-sacchetti/" />
<meta property="og:site_name" content="Euricse" />
<meta property="article:modified_time" content="2024-03-27T10:50:41+00:00" />
<meta property="og:image" content="https://euricse.eu/wp-content/uploads/2015/02/SILVIA-SACCHETTI-scaled-e1711536426224.jpg" />
	<meta property="og:image:width" content="800" />
	<meta property="og:image:height" content="800" />
	<meta property="og:image:type" content="image/jpeg" />
<meta name="twitter:card" content="summary_large_image" />
<meta name="twitter:label1" content="Tempo di lettura stimato" />
	<meta name="twitter:data1" content="2 minuti" />
<script type="application/ld+json" class="yoast-schema-graph">{"@context":"https://schema.org","@graph":[{"@type":"WebPage","@id":"https://euricse.eu/it/people/silvia-sacchetti/","url":"https://euricse.eu/it/people/silvia-sacchetti/","name":"Silvia Sacchetti - Euricse","isPartOf":{"@id":"https://euricse.eu/en/#website"},"primaryImageOfPage":{"@id":"https://euricse.eu/it/people/silvia-sacchetti/#primaryimage"},"image":{"@id":"https://euricse.eu/it/people/silvia-sacchetti/#primaryimage"},"thumbnailUrl":"https://euricse.eu/wp-content/uploads/2015/02/SILVIA-SACCHETTI-scaled-e1711536426224.jpg","datePublished":"2015-02-23T15:30:08+00:00","dateModified":"2024-03-27T10:50:41+00:00","breadcrumb":{"@id":"https://euricse.eu/it/people/silvia-sacchetti/#breadcrumb"},"inLanguage":"it-IT","potentialAction":[{"@type":"ReadAction","target":["https://euricse.eu/it/people/silvia-sacchetti/"]}]},{"@type":"ImageObject","inLanguage":"it-IT","@id":"https://euricse.eu/it/people/silvia-sacchetti/#primaryimage","url":"https://euricse.eu/wp-content/uploads/2015/02/SILVIA-SACCHETTI-scaled-e1711536426224.jpg","contentUrl":"https://euricse.eu/wp-content/uploads/2015/02/SILVIA-SACCHETTI-scaled-e1711536426224.jpg","width":800,"height":800},{"@type":"BreadcrumbList","@id":"https://euricse.eu/it/people/silvia-sacchetti/#breadcrumb","itemListElement":[{"@type":"ListItem","position":1,"name":"Home","item":"https://euricse.eu/it/"},{"@type":"ListItem","position":2,"name":"Persone","item":"https://euricse.eu/it/people/"},{"@type":"ListItem","position":3,"name":"Silvia Sacchetti"}]},{"@type":"WebSite","@id":"https://euricse.eu/en/#website","url":"https://euricse.eu/en/","name":"Euricse","description":"Knowledge and innovation for cooperative and social enterprises.","potentialAction":[{"@type":"SearchAction","target":{"@type":"EntryPoint","urlTemplate":"https://euricse.eu/en/?s={search_term_string}"},"query-input":{"@type":"PropertyValueSpecification","valueRequired":true,"valueName":"search_term_string"}}],"inLanguage":"it-IT"}]}</script>
<!-- / Yoast SEO plugin. -->

Silvia Sacchetti ha un dottorato di ricerca dell&#8217;Università di Birmingham (UK), ed è professore associato presso il Dipartimento di Sociologia e Ricerca Sociale dell&#8217;Università di Trento (Italia) dove insegna corsi di organizzazioni del terzo settore e di economia politica internazionale. I suoi interessi di ricerca riguardano lo sviluppo inclusivo delle economie, dal punto di vista [&hellip;]
