{"id":25091,"date":"2024-12-20T15:29:37","date_gmt":"2024-12-20T15:29:37","guid":{"rendered":"https:\/\/euricse.eu\/?post_type=peoples&#038;p=25091"},"modified":"2025-10-24T12:17:07","modified_gmt":"2025-10-24T11:17:07","slug":"giulio-galdi","status":"publish","type":"peoples","link":"https:\/\/euricse.eu\/it\/people\/giulio-galdi\/","title":{"rendered":"Giulio Galdi"},"content":{"rendered":"<p>Giulio Galdi \u00e8 laureato in Scienze dell&#8217;Economia all&#8217;Universit\u00e0 di Pisa e ha conseguito un Dottorato di Ricerca in Economia dello Sviluppo e Sistemi Locali nel 2019, presso le Universit\u00e0 di Trento e Firenze. La sua tesi ha discusso gli impatti del cambiamento climatico sulla diseguaglianza e gli scambi commerciali e si\u00a0\u00e8 aggiudicata il Premio Colombaria 2022 dell&#8217;omonima Accademia.<\/p>\n<p>Dal 2019 al 2021 ha svolto attivit\u00e0 di ricerca e valutazione sulla politica climatica europea presso l&#8217;Universit\u00e0 di Siena e l&#8217;Istituto Universitario Europeo di Fiesole. Successivamente, presso l&#8217;Universit\u00e0 di Trento, ha condotto studi su consumi energetici e risparmio idrico in agricoltura come assegnista di ricerca (2021-2024).<\/p>\n<p>Attualmente \u00e8 ricercatore experienced presso Euricse, dove si occupa di analisi economica delle cooperative e studia l\u2019adozione di tecnologie e pratiche innovative per la doppia transizione.<\/p>\n<p>Ha maturato esperienza nell\u2019insegnamento universitario in corsi triennali, magistrali e di dottorato e si dedica alla divulgazione su temi ambientali e climatici tramite articoli, interviste e video lezioni online.<\/p>\n","protected":false},"excerpt":{"rendered":"<p>Giulio Galdi \u00e8 laureato in Scienze dell&#8217;Economia all&#8217;Universit\u00e0 di Pisa e ha conseguito un Dottorato di Ricerca in Economia dello Sviluppo e Sistemi Locali nel 2019, presso le Universit\u00e0 di Trento e Firenze. La sua tesi ha discusso gli impatti del cambiamento climatico sulla diseguaglianza e gli scambi commerciali e si\u00a0\u00e8 aggiudicata il Premio Colombaria [&hellip;]<\/p>\n","protected":false},"author":32,"featured_media":25373,"parent":0,"comment_status":"closed","ping_status":"closed","template":"","meta":{"_acf_changed":false,"episode_type":"","audio_file":"","cover_image":"","cover_image_id":"","duration":"","filesize":"","date_recorded":"","explicit":"","block":"","itunes_episode_number":"","itunes_title":"","itunes_season_number":"","itunes_episode_type":"","filesize_raw":"","footnotes":""},"class_list":["post-25091","peoples","type-peoples","status-publish","has-post-thumbnail","hentry"],"acf":[],"yoast_head":"<!-- This site is optimized with the Yoast SEO plugin v26.1.1 - https:\/\/yoast.com\/wordpress\/plugins\/seo\/ -->\n<title>Giulio Galdi - Euricse<\/title>\n<meta name=\"robots\" content=\"index, follow, max-snippet:-1, max-image-preview:large, max-video-preview:-1\" \/>\n<link rel=\"canonical\" href=\"https:\/\/euricse.eu\/it\/people\/giulio-galdi\/\" \/>\n<meta property=\"og:locale\" content=\"it_IT\" \/>\n<meta property=\"og:type\" content=\"article\" \/>\n<meta property=\"og:title\" content=\"Giulio Galdi - Euricse\" \/>\n<meta property=\"og:description\" content=\"Giulio Galdi \u00e8 laureato in Scienze dell&#8217;Economia all&#8217;Universit\u00e0 di Pisa e ha conseguito un Dottorato di Ricerca in Economia dello Sviluppo e Sistemi Locali nel 2019, presso le Universit\u00e0 di Trento e Firenze. La sua tesi ha discusso gli impatti del cambiamento climatico sulla diseguaglianza e gli scambi commerciali e si\u00a0\u00e8 aggiudicata il Premio Colombaria [&hellip;]\" \/>\n<meta property=\"og:url\" content=\"https:\/\/euricse.eu\/it\/people\/giulio-galdi\/\" \/>\n<meta property=\"og:site_name\" content=\"Euricse\" \/>\n<meta property=\"article:modified_time\" content=\"2025-10-24T11:17:07+00:00\" \/>\n<meta property=\"og:image\" content=\"https:\/\/euricse.eu\/wp-content\/uploads\/2024\/12\/GiulioGaldi001-7-scaled-e1736848960871.jpg\" \/>\n\t<meta property=\"og:image:width\" content=\"1118\" \/>\n\t<meta property=\"og:image:height\" content=\"1118\" \/>\n\t<meta property=\"og:image:type\" content=\"image\/jpeg\" \/>\n<meta name=\"twitter:card\" content=\"summary_large_image\" \/>\n<meta name=\"twitter:label1\" content=\"Tempo di lettura stimato\" \/>\n\t<meta name=\"twitter:data1\" content=\"2 minuti\" \/>\n<script type=\"application\/ld+json\" class=\"yoast-schema-graph\">{\"@context\":\"https:\/\/schema.org\",\"@graph\":[{\"@type\":\"WebPage\",\"@id\":\"https:\/\/euricse.eu\/it\/people\/giulio-galdi\/\",\"url\":\"https:\/\/euricse.eu\/it\/people\/giulio-galdi\/\",\"name\":\"Giulio Galdi - Euricse\",\"isPartOf\":{\"@id\":\"https:\/\/euricse.eu\/en\/#website\"},\"primaryImageOfPage\":{\"@id\":\"https:\/\/euricse.eu\/it\/people\/giulio-galdi\/#primaryimage\"},\"image\":{\"@id\":\"https:\/\/euricse.eu\/it\/people\/giulio-galdi\/#primaryimage\"},\"thumbnailUrl\":\"https:\/\/euricse.eu\/wp-content\/uploads\/2024\/12\/GiulioGaldi001-7-scaled-e1736848960871.jpg\",\"datePublished\":\"2024-12-20T15:29:37+00:00\",\"dateModified\":\"2025-10-24T11:17:07+00:00\",\"breadcrumb\":{\"@id\":\"https:\/\/euricse.eu\/it\/people\/giulio-galdi\/#breadcrumb\"},\"inLanguage\":\"it-IT\",\"potentialAction\":[{\"@type\":\"ReadAction\",\"target\":[\"https:\/\/euricse.eu\/it\/people\/giulio-galdi\/\"]}]},{\"@type\":\"ImageObject\",\"inLanguage\":\"it-IT\",\"@id\":\"https:\/\/euricse.eu\/it\/people\/giulio-galdi\/#primaryimage\",\"url\":\"https:\/\/euricse.eu\/wp-content\/uploads\/2024\/12\/GiulioGaldi001-7-scaled-e1736848960871.jpg\",\"contentUrl\":\"https:\/\/euricse.eu\/wp-content\/uploads\/2024\/12\/GiulioGaldi001-7-scaled-e1736848960871.jpg\",\"width\":1118,\"height\":1118,\"caption\":\"Ritratto Euricse 2025 Giulio Galdi (foto Daniele Panato\/Agenzia Panato)\"},{\"@type\":\"BreadcrumbList\",\"@id\":\"https:\/\/euricse.eu\/it\/people\/giulio-galdi\/#breadcrumb\",\"itemListElement\":[{\"@type\":\"ListItem\",\"position\":1,\"name\":\"Home\",\"item\":\"https:\/\/euricse.eu\/it\/\"},{\"@type\":\"ListItem\",\"position\":2,\"name\":\"Persone\",\"item\":\"https:\/\/euricse.eu\/it\/people\/\"},{\"@type\":\"ListItem\",\"position\":3,\"name\":\"Giulio Galdi\"}]},{\"@type\":\"WebSite\",\"@id\":\"https:\/\/euricse.eu\/en\/#website\",\"url\":\"https:\/\/euricse.eu\/en\/\",\"name\":\"Euricse\",\"description\":\"Knowledge and innovation for cooperative and social enterprises.\",\"potentialAction\":[{\"@type\":\"SearchAction\",\"target\":{\"@type\":\"EntryPoint\",\"urlTemplate\":\"https:\/\/euricse.eu\/en\/?s={search_term_string}\"},\"query-input\":{\"@type\":\"PropertyValueSpecification\",\"valueRequired\":true,\"valueName\":\"search_term_string\"}}],\"inLanguage\":\"it-IT\"}]}<\/script>\n<!-- \/ Yoast SEO plugin. -->","yoast_head_json":{"title":"Giulio Galdi - Euricse","robots":{"index":"index","follow":"follow","max-snippet":"max-snippet:-1","max-image-preview":"max-image-preview:large","max-video-preview":"max-video-preview:-1"},"canonical":"https:\/\/euricse.eu\/it\/people\/giulio-galdi\/","og_locale":"it_IT","og_type":"article","og_title":"Giulio Galdi - Euricse","og_description":"Giulio Galdi \u00e8 laureato in Scienze dell&#8217;Economia all&#8217;Universit\u00e0 di Pisa e ha conseguito un Dottorato di Ricerca in Economia dello Sviluppo e Sistemi Locali nel 2019, presso le Universit\u00e0 di Trento e Firenze. La sua tesi ha discusso gli impatti del cambiamento climatico sulla diseguaglianza e gli scambi commerciali e si\u00a0\u00e8 aggiudicata il Premio Colombaria [&hellip;]","og_url":"https:\/\/euricse.eu\/it\/people\/giulio-galdi\/","og_site_name":"Euricse","article_modified_time":"2025-10-24T11:17:07+00:00","og_image":[{"width":1118,"height":1118,"url":"https:\/\/euricse.eu\/wp-content\/uploads\/2024\/12\/GiulioGaldi001-7-scaled-e1736848960871.jpg","type":"image\/jpeg"}],"twitter_card":"summary_large_image","twitter_misc":{"Tempo di lettura stimato":"2 minuti"},"schema":{"@context":"https:\/\/schema.org","@graph":[{"@type":"WebPage","@id":"https:\/\/euricse.eu\/it\/people\/giulio-galdi\/","url":"https:\/\/euricse.eu\/it\/people\/giulio-galdi\/","name":"Giulio Galdi - Euricse","isPartOf":{"@id":"https:\/\/euricse.eu\/en\/#website"},"primaryImageOfPage":{"@id":"https:\/\/euricse.eu\/it\/people\/giulio-galdi\/#primaryimage"},"image":{"@id":"https:\/\/euricse.eu\/it\/people\/giulio-galdi\/#primaryimage"},"thumbnailUrl":"https:\/\/euricse.eu\/wp-content\/uploads\/2024\/12\/GiulioGaldi001-7-scaled-e1736848960871.jpg","datePublished":"2024-12-20T15:29:37+00:00","dateModified":"2025-10-24T11:17:07+00:00","breadcrumb":{"@id":"https:\/\/euricse.eu\/it\/people\/giulio-galdi\/#breadcrumb"},"inLanguage":"it-IT","potentialAction":[{"@type":"ReadAction","target":["https:\/\/euricse.eu\/it\/people\/giulio-galdi\/"]}]},{"@type":"ImageObject","inLanguage":"it-IT","@id":"https:\/\/euricse.eu\/it\/people\/giulio-galdi\/#primaryimage","url":"https:\/\/euricse.eu\/wp-content\/uploads\/2024\/12\/GiulioGaldi001-7-scaled-e1736848960871.jpg","contentUrl":"https:\/\/euricse.eu\/wp-content\/uploads\/2024\/12\/GiulioGaldi001-7-scaled-e1736848960871.jpg","width":1118,"height":1118,"caption":"Ritratto Euricse 2025 Giulio Galdi (foto Daniele Panato\/Agenzia Panato)"},{"@type":"BreadcrumbList","@id":"https:\/\/euricse.eu\/it\/people\/giulio-galdi\/#breadcrumb","itemListElement":[{"@type":"ListItem","position":1,"name":"Home","item":"https:\/\/euricse.eu\/it\/"},{"@type":"ListItem","position":2,"name":"Persone","item":"https:\/\/euricse.eu\/it\/people\/"},{"@type":"ListItem","position":3,"name":"Giulio Galdi"}]},{"@type":"WebSite","@id":"https:\/\/euricse.eu\/en\/#website","url":"https:\/\/euricse.eu\/en\/","name":"Euricse","description":"Knowledge and innovation for cooperative and social enterprises.","potentialAction":[{"@type":"SearchAction","target":{"@type":"EntryPoint","urlTemplate":"https:\/\/euricse.eu\/en\/?s={search_term_string}"},"query-input":{"@type":"PropertyValueSpecification","valueRequired":true,"valueName":"search_term_string"}}],"inLanguage":"it-IT"}]}},"_links":{"self":[{"href":"https:\/\/euricse.eu\/it\/wp-json\/wp\/v2\/peoples\/25091","targetHints":{"allow":["GET"]}}],"collection":[{"href":"https:\/\/euricse.eu\/it\/wp-json\/wp\/v2\/peoples"}],"about":[{"href":"https:\/\/euricse.eu\/it\/wp-json\/wp\/v2\/types\/peoples"}],"author":[{"embeddable":true,"href":"https:\/\/euricse.eu\/it\/wp-json\/wp\/v2\/users\/32"}],"replies":[{"embeddable":true,"href":"https:\/\/euricse.eu\/it\/wp-json\/wp\/v2\/comments?post=25091"}],"version-history":[{"count":2,"href":"https:\/\/euricse.eu\/it\/wp-json\/wp\/v2\/peoples\/25091\/revisions"}],"predecessor-version":[{"id":28209,"href":"https:\/\/euricse.eu\/it\/wp-json\/wp\/v2\/peoples\/25091\/revisions\/28209"}],"wp:featuredmedia":[{"embeddable":true,"href":"https:\/\/euricse.eu\/it\/wp-json\/wp\/v2\/media\/25373"}],"wp:attachment":[{"href":"https:\/\/euricse.eu\/it\/wp-json\/wp\/v2\/media?parent=25091"}],"curies":[{"name":"wp","href":"https:\/\/api.w.org\/{rel}","templated":true}]}}

<p>Giulio Galdi è laureato in Scienze dell&#8217;Economia all&#8217;Università di Pisa e ha conseguito un Dottorato di Ricerca in Economia dello Sviluppo e Sistemi Locali nel 2019, presso le Università di Trento e Firenze. La sua tesi ha discusso gli impatti del cambiamento climatico sulla diseguaglianza e gli scambi commerciali e si è aggiudicata il Premio Colombaria 2022 dell&#8217;omonima Accademia.</p>
<p>Dal 2019 al 2021 ha svolto attività di ricerca e valutazione sulla politica climatica europea presso l&#8217;Università di Siena e l&#8217;Istituto Universitario Europeo di Fiesole. Successivamente, presso l&#8217;Università di Trento, ha condotto studi su consumi energetici e risparmio idrico in agricoltura come assegnista di ricerca (2021-2024).</p>
<p>Attualmente è ricercatore experienced presso Euricse, dove si occupa di analisi economica delle cooperative e studia l’adozione di tecnologie e pratiche innovative per la doppia transizione.</p>
<p>Ha maturato esperienza nell’insegnamento universitario in corsi triennali, magistrali e di dottorato e si dedica alla divulgazione su temi ambientali e climatici tramite articoli, interviste e video lezioni online.</p>

<p>Giulio Galdi è laureato in Scienze dell&#8217;Economia all&#8217;Università di Pisa e ha conseguito un Dottorato di Ricerca in Economia dello Sviluppo e Sistemi Locali nel 2019, presso le Università di Trento e Firenze. La sua tesi ha discusso gli impatti del cambiamento climatico sulla diseguaglianza e gli scambi commerciali e si è aggiudicata il Premio Colombaria [&hellip;]</p>

<!-- This site is optimized with the Yoast SEO plugin v26.1.1 - https://yoast.com/wordpress/plugins/seo/ -->
<title>Giulio Galdi - Euricse</title>
<meta name="robots" content="index, follow, max-snippet:-1, max-image-preview:large, max-video-preview:-1" />
<link rel="canonical" href="https://euricse.eu/it/people/giulio-galdi/" />
<meta property="og:locale" content="it_IT" />
<meta property="og:type" content="article" />
<meta property="og:title" content="Giulio Galdi - Euricse" />
<meta property="og:description" content="Giulio Galdi è laureato in Scienze dell&#8217;Economia all&#8217;Università di Pisa e ha conseguito un Dottorato di Ricerca in Economia dello Sviluppo e Sistemi Locali nel 2019, presso le Università di Trento e Firenze. La sua tesi ha discusso gli impatti del cambiamento climatico sulla diseguaglianza e gli scambi commerciali e si è aggiudicata il Premio Colombaria [&hellip;]" />
<meta property="og:url" content="https://euricse.eu/it/people/giulio-galdi/" />
<meta property="og:site_name" content="Euricse" />
<meta property="article:modified_time" content="2025-10-24T11:17:07+00:00" />
<meta property="og:image" content="https://euricse.eu/wp-content/uploads/2024/12/GiulioGaldi001-7-scaled-e1736848960871.jpg" />
	<meta property="og:image:width" content="1118" />
	<meta property="og:image:height" content="1118" />
	<meta property="og:image:type" content="image/jpeg" />
<meta name="twitter:card" content="summary_large_image" />
<meta name="twitter:label1" content="Tempo di lettura stimato" />
	<meta name="twitter:data1" content="2 minuti" />
<script type="application/ld+json" class="yoast-schema-graph">{"@context":"https://schema.org","@graph":[{"@type":"WebPage","@id":"https://euricse.eu/it/people/giulio-galdi/","url":"https://euricse.eu/it/people/giulio-galdi/","name":"Giulio Galdi - Euricse","isPartOf":{"@id":"https://euricse.eu/en/#website"},"primaryImageOfPage":{"@id":"https://euricse.eu/it/people/giulio-galdi/#primaryimage"},"image":{"@id":"https://euricse.eu/it/people/giulio-galdi/#primaryimage"},"thumbnailUrl":"https://euricse.eu/wp-content/uploads/2024/12/GiulioGaldi001-7-scaled-e1736848960871.jpg","datePublished":"2024-12-20T15:29:37+00:00","dateModified":"2025-10-24T11:17:07+00:00","breadcrumb":{"@id":"https://euricse.eu/it/people/giulio-galdi/#breadcrumb"},"inLanguage":"it-IT","potentialAction":[{"@type":"ReadAction","target":["https://euricse.eu/it/people/giulio-galdi/"]}]},{"@type":"ImageObject","inLanguage":"it-IT","@id":"https://euricse.eu/it/people/giulio-galdi/#primaryimage","url":"https://euricse.eu/wp-content/uploads/2024/12/GiulioGaldi001-7-scaled-e1736848960871.jpg","contentUrl":"https://euricse.eu/wp-content/uploads/2024/12/GiulioGaldi001-7-scaled-e1736848960871.jpg","width":1118,"height":1118,"caption":"Ritratto Euricse 2025 Giulio Galdi (foto Daniele Panato/Agenzia Panato)"},{"@type":"BreadcrumbList","@id":"https://euricse.eu/it/people/giulio-galdi/#breadcrumb","itemListElement":[{"@type":"ListItem","position":1,"name":"Home","item":"https://euricse.eu/it/"},{"@type":"ListItem","position":2,"name":"Persone","item":"https://euricse.eu/it/people/"},{"@type":"ListItem","position":3,"name":"Giulio Galdi"}]},{"@type":"WebSite","@id":"https://euricse.eu/en/#website","url":"https://euricse.eu/en/","name":"Euricse","description":"Knowledge and innovation for cooperative and social enterprises.","potentialAction":[{"@type":"SearchAction","target":{"@type":"EntryPoint","urlTemplate":"https://euricse.eu/en/?s={search_term_string}"},"query-input":{"@type":"PropertyValueSpecification","valueRequired":true,"valueName":"search_term_string"}}],"inLanguage":"it-IT"}]}</script>
<!-- / Yoast SEO plugin. -->

Giulio Galdi è laureato in Scienze dell&#8217;Economia all&#8217;Università di Pisa e ha conseguito un Dottorato di Ricerca in Economia dello Sviluppo e Sistemi Locali nel 2019, presso le Università di Trento e Firenze. La sua tesi ha discusso gli impatti del cambiamento climatico sulla diseguaglianza e gli scambi commerciali e si è aggiudicata il Premio Colombaria [&hellip;]
