{"id":252,"date":"2015-02-22T16:28:57","date_gmt":"2015-02-22T16:28:57","guid":{"rendered":"https:\/\/euricse.staging.hgblu.com\/?post_type=peoples&#038;p=252"},"modified":"2024-03-27T10:37:55","modified_gmt":"2024-03-27T10:37:55","slug":"luca-fazzi-2","status":"publish","type":"peoples","link":"https:\/\/euricse.eu\/it\/people\/luca-fazzi-2\/","title":{"rendered":"Luca Fazzi"},"content":{"rendered":"<p style=\"text-align: justify;\">Luca Fazzi \u00e8 laureato in Sociologia presso l\u2019Universit\u00e0 degli Studi di Trento, presso la quale ha poi ottenuto il titolo di dottore di ricerca in Sociologia e Ricerca Sociale nel 1995. Si \u00e8 specializzato in Sociologia Politica presso l\u2019Universit\u00e0 di Regensburg (Germania) e in Etnologia presso l\u2019Universit\u00e0 di Fribourg (Svizzera). Oggi \u00e8 professore ordinario di Sociologia presso il Dipartimento di Sociologia e Ricerca Sociale dell&#8217;Universit\u00e0 degli Studi di Trento.<\/p>\n<p style=\"text-align: justify;\">I suoi principali interessi di ricerca riguardano l\u2019analisi e l\u2019interpretazione dell\u2019evoluzione delle organizzazioni nonprofit. i processi di riforma dei servizi sociali con particolare attenzione al tema del managerialismo, la struttura e la dinamica delle politiche sociali a livello nazionale e internazionale e lo studio delle politiche partecipative e di cittadinanza attiva.<\/p>\n<p>&nbsp;<\/p>\n<div id=\"footer\">\n<footer id=\"du-footer\" class=\"container\">\n<div class=\"row\">\n<p>Tra le sue principali e pi\u00f9 recenti pubblicazioni vi sono:<\/p>\n<\/div>\n<\/footer>\n<\/div>\n<ul>\n<li>Fazzi, Luca, <em>Il welfare mix<\/em>\u00a0in Gori Cristiano (a cura di), <em><a href=\"https:\/\/www.mondadoristore.it\/politiche-del-welfare-sociale-na\/eai978886184937\/?utm_source=googleshopping&amp;utm_medium=listing&amp;utm_campaign=cpc&amp;gclid=Cj0KCQjw29CRBhCUARIsAOboZbJl0pnX8n2PicxtcfHSszBe93wX-RQ-7qvAp7o7H_FYRSMnQGeMVbcaAuF-EALw_wcB&amp;gclsrc=aw.ds\" target=\"_blank\" rel=\"noopener\">Le politiche del welfare sociale<\/a>,<\/em> Milano: Mondadori, 2022, p. 127-140. &#8211; ISBN: 978-88-6184-672-2.<\/li>\n<li>Fazzi, Luca, <em><a href=\"https:\/\/www.rivistaimpresasociale.it\/rivista\/articolo\/coprogettare-e-coprogrammare-i-vecchi-dilemmi-di-una-nuova-stazione-del-welfare-locale\" target=\"_blank\" rel=\"noopener\">Coprogettare e coprogrammare: i vecchi dilemmi di una nuova stagione del welfare locale<\/a><\/em>\u00a0in IMPRESA SOCIALE, v. 2021, n. 3 (2021).<\/li>\n<li>Fazzi, Luca, <em>Sviluppo legale e ecosostenibile nelle aree svantaggiate del sud Italia: il ruolo delle imprese sociali,<\/em>\u00a0in <a href=\"https:\/\/www.francoangeli.it\/Riviste\/sommario.aspx?IDRivista=54&amp;lingua=EN\" target=\"_blank\" rel=\"noopener\">Sociologia<\/a><a href=\"https:\/\/www.francoangeli.it\/Riviste\/sommario.aspx?IDRivista=54&amp;lingua=EN\" target=\"_blank\" rel=\"noopener\"> Urbana e Rurale<\/a>, v. 126, n. 3 (2021), p. 62-79. DOI: 10.3280\/ SUR2020-123002.<\/li>\n<li>Fazzi, Luca, <em><a href=\"https:\/\/www.francoangeli.it\/Ricerca\/scheda_libro.aspx?Id=25869\" target=\"_blank\" rel=\"noopener\">Costruire l&#8217;innovazione nel terzo settore e nelle imprese sociali<\/a><strong>,<\/strong><\/em> Milano: FrancoAngeli, 2019, 236 p. &#8211; ISBN: 978-88-917-8866-5.<\/li>\n<\/ul>\n","protected":false},"excerpt":{"rendered":"<p>Luca Fazzi \u00e8 laureato in Sociologia presso l\u2019Universit\u00e0 degli Studi di Trento, presso la quale ha poi ottenuto il titolo di dottore di ricerca in Sociologia e Ricerca Sociale nel 1995. Si \u00e8 specializzato in Sociologia Politica presso l\u2019Universit\u00e0 di Regensburg (Germania) e in Etnologia presso l\u2019Universit\u00e0 di Fribourg (Svizzera). Oggi \u00e8 professore ordinario di [&hellip;]<\/p>\n","protected":false},"author":32,"featured_media":18636,"parent":0,"comment_status":"closed","ping_status":"closed","template":"","meta":{"_acf_changed":false,"episode_type":"","audio_file":"","cover_image":"","cover_image_id":"","duration":"","filesize":"","date_recorded":"","explicit":"","block":"","itunes_episode_number":"","itunes_title":"","itunes_season_number":"","itunes_episode_type":"","filesize_raw":"","footnotes":""},"class_list":["post-252","peoples","type-peoples","status-publish","has-post-thumbnail","hentry"],"acf":[],"yoast_head":"<!-- This site is optimized with the Yoast SEO plugin v26.1.1 - https:\/\/yoast.com\/wordpress\/plugins\/seo\/ -->\n<title>Luca Fazzi - Euricse<\/title>\n<meta name=\"robots\" content=\"index, follow, max-snippet:-1, max-image-preview:large, max-video-preview:-1\" \/>\n<link rel=\"canonical\" href=\"https:\/\/euricse.eu\/it\/people\/luca-fazzi-2\/\" \/>\n<meta property=\"og:locale\" content=\"it_IT\" \/>\n<meta property=\"og:type\" content=\"article\" \/>\n<meta property=\"og:title\" content=\"Luca Fazzi - Euricse\" \/>\n<meta property=\"og:description\" content=\"Luca Fazzi \u00e8 laureato in Sociologia presso l\u2019Universit\u00e0 degli Studi di Trento, presso la quale ha poi ottenuto il titolo di dottore di ricerca in Sociologia e Ricerca Sociale nel 1995. Si \u00e8 specializzato in Sociologia Politica presso l\u2019Universit\u00e0 di Regensburg (Germania) e in Etnologia presso l\u2019Universit\u00e0 di Fribourg (Svizzera). Oggi \u00e8 professore ordinario di [&hellip;]\" \/>\n<meta property=\"og:url\" content=\"https:\/\/euricse.eu\/it\/people\/luca-fazzi-2\/\" \/>\n<meta property=\"og:site_name\" content=\"Euricse\" \/>\n<meta property=\"article:modified_time\" content=\"2024-03-27T10:37:55+00:00\" \/>\n<meta property=\"og:image\" content=\"https:\/\/euricse.eu\/wp-content\/uploads\/2023\/03\/Luca-Fazzi-e1677686641644.jpg\" \/>\n\t<meta property=\"og:image:width\" content=\"1040\" \/>\n\t<meta property=\"og:image:height\" content=\"1158\" \/>\n\t<meta property=\"og:image:type\" content=\"image\/jpeg\" \/>\n<meta name=\"twitter:card\" content=\"summary_large_image\" \/>\n<meta name=\"twitter:label1\" content=\"Tempo di lettura stimato\" \/>\n\t<meta name=\"twitter:data1\" content=\"2 minuti\" \/>\n<script type=\"application\/ld+json\" class=\"yoast-schema-graph\">{\"@context\":\"https:\/\/schema.org\",\"@graph\":[{\"@type\":\"WebPage\",\"@id\":\"https:\/\/euricse.eu\/it\/people\/luca-fazzi-2\/\",\"url\":\"https:\/\/euricse.eu\/it\/people\/luca-fazzi-2\/\",\"name\":\"Luca Fazzi - Euricse\",\"isPartOf\":{\"@id\":\"https:\/\/euricse.eu\/en\/#website\"},\"primaryImageOfPage\":{\"@id\":\"https:\/\/euricse.eu\/it\/people\/luca-fazzi-2\/#primaryimage\"},\"image\":{\"@id\":\"https:\/\/euricse.eu\/it\/people\/luca-fazzi-2\/#primaryimage\"},\"thumbnailUrl\":\"https:\/\/euricse.eu\/wp-content\/uploads\/2023\/03\/Luca-Fazzi-e1711536604455.jpg\",\"datePublished\":\"2015-02-22T16:28:57+00:00\",\"dateModified\":\"2024-03-27T10:37:55+00:00\",\"breadcrumb\":{\"@id\":\"https:\/\/euricse.eu\/it\/people\/luca-fazzi-2\/#breadcrumb\"},\"inLanguage\":\"it-IT\",\"potentialAction\":[{\"@type\":\"ReadAction\",\"target\":[\"https:\/\/euricse.eu\/it\/people\/luca-fazzi-2\/\"]}]},{\"@type\":\"ImageObject\",\"inLanguage\":\"it-IT\",\"@id\":\"https:\/\/euricse.eu\/it\/people\/luca-fazzi-2\/#primaryimage\",\"url\":\"https:\/\/euricse.eu\/wp-content\/uploads\/2023\/03\/Luca-Fazzi-e1711536604455.jpg\",\"contentUrl\":\"https:\/\/euricse.eu\/wp-content\/uploads\/2023\/03\/Luca-Fazzi-e1711536604455.jpg\",\"width\":799,\"height\":800},{\"@type\":\"BreadcrumbList\",\"@id\":\"https:\/\/euricse.eu\/it\/people\/luca-fazzi-2\/#breadcrumb\",\"itemListElement\":[{\"@type\":\"ListItem\",\"position\":1,\"name\":\"Home\",\"item\":\"https:\/\/euricse.eu\/it\/\"},{\"@type\":\"ListItem\",\"position\":2,\"name\":\"Persone\",\"item\":\"https:\/\/euricse.eu\/it\/people\/\"},{\"@type\":\"ListItem\",\"position\":3,\"name\":\"Luca Fazzi\"}]},{\"@type\":\"WebSite\",\"@id\":\"https:\/\/euricse.eu\/en\/#website\",\"url\":\"https:\/\/euricse.eu\/en\/\",\"name\":\"Euricse\",\"description\":\"Knowledge and innovation for cooperative and social enterprises.\",\"potentialAction\":[{\"@type\":\"SearchAction\",\"target\":{\"@type\":\"EntryPoint\",\"urlTemplate\":\"https:\/\/euricse.eu\/en\/?s={search_term_string}\"},\"query-input\":{\"@type\":\"PropertyValueSpecification\",\"valueRequired\":true,\"valueName\":\"search_term_string\"}}],\"inLanguage\":\"it-IT\"}]}<\/script>\n<!-- \/ Yoast SEO plugin. -->","yoast_head_json":{"title":"Luca Fazzi - Euricse","robots":{"index":"index","follow":"follow","max-snippet":"max-snippet:-1","max-image-preview":"max-image-preview:large","max-video-preview":"max-video-preview:-1"},"canonical":"https:\/\/euricse.eu\/it\/people\/luca-fazzi-2\/","og_locale":"it_IT","og_type":"article","og_title":"Luca Fazzi - Euricse","og_description":"Luca Fazzi \u00e8 laureato in Sociologia presso l\u2019Universit\u00e0 degli Studi di Trento, presso la quale ha poi ottenuto il titolo di dottore di ricerca in Sociologia e Ricerca Sociale nel 1995. Si \u00e8 specializzato in Sociologia Politica presso l\u2019Universit\u00e0 di Regensburg (Germania) e in Etnologia presso l\u2019Universit\u00e0 di Fribourg (Svizzera). Oggi \u00e8 professore ordinario di [&hellip;]","og_url":"https:\/\/euricse.eu\/it\/people\/luca-fazzi-2\/","og_site_name":"Euricse","article_modified_time":"2024-03-27T10:37:55+00:00","og_image":[{"width":1040,"height":1158,"url":"https:\/\/euricse.eu\/wp-content\/uploads\/2023\/03\/Luca-Fazzi-e1677686641644.jpg","type":"image\/jpeg"}],"twitter_card":"summary_large_image","twitter_misc":{"Tempo di lettura stimato":"2 minuti"},"schema":{"@context":"https:\/\/schema.org","@graph":[{"@type":"WebPage","@id":"https:\/\/euricse.eu\/it\/people\/luca-fazzi-2\/","url":"https:\/\/euricse.eu\/it\/people\/luca-fazzi-2\/","name":"Luca Fazzi - Euricse","isPartOf":{"@id":"https:\/\/euricse.eu\/en\/#website"},"primaryImageOfPage":{"@id":"https:\/\/euricse.eu\/it\/people\/luca-fazzi-2\/#primaryimage"},"image":{"@id":"https:\/\/euricse.eu\/it\/people\/luca-fazzi-2\/#primaryimage"},"thumbnailUrl":"https:\/\/euricse.eu\/wp-content\/uploads\/2023\/03\/Luca-Fazzi-e1711536604455.jpg","datePublished":"2015-02-22T16:28:57+00:00","dateModified":"2024-03-27T10:37:55+00:00","breadcrumb":{"@id":"https:\/\/euricse.eu\/it\/people\/luca-fazzi-2\/#breadcrumb"},"inLanguage":"it-IT","potentialAction":[{"@type":"ReadAction","target":["https:\/\/euricse.eu\/it\/people\/luca-fazzi-2\/"]}]},{"@type":"ImageObject","inLanguage":"it-IT","@id":"https:\/\/euricse.eu\/it\/people\/luca-fazzi-2\/#primaryimage","url":"https:\/\/euricse.eu\/wp-content\/uploads\/2023\/03\/Luca-Fazzi-e1711536604455.jpg","contentUrl":"https:\/\/euricse.eu\/wp-content\/uploads\/2023\/03\/Luca-Fazzi-e1711536604455.jpg","width":799,"height":800},{"@type":"BreadcrumbList","@id":"https:\/\/euricse.eu\/it\/people\/luca-fazzi-2\/#breadcrumb","itemListElement":[{"@type":"ListItem","position":1,"name":"Home","item":"https:\/\/euricse.eu\/it\/"},{"@type":"ListItem","position":2,"name":"Persone","item":"https:\/\/euricse.eu\/it\/people\/"},{"@type":"ListItem","position":3,"name":"Luca Fazzi"}]},{"@type":"WebSite","@id":"https:\/\/euricse.eu\/en\/#website","url":"https:\/\/euricse.eu\/en\/","name":"Euricse","description":"Knowledge and innovation for cooperative and social enterprises.","potentialAction":[{"@type":"SearchAction","target":{"@type":"EntryPoint","urlTemplate":"https:\/\/euricse.eu\/en\/?s={search_term_string}"},"query-input":{"@type":"PropertyValueSpecification","valueRequired":true,"valueName":"search_term_string"}}],"inLanguage":"it-IT"}]}},"_links":{"self":[{"href":"https:\/\/euricse.eu\/it\/wp-json\/wp\/v2\/peoples\/252","targetHints":{"allow":["GET"]}}],"collection":[{"href":"https:\/\/euricse.eu\/it\/wp-json\/wp\/v2\/peoples"}],"about":[{"href":"https:\/\/euricse.eu\/it\/wp-json\/wp\/v2\/types\/peoples"}],"author":[{"embeddable":true,"href":"https:\/\/euricse.eu\/it\/wp-json\/wp\/v2\/users\/32"}],"replies":[{"embeddable":true,"href":"https:\/\/euricse.eu\/it\/wp-json\/wp\/v2\/comments?post=252"}],"version-history":[{"count":1,"href":"https:\/\/euricse.eu\/it\/wp-json\/wp\/v2\/peoples\/252\/revisions"}],"predecessor-version":[{"id":22662,"href":"https:\/\/euricse.eu\/it\/wp-json\/wp\/v2\/peoples\/252\/revisions\/22662"}],"wp:featuredmedia":[{"embeddable":true,"href":"https:\/\/euricse.eu\/it\/wp-json\/wp\/v2\/media\/18636"}],"wp:attachment":[{"href":"https:\/\/euricse.eu\/it\/wp-json\/wp\/v2\/media?parent=252"}],"curies":[{"name":"wp","href":"https:\/\/api.w.org\/{rel}","templated":true}]}}

<p style="text-align: justify;">Luca Fazzi è laureato in Sociologia presso l’Università degli Studi di Trento, presso la quale ha poi ottenuto il titolo di dottore di ricerca in Sociologia e Ricerca Sociale nel 1995. Si è specializzato in Sociologia Politica presso l’Università di Regensburg (Germania) e in Etnologia presso l’Università di Fribourg (Svizzera). Oggi è professore ordinario di Sociologia presso il Dipartimento di Sociologia e Ricerca Sociale dell&#8217;Università degli Studi di Trento.</p>
<p style="text-align: justify;">I suoi principali interessi di ricerca riguardano l’analisi e l’interpretazione dell’evoluzione delle organizzazioni nonprofit. i processi di riforma dei servizi sociali con particolare attenzione al tema del managerialismo, la struttura e la dinamica delle politiche sociali a livello nazionale e internazionale e lo studio delle politiche partecipative e di cittadinanza attiva.</p>
<p>&nbsp;</p>
<div id="footer">
<footer id="du-footer" class="container">
<div class="row">
<p>Tra le sue principali e più recenti pubblicazioni vi sono:</p>
</div>
</footer>
</div>
<ul>
<li>Fazzi, Luca, <em>Il welfare mix</em> in Gori Cristiano (a cura di), <em><a href="https://www.mondadoristore.it/politiche-del-welfare-sociale-na/eai978886184937/?utm_source=googleshopping&amp;utm_medium=listing&amp;utm_campaign=cpc&amp;gclid=Cj0KCQjw29CRBhCUARIsAOboZbJl0pnX8n2PicxtcfHSszBe93wX-RQ-7qvAp7o7H_FYRSMnQGeMVbcaAuF-EALw_wcB&amp;gclsrc=aw.ds" target="_blank" rel="noopener">Le politiche del welfare sociale</a>,</em> Milano: Mondadori, 2022, p. 127-140. &#8211; ISBN: 978-88-6184-672-2.</li>
<li>Fazzi, Luca, <em><a href="https://www.rivistaimpresasociale.it/rivista/articolo/coprogettare-e-coprogrammare-i-vecchi-dilemmi-di-una-nuova-stazione-del-welfare-locale" target="_blank" rel="noopener">Coprogettare e coprogrammare: i vecchi dilemmi di una nuova stagione del welfare locale</a></em> in IMPRESA SOCIALE, v. 2021, n. 3 (2021).</li>
<li>Fazzi, Luca, <em>Sviluppo legale e ecosostenibile nelle aree svantaggiate del sud Italia: il ruolo delle imprese sociali,</em> in <a href="https://www.francoangeli.it/Riviste/sommario.aspx?IDRivista=54&amp;lingua=EN" target="_blank" rel="noopener">Sociologia</a><a href="https://www.francoangeli.it/Riviste/sommario.aspx?IDRivista=54&amp;lingua=EN" target="_blank" rel="noopener"> Urbana e Rurale</a>, v. 126, n. 3 (2021), p. 62-79. DOI: 10.3280/ SUR2020-123002.</li>
<li>Fazzi, Luca, <em><a href="https://www.francoangeli.it/Ricerca/scheda_libro.aspx?Id=25869" target="_blank" rel="noopener">Costruire l&#8217;innovazione nel terzo settore e nelle imprese sociali</a><strong>,</strong></em> Milano: FrancoAngeli, 2019, 236 p. &#8211; ISBN: 978-88-917-8866-5.</li>
</ul>

<p>Luca Fazzi è laureato in Sociologia presso l’Università degli Studi di Trento, presso la quale ha poi ottenuto il titolo di dottore di ricerca in Sociologia e Ricerca Sociale nel 1995. Si è specializzato in Sociologia Politica presso l’Università di Regensburg (Germania) e in Etnologia presso l’Università di Fribourg (Svizzera). Oggi è professore ordinario di [&hellip;]</p>

<!-- This site is optimized with the Yoast SEO plugin v26.1.1 - https://yoast.com/wordpress/plugins/seo/ -->
<title>Luca Fazzi - Euricse</title>
<meta name="robots" content="index, follow, max-snippet:-1, max-image-preview:large, max-video-preview:-1" />
<link rel="canonical" href="https://euricse.eu/it/people/luca-fazzi-2/" />
<meta property="og:locale" content="it_IT" />
<meta property="og:type" content="article" />
<meta property="og:title" content="Luca Fazzi - Euricse" />
<meta property="og:description" content="Luca Fazzi è laureato in Sociologia presso l’Università degli Studi di Trento, presso la quale ha poi ottenuto il titolo di dottore di ricerca in Sociologia e Ricerca Sociale nel 1995. Si è specializzato in Sociologia Politica presso l’Università di Regensburg (Germania) e in Etnologia presso l’Università di Fribourg (Svizzera). Oggi è professore ordinario di [&hellip;]" />
<meta property="og:url" content="https://euricse.eu/it/people/luca-fazzi-2/" />
<meta property="og:site_name" content="Euricse" />
<meta property="article:modified_time" content="2024-03-27T10:37:55+00:00" />
<meta property="og:image" content="https://euricse.eu/wp-content/uploads/2023/03/Luca-Fazzi-e1677686641644.jpg" />
	<meta property="og:image:width" content="1040" />
	<meta property="og:image:height" content="1158" />
	<meta property="og:image:type" content="image/jpeg" />
<meta name="twitter:card" content="summary_large_image" />
<meta name="twitter:label1" content="Tempo di lettura stimato" />
	<meta name="twitter:data1" content="2 minuti" />
<script type="application/ld+json" class="yoast-schema-graph">{"@context":"https://schema.org","@graph":[{"@type":"WebPage","@id":"https://euricse.eu/it/people/luca-fazzi-2/","url":"https://euricse.eu/it/people/luca-fazzi-2/","name":"Luca Fazzi - Euricse","isPartOf":{"@id":"https://euricse.eu/en/#website"},"primaryImageOfPage":{"@id":"https://euricse.eu/it/people/luca-fazzi-2/#primaryimage"},"image":{"@id":"https://euricse.eu/it/people/luca-fazzi-2/#primaryimage"},"thumbnailUrl":"https://euricse.eu/wp-content/uploads/2023/03/Luca-Fazzi-e1711536604455.jpg","datePublished":"2015-02-22T16:28:57+00:00","dateModified":"2024-03-27T10:37:55+00:00","breadcrumb":{"@id":"https://euricse.eu/it/people/luca-fazzi-2/#breadcrumb"},"inLanguage":"it-IT","potentialAction":[{"@type":"ReadAction","target":["https://euricse.eu/it/people/luca-fazzi-2/"]}]},{"@type":"ImageObject","inLanguage":"it-IT","@id":"https://euricse.eu/it/people/luca-fazzi-2/#primaryimage","url":"https://euricse.eu/wp-content/uploads/2023/03/Luca-Fazzi-e1711536604455.jpg","contentUrl":"https://euricse.eu/wp-content/uploads/2023/03/Luca-Fazzi-e1711536604455.jpg","width":799,"height":800},{"@type":"BreadcrumbList","@id":"https://euricse.eu/it/people/luca-fazzi-2/#breadcrumb","itemListElement":[{"@type":"ListItem","position":1,"name":"Home","item":"https://euricse.eu/it/"},{"@type":"ListItem","position":2,"name":"Persone","item":"https://euricse.eu/it/people/"},{"@type":"ListItem","position":3,"name":"Luca Fazzi"}]},{"@type":"WebSite","@id":"https://euricse.eu/en/#website","url":"https://euricse.eu/en/","name":"Euricse","description":"Knowledge and innovation for cooperative and social enterprises.","potentialAction":[{"@type":"SearchAction","target":{"@type":"EntryPoint","urlTemplate":"https://euricse.eu/en/?s={search_term_string}"},"query-input":{"@type":"PropertyValueSpecification","valueRequired":true,"valueName":"search_term_string"}}],"inLanguage":"it-IT"}]}</script>
<!-- / Yoast SEO plugin. -->

Luca Fazzi è laureato in Sociologia presso l’Università degli Studi di Trento, presso la quale ha poi ottenuto il titolo di dottore di ricerca in Sociologia e Ricerca Sociale nel 1995. Si è specializzato in Sociologia Politica presso l’Università di Regensburg (Germania) e in Etnologia presso l’Università di Fribourg (Svizzera). Oggi è professore ordinario di [&hellip;]
