{"id":258,"date":"2015-02-23T15:25:48","date_gmt":"2015-02-23T15:25:48","guid":{"rendered":"https:\/\/euricse.staging.hgblu.com\/?post_type=peoples&#038;p=258"},"modified":"2024-03-27T15:29:23","modified_gmt":"2024-03-27T15:29:23","slug":"silvio-goglio","status":"publish","type":"peoples","link":"https:\/\/euricse.eu\/it\/people\/silvio-goglio\/","title":{"rendered":"Silvio Goglio"},"content":{"rendered":"<p>Silvio Goglio \u00e8 laureato in Sociologia presso l&#8217;Universit\u00e0 degli Studi di Trento e si \u00e8 specializzato in Economia politica presso l\u2019Istao di Ancona e in ricerca sociale presso il Graduate Center della City University di New York. Dal 1976 al 1985 \u00e8 stato professore incaricato e poi stabilizzato e dal 1985 professore associato di Economia politica presso l\u2019Universit\u00e0 degli Studi Trento. Ha svolto attivit\u00e0 di ricerca in sviluppo regionale presso il Department of Geography dell\u2019Universit\u00e0 di Durham (U.K.), l\u2019Istituto di Economia dell\u2019Accademia Ungherese delle Scienze a Budapest, il Centre d\u2019Estudis i Planificaci\u00f2 (CEP) di Barcellona e l\u2019Italian American Institute della City University di New York.<\/p>\n<p>Attualmente \u00e8 coordinatore dell\u2019Area di ricerca Cooperazione e sviluppo locale presso Euricse e fa parte del Collegio dei docenti della scuola di Dottorato in Local Development and Global Dynamics dell\u2019Universit\u00e0 di Trento. \u00c8 membro del Comitato Editoriale di diverse riviste tra cui Sviluppo locale, Rassegna e della rivista scientifica di Euricse <a href=\"https:\/\/jeodonline.com\/\" target=\"_blank\" rel=\"noopener\">JEOD<\/a>, The Journal of Enterpreneurial and Organizational Diversity.<\/p>\n<p>&nbsp;<\/p>\n<p>Tra le sue principali e pi\u00f9 recenti pubblicazioni vi sono:<\/p>\n<ul>\n<li>Catturani, Ivana; Goglio, Silvio, <em>Per una riattualizzazione delle banche di credito cooperativo<\/em>\u00a0in Borzaga, Carlo (a cura di), <a href=\"https:\/\/euricse.eu\/it\/publications\/cooperative-da-riscoprire-dieci-tesi-controcorrente\/\" target=\"_blank\" rel=\"noopener\">Cooperative da riscoprire<\/a>, Roma: Donzelli Editore srl, (2018). &#8211; ISBN: 9788868438609.<\/li>\n<li>Goglio, Silvio; Catturani, Ivana,<em>\u00a0<a href=\"https:\/\/www.ecralibri.it\/online\/prodotto\/la-governance-delle-bcc\/\" target=\"_blank\" rel=\"noopener\">La governance delle banche di credito cooperativo<\/a>,<\/em> Roma: Ecra, (2016). &#8211; ISBN: 9788865581803.<\/li>\n<li>Goglio, Silvio, <em><a href=\"https:\/\/www.ecralibri.it\/online\/prodotto\/banche-di-credito-cooperativo-e-sviluppo-locale\/\" target=\"_blank\" rel=\"noopener\">Banche di credito cooperativo e sviluppo locale<\/a>,<\/em> Roma: Ecra, 2012, 31 p. &#8211; ISBN: 9788865580530.<\/li>\n<\/ul>\n","protected":false},"excerpt":{"rendered":"<p>Silvio Goglio \u00e8 laureato in Sociologia presso l&#8217;Universit\u00e0 degli Studi di Trento e si \u00e8 specializzato in Economia politica presso l\u2019Istao di Ancona e in ricerca sociale presso il Graduate Center della City University di New York. Dal 1976 al 1985 \u00e8 stato professore incaricato e poi stabilizzato e dal 1985 professore associato di Economia [&hellip;]<\/p>\n","protected":false},"author":32,"featured_media":22675,"parent":0,"comment_status":"closed","ping_status":"closed","template":"","meta":{"_acf_changed":false,"episode_type":"","audio_file":"","cover_image":"","cover_image_id":"","duration":"","filesize":"","date_recorded":"","explicit":"","block":"","itunes_episode_number":"","itunes_title":"","itunes_season_number":"","itunes_episode_type":"","filesize_raw":"","footnotes":""},"class_list":["post-258","peoples","type-peoples","status-publish","has-post-thumbnail","hentry"],"acf":[],"yoast_head":"<!-- This site is optimized with the Yoast SEO plugin v26.1.1 - https:\/\/yoast.com\/wordpress\/plugins\/seo\/ -->\n<title>Silvio Goglio - Euricse<\/title>\n<meta name=\"robots\" content=\"index, follow, max-snippet:-1, max-image-preview:large, max-video-preview:-1\" \/>\n<link rel=\"canonical\" href=\"https:\/\/euricse.eu\/it\/people\/silvio-goglio\/\" \/>\n<meta property=\"og:locale\" content=\"it_IT\" \/>\n<meta property=\"og:type\" content=\"article\" \/>\n<meta property=\"og:title\" content=\"Silvio Goglio - Euricse\" \/>\n<meta property=\"og:description\" content=\"Silvio Goglio \u00e8 laureato in Sociologia presso l&#8217;Universit\u00e0 degli Studi di Trento e si \u00e8 specializzato in Economia politica presso l\u2019Istao di Ancona e in ricerca sociale presso il Graduate Center della City University di New York. Dal 1976 al 1985 \u00e8 stato professore incaricato e poi stabilizzato e dal 1985 professore associato di Economia [&hellip;]\" \/>\n<meta property=\"og:url\" content=\"https:\/\/euricse.eu\/it\/people\/silvio-goglio\/\" \/>\n<meta property=\"og:site_name\" content=\"Euricse\" \/>\n<meta property=\"article:modified_time\" content=\"2024-03-27T15:29:23+00:00\" \/>\n<meta property=\"og:image\" content=\"https:\/\/euricse.eu\/wp-content\/uploads\/2015\/02\/Silvio-Goglio-e1711553353865.jpg\" \/>\n\t<meta property=\"og:image:width\" content=\"501\" \/>\n\t<meta property=\"og:image:height\" content=\"501\" \/>\n\t<meta property=\"og:image:type\" content=\"image\/jpeg\" \/>\n<meta name=\"twitter:card\" content=\"summary_large_image\" \/>\n<meta name=\"twitter:label1\" content=\"Tempo di lettura stimato\" \/>\n\t<meta name=\"twitter:data1\" content=\"2 minuti\" \/>\n<script type=\"application\/ld+json\" class=\"yoast-schema-graph\">{\"@context\":\"https:\/\/schema.org\",\"@graph\":[{\"@type\":\"WebPage\",\"@id\":\"https:\/\/euricse.eu\/it\/people\/silvio-goglio\/\",\"url\":\"https:\/\/euricse.eu\/it\/people\/silvio-goglio\/\",\"name\":\"Silvio Goglio - Euricse\",\"isPartOf\":{\"@id\":\"https:\/\/euricse.eu\/en\/#website\"},\"primaryImageOfPage\":{\"@id\":\"https:\/\/euricse.eu\/it\/people\/silvio-goglio\/#primaryimage\"},\"image\":{\"@id\":\"https:\/\/euricse.eu\/it\/people\/silvio-goglio\/#primaryimage\"},\"thumbnailUrl\":\"https:\/\/euricse.eu\/wp-content\/uploads\/2015\/02\/Silvio-Goglio-e1711553353865.jpg\",\"datePublished\":\"2015-02-23T15:25:48+00:00\",\"dateModified\":\"2024-03-27T15:29:23+00:00\",\"breadcrumb\":{\"@id\":\"https:\/\/euricse.eu\/it\/people\/silvio-goglio\/#breadcrumb\"},\"inLanguage\":\"it-IT\",\"potentialAction\":[{\"@type\":\"ReadAction\",\"target\":[\"https:\/\/euricse.eu\/it\/people\/silvio-goglio\/\"]}]},{\"@type\":\"ImageObject\",\"inLanguage\":\"it-IT\",\"@id\":\"https:\/\/euricse.eu\/it\/people\/silvio-goglio\/#primaryimage\",\"url\":\"https:\/\/euricse.eu\/wp-content\/uploads\/2015\/02\/Silvio-Goglio-e1711553353865.jpg\",\"contentUrl\":\"https:\/\/euricse.eu\/wp-content\/uploads\/2015\/02\/Silvio-Goglio-e1711553353865.jpg\",\"width\":501,\"height\":501},{\"@type\":\"BreadcrumbList\",\"@id\":\"https:\/\/euricse.eu\/it\/people\/silvio-goglio\/#breadcrumb\",\"itemListElement\":[{\"@type\":\"ListItem\",\"position\":1,\"name\":\"Home\",\"item\":\"https:\/\/euricse.eu\/it\/\"},{\"@type\":\"ListItem\",\"position\":2,\"name\":\"Persone\",\"item\":\"https:\/\/euricse.eu\/it\/people\/\"},{\"@type\":\"ListItem\",\"position\":3,\"name\":\"Silvio Goglio\"}]},{\"@type\":\"WebSite\",\"@id\":\"https:\/\/euricse.eu\/en\/#website\",\"url\":\"https:\/\/euricse.eu\/en\/\",\"name\":\"Euricse\",\"description\":\"Knowledge and innovation for cooperative and social enterprises.\",\"potentialAction\":[{\"@type\":\"SearchAction\",\"target\":{\"@type\":\"EntryPoint\",\"urlTemplate\":\"https:\/\/euricse.eu\/en\/?s={search_term_string}\"},\"query-input\":{\"@type\":\"PropertyValueSpecification\",\"valueRequired\":true,\"valueName\":\"search_term_string\"}}],\"inLanguage\":\"it-IT\"}]}<\/script>\n<!-- \/ Yoast SEO plugin. -->","yoast_head_json":{"title":"Silvio Goglio - Euricse","robots":{"index":"index","follow":"follow","max-snippet":"max-snippet:-1","max-image-preview":"max-image-preview:large","max-video-preview":"max-video-preview:-1"},"canonical":"https:\/\/euricse.eu\/it\/people\/silvio-goglio\/","og_locale":"it_IT","og_type":"article","og_title":"Silvio Goglio - Euricse","og_description":"Silvio Goglio \u00e8 laureato in Sociologia presso l&#8217;Universit\u00e0 degli Studi di Trento e si \u00e8 specializzato in Economia politica presso l\u2019Istao di Ancona e in ricerca sociale presso il Graduate Center della City University di New York. Dal 1976 al 1985 \u00e8 stato professore incaricato e poi stabilizzato e dal 1985 professore associato di Economia [&hellip;]","og_url":"https:\/\/euricse.eu\/it\/people\/silvio-goglio\/","og_site_name":"Euricse","article_modified_time":"2024-03-27T15:29:23+00:00","og_image":[{"width":501,"height":501,"url":"https:\/\/euricse.eu\/wp-content\/uploads\/2015\/02\/Silvio-Goglio-e1711553353865.jpg","type":"image\/jpeg"}],"twitter_card":"summary_large_image","twitter_misc":{"Tempo di lettura stimato":"2 minuti"},"schema":{"@context":"https:\/\/schema.org","@graph":[{"@type":"WebPage","@id":"https:\/\/euricse.eu\/it\/people\/silvio-goglio\/","url":"https:\/\/euricse.eu\/it\/people\/silvio-goglio\/","name":"Silvio Goglio - Euricse","isPartOf":{"@id":"https:\/\/euricse.eu\/en\/#website"},"primaryImageOfPage":{"@id":"https:\/\/euricse.eu\/it\/people\/silvio-goglio\/#primaryimage"},"image":{"@id":"https:\/\/euricse.eu\/it\/people\/silvio-goglio\/#primaryimage"},"thumbnailUrl":"https:\/\/euricse.eu\/wp-content\/uploads\/2015\/02\/Silvio-Goglio-e1711553353865.jpg","datePublished":"2015-02-23T15:25:48+00:00","dateModified":"2024-03-27T15:29:23+00:00","breadcrumb":{"@id":"https:\/\/euricse.eu\/it\/people\/silvio-goglio\/#breadcrumb"},"inLanguage":"it-IT","potentialAction":[{"@type":"ReadAction","target":["https:\/\/euricse.eu\/it\/people\/silvio-goglio\/"]}]},{"@type":"ImageObject","inLanguage":"it-IT","@id":"https:\/\/euricse.eu\/it\/people\/silvio-goglio\/#primaryimage","url":"https:\/\/euricse.eu\/wp-content\/uploads\/2015\/02\/Silvio-Goglio-e1711553353865.jpg","contentUrl":"https:\/\/euricse.eu\/wp-content\/uploads\/2015\/02\/Silvio-Goglio-e1711553353865.jpg","width":501,"height":501},{"@type":"BreadcrumbList","@id":"https:\/\/euricse.eu\/it\/people\/silvio-goglio\/#breadcrumb","itemListElement":[{"@type":"ListItem","position":1,"name":"Home","item":"https:\/\/euricse.eu\/it\/"},{"@type":"ListItem","position":2,"name":"Persone","item":"https:\/\/euricse.eu\/it\/people\/"},{"@type":"ListItem","position":3,"name":"Silvio Goglio"}]},{"@type":"WebSite","@id":"https:\/\/euricse.eu\/en\/#website","url":"https:\/\/euricse.eu\/en\/","name":"Euricse","description":"Knowledge and innovation for cooperative and social enterprises.","potentialAction":[{"@type":"SearchAction","target":{"@type":"EntryPoint","urlTemplate":"https:\/\/euricse.eu\/en\/?s={search_term_string}"},"query-input":{"@type":"PropertyValueSpecification","valueRequired":true,"valueName":"search_term_string"}}],"inLanguage":"it-IT"}]}},"_links":{"self":[{"href":"https:\/\/euricse.eu\/it\/wp-json\/wp\/v2\/peoples\/258","targetHints":{"allow":["GET"]}}],"collection":[{"href":"https:\/\/euricse.eu\/it\/wp-json\/wp\/v2\/peoples"}],"about":[{"href":"https:\/\/euricse.eu\/it\/wp-json\/wp\/v2\/types\/peoples"}],"author":[{"embeddable":true,"href":"https:\/\/euricse.eu\/it\/wp-json\/wp\/v2\/users\/32"}],"replies":[{"embeddable":true,"href":"https:\/\/euricse.eu\/it\/wp-json\/wp\/v2\/comments?post=258"}],"version-history":[{"count":2,"href":"https:\/\/euricse.eu\/it\/wp-json\/wp\/v2\/peoples\/258\/revisions"}],"predecessor-version":[{"id":22678,"href":"https:\/\/euricse.eu\/it\/wp-json\/wp\/v2\/peoples\/258\/revisions\/22678"}],"wp:featuredmedia":[{"embeddable":true,"href":"https:\/\/euricse.eu\/it\/wp-json\/wp\/v2\/media\/22675"}],"wp:attachment":[{"href":"https:\/\/euricse.eu\/it\/wp-json\/wp\/v2\/media?parent=258"}],"curies":[{"name":"wp","href":"https:\/\/api.w.org\/{rel}","templated":true}]}}

<p>Silvio Goglio è laureato in Sociologia presso l&#8217;Università degli Studi di Trento e si è specializzato in Economia politica presso l’Istao di Ancona e in ricerca sociale presso il Graduate Center della City University di New York. Dal 1976 al 1985 è stato professore incaricato e poi stabilizzato e dal 1985 professore associato di Economia politica presso l’Università degli Studi Trento. Ha svolto attività di ricerca in sviluppo regionale presso il Department of Geography dell’Università di Durham (U.K.), l’Istituto di Economia dell’Accademia Ungherese delle Scienze a Budapest, il Centre d’Estudis i Planificaciò (CEP) di Barcellona e l’Italian American Institute della City University di New York.</p>
<p>Attualmente è coordinatore dell’Area di ricerca Cooperazione e sviluppo locale presso Euricse e fa parte del Collegio dei docenti della scuola di Dottorato in Local Development and Global Dynamics dell’Università di Trento. È membro del Comitato Editoriale di diverse riviste tra cui Sviluppo locale, Rassegna e della rivista scientifica di Euricse <a href="https://jeodonline.com/" target="_blank" rel="noopener">JEOD</a>, The Journal of Enterpreneurial and Organizational Diversity.</p>
<p>&nbsp;</p>
<p>Tra le sue principali e più recenti pubblicazioni vi sono:</p>
<ul>
<li>Catturani, Ivana; Goglio, Silvio, <em>Per una riattualizzazione delle banche di credito cooperativo</em> in Borzaga, Carlo (a cura di), <a href="https://euricse.eu/it/publications/cooperative-da-riscoprire-dieci-tesi-controcorrente/" target="_blank" rel="noopener">Cooperative da riscoprire</a>, Roma: Donzelli Editore srl, (2018). &#8211; ISBN: 9788868438609.</li>
<li>Goglio, Silvio; Catturani, Ivana,<em> <a href="https://www.ecralibri.it/online/prodotto/la-governance-delle-bcc/" target="_blank" rel="noopener">La governance delle banche di credito cooperativo</a>,</em> Roma: Ecra, (2016). &#8211; ISBN: 9788865581803.</li>
<li>Goglio, Silvio, <em><a href="https://www.ecralibri.it/online/prodotto/banche-di-credito-cooperativo-e-sviluppo-locale/" target="_blank" rel="noopener">Banche di credito cooperativo e sviluppo locale</a>,</em> Roma: Ecra, 2012, 31 p. &#8211; ISBN: 9788865580530.</li>
</ul>

<p>Silvio Goglio è laureato in Sociologia presso l&#8217;Università degli Studi di Trento e si è specializzato in Economia politica presso l’Istao di Ancona e in ricerca sociale presso il Graduate Center della City University di New York. Dal 1976 al 1985 è stato professore incaricato e poi stabilizzato e dal 1985 professore associato di Economia [&hellip;]</p>

<!-- This site is optimized with the Yoast SEO plugin v26.1.1 - https://yoast.com/wordpress/plugins/seo/ -->
<title>Silvio Goglio - Euricse</title>
<meta name="robots" content="index, follow, max-snippet:-1, max-image-preview:large, max-video-preview:-1" />
<link rel="canonical" href="https://euricse.eu/it/people/silvio-goglio/" />
<meta property="og:locale" content="it_IT" />
<meta property="og:type" content="article" />
<meta property="og:title" content="Silvio Goglio - Euricse" />
<meta property="og:description" content="Silvio Goglio è laureato in Sociologia presso l&#8217;Università degli Studi di Trento e si è specializzato in Economia politica presso l’Istao di Ancona e in ricerca sociale presso il Graduate Center della City University di New York. Dal 1976 al 1985 è stato professore incaricato e poi stabilizzato e dal 1985 professore associato di Economia [&hellip;]" />
<meta property="og:url" content="https://euricse.eu/it/people/silvio-goglio/" />
<meta property="og:site_name" content="Euricse" />
<meta property="article:modified_time" content="2024-03-27T15:29:23+00:00" />
<meta property="og:image" content="https://euricse.eu/wp-content/uploads/2015/02/Silvio-Goglio-e1711553353865.jpg" />
	<meta property="og:image:width" content="501" />
	<meta property="og:image:height" content="501" />
	<meta property="og:image:type" content="image/jpeg" />
<meta name="twitter:card" content="summary_large_image" />
<meta name="twitter:label1" content="Tempo di lettura stimato" />
	<meta name="twitter:data1" content="2 minuti" />
<script type="application/ld+json" class="yoast-schema-graph">{"@context":"https://schema.org","@graph":[{"@type":"WebPage","@id":"https://euricse.eu/it/people/silvio-goglio/","url":"https://euricse.eu/it/people/silvio-goglio/","name":"Silvio Goglio - Euricse","isPartOf":{"@id":"https://euricse.eu/en/#website"},"primaryImageOfPage":{"@id":"https://euricse.eu/it/people/silvio-goglio/#primaryimage"},"image":{"@id":"https://euricse.eu/it/people/silvio-goglio/#primaryimage"},"thumbnailUrl":"https://euricse.eu/wp-content/uploads/2015/02/Silvio-Goglio-e1711553353865.jpg","datePublished":"2015-02-23T15:25:48+00:00","dateModified":"2024-03-27T15:29:23+00:00","breadcrumb":{"@id":"https://euricse.eu/it/people/silvio-goglio/#breadcrumb"},"inLanguage":"it-IT","potentialAction":[{"@type":"ReadAction","target":["https://euricse.eu/it/people/silvio-goglio/"]}]},{"@type":"ImageObject","inLanguage":"it-IT","@id":"https://euricse.eu/it/people/silvio-goglio/#primaryimage","url":"https://euricse.eu/wp-content/uploads/2015/02/Silvio-Goglio-e1711553353865.jpg","contentUrl":"https://euricse.eu/wp-content/uploads/2015/02/Silvio-Goglio-e1711553353865.jpg","width":501,"height":501},{"@type":"BreadcrumbList","@id":"https://euricse.eu/it/people/silvio-goglio/#breadcrumb","itemListElement":[{"@type":"ListItem","position":1,"name":"Home","item":"https://euricse.eu/it/"},{"@type":"ListItem","position":2,"name":"Persone","item":"https://euricse.eu/it/people/"},{"@type":"ListItem","position":3,"name":"Silvio Goglio"}]},{"@type":"WebSite","@id":"https://euricse.eu/en/#website","url":"https://euricse.eu/en/","name":"Euricse","description":"Knowledge and innovation for cooperative and social enterprises.","potentialAction":[{"@type":"SearchAction","target":{"@type":"EntryPoint","urlTemplate":"https://euricse.eu/en/?s={search_term_string}"},"query-input":{"@type":"PropertyValueSpecification","valueRequired":true,"valueName":"search_term_string"}}],"inLanguage":"it-IT"}]}</script>
<!-- / Yoast SEO plugin. -->

Silvio Goglio è laureato in Sociologia presso l&#8217;Università degli Studi di Trento e si è specializzato in Economia politica presso l’Istao di Ancona e in ricerca sociale presso il Graduate Center della City University di New York. Dal 1976 al 1985 è stato professore incaricato e poi stabilizzato e dal 1985 professore associato di Economia [&hellip;]
