{"id":11779,"date":"2021-05-19T11:38:53","date_gmt":"2021-05-19T10:38:53","guid":{"rendered":"https:\/\/euricse.staging.hgblu.com\/?post_type=publications&#038;p=11779"},"modified":"2022-04-06T16:00:11","modified_gmt":"2022-04-06T15:00:11","slug":"limpatto-sociale-ed-economico-del-progettone","status":"publish","type":"publications","link":"https:\/\/euricse.eu\/it\/publications\/limpatto-sociale-ed-economico-del-progettone\/","title":{"rendered":"L&#8217;impatto sociale ed economico del Progettone"},"content":{"rendered":"<p>Dal 1990 tra le politiche attive del lavoro promosse dalla Provincia Autonoma di Trento si annovera il Progettone. Se paragonato ad altre esperienze non solo nazionali di \u201clavori socialmente utili\u201d il Progettone ha una caratteristica unica: fin dall\u2019inizio esso si \u00e8 basato sulla collaborazione tra Provincia e cooperative. Dopo ormai oltre tre decenni di attivit\u00e0 \u00e8 maturata la necessit\u00e0 di domandarsi se e quanto il perseguimento dell\u2019efficacia e dell\u2019equit\u00e0 occupazionale sia riuscito a mantenersi in equilibrio con l\u2019efficienza produttiva degli interventi e, quindi, con l\u2019uso delle risorse pubbliche. Per rispondere a questa domanda<strong> Euricse<\/strong> ha impostato il progetto di ricerca &#8220;L&#8217;impatto sociale ed economico del Progettone&#8221;, finanziato nell\u2019ambito dell\u2019Accordo di Programma con la <strong>Provincia Autonoma di Trento<\/strong>.<\/p>\n<p>Nel primo capitolo del rapporto si ricostruiscono l\u2019evoluzione del Progettone e delle norme che lo hanno regolato e i principali dati storici disponibili con riguardo sia alla numerosit\u00e0 e alle caratteristiche dei lavoratori inseriti che alle risorse finanziarie impiegate. Il secondo e il terzo capitolo si concentrano sugli approfondimenti per l\u2019anno 2018, l\u2019unico per il quale \u00e8 stato possibile ottenere una banca dati sufficientemente completa. Nel secondo, in particolare, si approfondisce la ripartizione della spesa per tipologia di interventi e di lavoratori inseriti e per territori interessati e si conclude con l\u2019analisi di impatto della misura sull\u2019economia provinciale per lo stesso anno. Nel terzo capitolo si valuta invece l\u2019impatto sociale ed economico del Progettone, riflettendo nello specifico sulla dimensione occupazionale e sulla qualit\u00e0 del lavoro, e, soprattutto, riportando i risultati dell\u2019analisi costi-benefici condotta depurando le uscite complessive contabilizzate dalla Provincia Autonoma di Trento (PAT) per il Progettone con le entrate e i risparmi di spesa pubblica (non solo a favore della PAT) determinati dalla misura.<\/p>\n<p>Scarica l&#8217;<a href=\"https:\/\/euricse.eu\/wp-content\/uploads\/2021\/05\/20210519-Ricerca-impatto-Progettone_SUMMARY.pdf\" target=\"_blank\" rel=\"noopener noreferrer\">Executive Summary<\/a><\/p>\n<p>&nbsp;<\/p>\n","protected":false},"excerpt":{"rendered":"<p>Questo \u00e8 il rapporto sull&#8217;impatto sociale ed economico dell&#8217;intervento pubblico nato nel 1985 in Trentino, un modello virtuoso di inserimento di disoccupati in lavori di pubblica utilit\u00e0. <\/p>\n","protected":false},"author":1,"featured_media":11782,"parent":0,"comment_status":"closed","ping_status":"closed","template":"","meta":{"_acf_changed":false,"episode_type":"","audio_file":"","cover_image":"","cover_image_id":"","duration":"","filesize":"","date_recorded":"","explicit":"","block":"","itunes_episode_number":"","itunes_title":"","itunes_season_number":"","itunes_episode_type":"","filesize_raw":"","footnotes":""},"tags":[109,791,801,1000,1001],"class_list":["post-11779","publications","type-publications","status-publish","has-post-thumbnail","hentry","tag-cooperative","tag-cooperative-di-lavoratori","tag-trento","tag-progettone","tag-lavori-socialmente-utili","publications-cat-rapporti","publications-area-politiche-pubbliche","arguments-lavoro-e-lavoratori","organizational_types-cooperative-sociali","organizational_types-cooperative-di-produzione-lavoro"],"acf":[],"yoast_head":"<!-- This site is optimized with the Yoast SEO plugin v26.1.1 - https:\/\/yoast.com\/wordpress\/plugins\/seo\/ -->\n<title>L&#039;impatto sociale ed economico del Progettone - Euricse<\/title>\n<meta name=\"robots\" content=\"index, follow, max-snippet:-1, max-image-preview:large, max-video-preview:-1\" \/>\n<link rel=\"canonical\" href=\"https:\/\/euricse.eu\/it\/publications\/limpatto-sociale-ed-economico-del-progettone\/\" \/>\n<meta property=\"og:locale\" content=\"it_IT\" \/>\n<meta property=\"og:type\" content=\"article\" \/>\n<meta property=\"og:title\" content=\"L&#039;impatto sociale ed economico del Progettone - Euricse\" \/>\n<meta property=\"og:description\" content=\"Questo \u00e8 il rapporto sull&#039;impatto sociale ed economico dell&#039;intervento pubblico nato nel 1985 in Trentino, un modello virtuoso di inserimento di disoccupati in lavori di pubblica utilit\u00e0.\" \/>\n<meta property=\"og:url\" content=\"https:\/\/euricse.eu\/it\/publications\/limpatto-sociale-ed-economico-del-progettone\/\" \/>\n<meta property=\"og:site_name\" content=\"Euricse\" \/>\n<meta property=\"article:modified_time\" content=\"2022-04-06T15:00:11+00:00\" \/>\n<meta property=\"og:image\" content=\"https:\/\/euricse.eu\/wp-content\/uploads\/2021\/05\/copertina-rapporto.png\" \/>\n\t<meta property=\"og:image:width\" content=\"626\" \/>\n\t<meta property=\"og:image:height\" content=\"889\" \/>\n\t<meta property=\"og:image:type\" content=\"image\/png\" \/>\n<meta name=\"twitter:card\" content=\"summary_large_image\" \/>\n<meta name=\"twitter:label1\" content=\"Tempo di lettura stimato\" \/>\n\t<meta name=\"twitter:data1\" content=\"1 minuto\" \/>\n<script type=\"application\/ld+json\" class=\"yoast-schema-graph\">{\"@context\":\"https:\/\/schema.org\",\"@graph\":[{\"@type\":\"WebPage\",\"@id\":\"https:\/\/euricse.eu\/it\/publications\/limpatto-sociale-ed-economico-del-progettone\/\",\"url\":\"https:\/\/euricse.eu\/it\/publications\/limpatto-sociale-ed-economico-del-progettone\/\",\"name\":\"L'impatto sociale ed economico del Progettone - Euricse\",\"isPartOf\":{\"@id\":\"https:\/\/euricse.eu\/en\/#website\"},\"primaryImageOfPage\":{\"@id\":\"https:\/\/euricse.eu\/it\/publications\/limpatto-sociale-ed-economico-del-progettone\/#primaryimage\"},\"image\":{\"@id\":\"https:\/\/euricse.eu\/it\/publications\/limpatto-sociale-ed-economico-del-progettone\/#primaryimage\"},\"thumbnailUrl\":\"https:\/\/euricse.eu\/wp-content\/uploads\/2021\/05\/copertina-rapporto.png\",\"datePublished\":\"2021-05-19T10:38:53+00:00\",\"dateModified\":\"2022-04-06T15:00:11+00:00\",\"breadcrumb\":{\"@id\":\"https:\/\/euricse.eu\/it\/publications\/limpatto-sociale-ed-economico-del-progettone\/#breadcrumb\"},\"inLanguage\":\"it-IT\",\"potentialAction\":[{\"@type\":\"ReadAction\",\"target\":[\"https:\/\/euricse.eu\/it\/publications\/limpatto-sociale-ed-economico-del-progettone\/\"]}]},{\"@type\":\"ImageObject\",\"inLanguage\":\"it-IT\",\"@id\":\"https:\/\/euricse.eu\/it\/publications\/limpatto-sociale-ed-economico-del-progettone\/#primaryimage\",\"url\":\"https:\/\/euricse.eu\/wp-content\/uploads\/2021\/05\/copertina-rapporto.png\",\"contentUrl\":\"https:\/\/euricse.eu\/wp-content\/uploads\/2021\/05\/copertina-rapporto.png\",\"width\":626,\"height\":889},{\"@type\":\"BreadcrumbList\",\"@id\":\"https:\/\/euricse.eu\/it\/publications\/limpatto-sociale-ed-economico-del-progettone\/#breadcrumb\",\"itemListElement\":[{\"@type\":\"ListItem\",\"position\":1,\"name\":\"Home\",\"item\":\"https:\/\/euricse.eu\/it\/\"},{\"@type\":\"ListItem\",\"position\":2,\"name\":\"Pubblicazioni\",\"item\":\"https:\/\/euricse.eu\/it\/publications\/\"},{\"@type\":\"ListItem\",\"position\":3,\"name\":\"L&#8217;impatto sociale ed economico del Progettone\"}]},{\"@type\":\"WebSite\",\"@id\":\"https:\/\/euricse.eu\/en\/#website\",\"url\":\"https:\/\/euricse.eu\/en\/\",\"name\":\"Euricse\",\"description\":\"Knowledge and innovation for cooperative and social enterprises.\",\"potentialAction\":[{\"@type\":\"SearchAction\",\"target\":{\"@type\":\"EntryPoint\",\"urlTemplate\":\"https:\/\/euricse.eu\/en\/?s={search_term_string}\"},\"query-input\":{\"@type\":\"PropertyValueSpecification\",\"valueRequired\":true,\"valueName\":\"search_term_string\"}}],\"inLanguage\":\"it-IT\"}]}<\/script>\n<!-- \/ Yoast SEO plugin. -->","yoast_head_json":{"title":"L'impatto sociale ed economico del Progettone - Euricse","robots":{"index":"index","follow":"follow","max-snippet":"max-snippet:-1","max-image-preview":"max-image-preview:large","max-video-preview":"max-video-preview:-1"},"canonical":"https:\/\/euricse.eu\/it\/publications\/limpatto-sociale-ed-economico-del-progettone\/","og_locale":"it_IT","og_type":"article","og_title":"L'impatto sociale ed economico del Progettone - Euricse","og_description":"Questo \u00e8 il rapporto sull'impatto sociale ed economico dell'intervento pubblico nato nel 1985 in Trentino, un modello virtuoso di inserimento di disoccupati in lavori di pubblica utilit\u00e0.","og_url":"https:\/\/euricse.eu\/it\/publications\/limpatto-sociale-ed-economico-del-progettone\/","og_site_name":"Euricse","article_modified_time":"2022-04-06T15:00:11+00:00","og_image":[{"width":626,"height":889,"url":"https:\/\/euricse.eu\/wp-content\/uploads\/2021\/05\/copertina-rapporto.png","type":"image\/png"}],"twitter_card":"summary_large_image","twitter_misc":{"Tempo di lettura stimato":"1 minuto"},"schema":{"@context":"https:\/\/schema.org","@graph":[{"@type":"WebPage","@id":"https:\/\/euricse.eu\/it\/publications\/limpatto-sociale-ed-economico-del-progettone\/","url":"https:\/\/euricse.eu\/it\/publications\/limpatto-sociale-ed-economico-del-progettone\/","name":"L'impatto sociale ed economico del Progettone - Euricse","isPartOf":{"@id":"https:\/\/euricse.eu\/en\/#website"},"primaryImageOfPage":{"@id":"https:\/\/euricse.eu\/it\/publications\/limpatto-sociale-ed-economico-del-progettone\/#primaryimage"},"image":{"@id":"https:\/\/euricse.eu\/it\/publications\/limpatto-sociale-ed-economico-del-progettone\/#primaryimage"},"thumbnailUrl":"https:\/\/euricse.eu\/wp-content\/uploads\/2021\/05\/copertina-rapporto.png","datePublished":"2021-05-19T10:38:53+00:00","dateModified":"2022-04-06T15:00:11+00:00","breadcrumb":{"@id":"https:\/\/euricse.eu\/it\/publications\/limpatto-sociale-ed-economico-del-progettone\/#breadcrumb"},"inLanguage":"it-IT","potentialAction":[{"@type":"ReadAction","target":["https:\/\/euricse.eu\/it\/publications\/limpatto-sociale-ed-economico-del-progettone\/"]}]},{"@type":"ImageObject","inLanguage":"it-IT","@id":"https:\/\/euricse.eu\/it\/publications\/limpatto-sociale-ed-economico-del-progettone\/#primaryimage","url":"https:\/\/euricse.eu\/wp-content\/uploads\/2021\/05\/copertina-rapporto.png","contentUrl":"https:\/\/euricse.eu\/wp-content\/uploads\/2021\/05\/copertina-rapporto.png","width":626,"height":889},{"@type":"BreadcrumbList","@id":"https:\/\/euricse.eu\/it\/publications\/limpatto-sociale-ed-economico-del-progettone\/#breadcrumb","itemListElement":[{"@type":"ListItem","position":1,"name":"Home","item":"https:\/\/euricse.eu\/it\/"},{"@type":"ListItem","position":2,"name":"Pubblicazioni","item":"https:\/\/euricse.eu\/it\/publications\/"},{"@type":"ListItem","position":3,"name":"L&#8217;impatto sociale ed economico del Progettone"}]},{"@type":"WebSite","@id":"https:\/\/euricse.eu\/en\/#website","url":"https:\/\/euricse.eu\/en\/","name":"Euricse","description":"Knowledge and innovation for cooperative and social enterprises.","potentialAction":[{"@type":"SearchAction","target":{"@type":"EntryPoint","urlTemplate":"https:\/\/euricse.eu\/en\/?s={search_term_string}"},"query-input":{"@type":"PropertyValueSpecification","valueRequired":true,"valueName":"search_term_string"}}],"inLanguage":"it-IT"}]}},"_links":{"self":[{"href":"https:\/\/euricse.eu\/it\/wp-json\/wp\/v2\/publications\/11779","targetHints":{"allow":["GET"]}}],"collection":[{"href":"https:\/\/euricse.eu\/it\/wp-json\/wp\/v2\/publications"}],"about":[{"href":"https:\/\/euricse.eu\/it\/wp-json\/wp\/v2\/types\/publications"}],"author":[{"embeddable":true,"href":"https:\/\/euricse.eu\/it\/wp-json\/wp\/v2\/users\/1"}],"replies":[{"embeddable":true,"href":"https:\/\/euricse.eu\/it\/wp-json\/wp\/v2\/comments?post=11779"}],"version-history":[{"count":0,"href":"https:\/\/euricse.eu\/it\/wp-json\/wp\/v2\/publications\/11779\/revisions"}],"wp:featuredmedia":[{"embeddable":true,"href":"https:\/\/euricse.eu\/it\/wp-json\/wp\/v2\/media\/11782"}],"wp:attachment":[{"href":"https:\/\/euricse.eu\/it\/wp-json\/wp\/v2\/media?parent=11779"}],"wp:term":[{"taxonomy":"post_tag","embeddable":true,"href":"https:\/\/euricse.eu\/it\/wp-json\/wp\/v2\/tags?post=11779"}],"curies":[{"name":"wp","href":"https:\/\/api.w.org\/{rel}","templated":true}]}}

<p>Dal 1990 tra le politiche attive del lavoro promosse dalla Provincia Autonoma di Trento si annovera il Progettone. Se paragonato ad altre esperienze non solo nazionali di “lavori socialmente utili” il Progettone ha una caratteristica unica: fin dall’inizio esso si è basato sulla collaborazione tra Provincia e cooperative. Dopo ormai oltre tre decenni di attività è maturata la necessità di domandarsi se e quanto il perseguimento dell’efficacia e dell’equità occupazionale sia riuscito a mantenersi in equilibrio con l’efficienza produttiva degli interventi e, quindi, con l’uso delle risorse pubbliche. Per rispondere a questa domanda<strong> Euricse</strong> ha impostato il progetto di ricerca &#8220;L&#8217;impatto sociale ed economico del Progettone&#8221;, finanziato nell’ambito dell’Accordo di Programma con la <strong>Provincia Autonoma di Trento</strong>.</p>
<p>Nel primo capitolo del rapporto si ricostruiscono l’evoluzione del Progettone e delle norme che lo hanno regolato e i principali dati storici disponibili con riguardo sia alla numerosità e alle caratteristiche dei lavoratori inseriti che alle risorse finanziarie impiegate. Il secondo e il terzo capitolo si concentrano sugli approfondimenti per l’anno 2018, l’unico per il quale è stato possibile ottenere una banca dati sufficientemente completa. Nel secondo, in particolare, si approfondisce la ripartizione della spesa per tipologia di interventi e di lavoratori inseriti e per territori interessati e si conclude con l’analisi di impatto della misura sull’economia provinciale per lo stesso anno. Nel terzo capitolo si valuta invece l’impatto sociale ed economico del Progettone, riflettendo nello specifico sulla dimensione occupazionale e sulla qualità del lavoro, e, soprattutto, riportando i risultati dell’analisi costi-benefici condotta depurando le uscite complessive contabilizzate dalla Provincia Autonoma di Trento (PAT) per il Progettone con le entrate e i risparmi di spesa pubblica (non solo a favore della PAT) determinati dalla misura.</p>
<p>Scarica l&#8217;<a href="https://euricse.eu/wp-content/uploads/2021/05/20210519-Ricerca-impatto-Progettone_SUMMARY.pdf" target="_blank" rel="noopener noreferrer">Executive Summary</a></p>
<p>&nbsp;</p>

<p>Questo è il rapporto sull&#8217;impatto sociale ed economico dell&#8217;intervento pubblico nato nel 1985 in Trentino, un modello virtuoso di inserimento di disoccupati in lavori di pubblica utilità. </p>

<!-- This site is optimized with the Yoast SEO plugin v26.1.1 - https://yoast.com/wordpress/plugins/seo/ -->
<title>L&#039;impatto sociale ed economico del Progettone - Euricse</title>
<meta name="robots" content="index, follow, max-snippet:-1, max-image-preview:large, max-video-preview:-1" />
<link rel="canonical" href="https://euricse.eu/it/publications/limpatto-sociale-ed-economico-del-progettone/" />
<meta property="og:locale" content="it_IT" />
<meta property="og:type" content="article" />
<meta property="og:title" content="L&#039;impatto sociale ed economico del Progettone - Euricse" />
<meta property="og:description" content="Questo è il rapporto sull&#039;impatto sociale ed economico dell&#039;intervento pubblico nato nel 1985 in Trentino, un modello virtuoso di inserimento di disoccupati in lavori di pubblica utilità." />
<meta property="og:url" content="https://euricse.eu/it/publications/limpatto-sociale-ed-economico-del-progettone/" />
<meta property="og:site_name" content="Euricse" />
<meta property="article:modified_time" content="2022-04-06T15:00:11+00:00" />
<meta property="og:image" content="https://euricse.eu/wp-content/uploads/2021/05/copertina-rapporto.png" />
	<meta property="og:image:width" content="626" />
	<meta property="og:image:height" content="889" />
	<meta property="og:image:type" content="image/png" />
<meta name="twitter:card" content="summary_large_image" />
<meta name="twitter:label1" content="Tempo di lettura stimato" />
	<meta name="twitter:data1" content="1 minuto" />
<script type="application/ld+json" class="yoast-schema-graph">{"@context":"https://schema.org","@graph":[{"@type":"WebPage","@id":"https://euricse.eu/it/publications/limpatto-sociale-ed-economico-del-progettone/","url":"https://euricse.eu/it/publications/limpatto-sociale-ed-economico-del-progettone/","name":"L'impatto sociale ed economico del Progettone - Euricse","isPartOf":{"@id":"https://euricse.eu/en/#website"},"primaryImageOfPage":{"@id":"https://euricse.eu/it/publications/limpatto-sociale-ed-economico-del-progettone/#primaryimage"},"image":{"@id":"https://euricse.eu/it/publications/limpatto-sociale-ed-economico-del-progettone/#primaryimage"},"thumbnailUrl":"https://euricse.eu/wp-content/uploads/2021/05/copertina-rapporto.png","datePublished":"2021-05-19T10:38:53+00:00","dateModified":"2022-04-06T15:00:11+00:00","breadcrumb":{"@id":"https://euricse.eu/it/publications/limpatto-sociale-ed-economico-del-progettone/#breadcrumb"},"inLanguage":"it-IT","potentialAction":[{"@type":"ReadAction","target":["https://euricse.eu/it/publications/limpatto-sociale-ed-economico-del-progettone/"]}]},{"@type":"ImageObject","inLanguage":"it-IT","@id":"https://euricse.eu/it/publications/limpatto-sociale-ed-economico-del-progettone/#primaryimage","url":"https://euricse.eu/wp-content/uploads/2021/05/copertina-rapporto.png","contentUrl":"https://euricse.eu/wp-content/uploads/2021/05/copertina-rapporto.png","width":626,"height":889},{"@type":"BreadcrumbList","@id":"https://euricse.eu/it/publications/limpatto-sociale-ed-economico-del-progettone/#breadcrumb","itemListElement":[{"@type":"ListItem","position":1,"name":"Home","item":"https://euricse.eu/it/"},{"@type":"ListItem","position":2,"name":"Pubblicazioni","item":"https://euricse.eu/it/publications/"},{"@type":"ListItem","position":3,"name":"L&#8217;impatto sociale ed economico del Progettone"}]},{"@type":"WebSite","@id":"https://euricse.eu/en/#website","url":"https://euricse.eu/en/","name":"Euricse","description":"Knowledge and innovation for cooperative and social enterprises.","potentialAction":[{"@type":"SearchAction","target":{"@type":"EntryPoint","urlTemplate":"https://euricse.eu/en/?s={search_term_string}"},"query-input":{"@type":"PropertyValueSpecification","valueRequired":true,"valueName":"search_term_string"}}],"inLanguage":"it-IT"}]}</script>
<!-- / Yoast SEO plugin. -->

Questo è il rapporto sull'impatto sociale ed economico dell'intervento pubblico nato nel 1985 in Trentino, un modello virtuoso di inserimento di disoccupati in lavori di pubblica utilità.
