{"id":13138,"date":"2021-07-14T15:23:12","date_gmt":"2021-07-14T14:23:12","guid":{"rendered":"https:\/\/euricse.hgblu.dev\/?post_type=publications&#038;p=13138"},"modified":"2024-03-12T15:08:20","modified_gmt":"2024-03-12T15:08:20","slug":"reti-tra-imprese-per-linserimento-lavorativo","status":"publish","type":"publications","link":"https:\/\/euricse.eu\/it\/publications\/reti-tra-imprese-per-linserimento-lavorativo\/","title":{"rendered":"Reti tra imprese per l\u2019inserimento lavorativo"},"content":{"rendered":"<p>Le relazioni con altre imprese private sono sempre pi\u00f9 strategiche per le cooperative sociali: per diversificare le fonti di entrata, per strutturare filiere produttive, per trovare sbocchi occupazionali al termine dei percorsi di formazione e inserimento lavorativo. Relazioni in cui anche le imprese tradizionali possono trovare un valore aggiunto, sia dal punto di vista commerciale e di marketing sia come elemento di responsabilit\u00e0 sociale condivisa.<\/p>\n<p>Lo studio del contratto di rete, oggetto del Rapporto \u201cReti di Inserimento Lavorativo\u201d redatto da Euricse, illustra le sue potenzialit\u00e0 per rafforzare le cooperative sociali e strutturare in modo pi\u00f9 efficace e strategico i loro rapporti con\u200b altre cooperative sociali e con le imprese tradizionali. \u200b<\/p>\n<p>Un uso attento della disciplina dei contratti di rete pu\u00f2\u00a0favorire e qualificare l\u2019attivit\u00e0 produttiva delle cooperative e offrire alle imprese convenzionali, in particolare nelle aree ad elevata presenza manifatturiera, una occasione concreta per divenire socialmente responsabili. Flessibilit\u00e0 e dinamismo, gestione condivisa del personale, possibilit\u00e0 di distacco agevolato e della codatorialit\u00e0, sono elementi chiave che rendono lo strumento del contratto di rete\u00a0adatto a migliorare le modalit\u00e0 di impiego e di formazione dei lavoratori, sia per\u00a0facilitare\u00a0il loro passaggio ad imprese convenzionali al termine del percorso formativo o di inserimento, sia per favorire lavoratori con difficolt\u00e0 di accesso al lavoro (purch\u00e9 questo non sia l\u2019unico obiettivo del contratto).<\/p>\n<p>Scarica le <a href=\"https:\/\/euricse.eu\/wp-content\/uploads\/2023\/03\/Linee-guida-finale.pdf\">Linee Guida Operative<\/a> del Rapporto Reti Tra Imprese per L\u2019Inserimento Lavorativo<\/p>\n","protected":false},"excerpt":{"rendered":"<p>Lo studio del contratto di rete, in questo rapporto, illustra le sue potenzialit\u00e0 per rafforzare le cooperative sociali e strutturare in modo pi\u00f9 efficace e strategico i loro rapporti con\u200b altre cooperative sociali e con le imprese tradizionali. \u200b<\/p>\n","protected":false},"author":32,"featured_media":13144,"parent":0,"comment_status":"closed","ping_status":"closed","template":"","meta":{"_acf_changed":false,"episode_type":"","audio_file":"","cover_image":"","cover_image_id":"","duration":"","filesize":"","date_recorded":"","explicit":"","block":"","itunes_episode_number":"","itunes_title":"","itunes_season_number":"","itunes_episode_type":"","filesize_raw":"","footnotes":""},"tags":[1018,1019],"class_list":["post-13138","publications","type-publications","status-publish","has-post-thumbnail","hentry","tag-reti","tag-contratto-di-rete","publications-cat-rapporti","publications-area-misurazione-e-impatto","arguments-lavoro-e-lavoratori","arguments-misurazione-e-statistiche","arguments-ecosistemi-e-reti","organizational_types-cooperative-sociali"],"acf":[],"yoast_head":"<!-- This site is optimized with the Yoast SEO plugin v26.1.1 - https:\/\/yoast.com\/wordpress\/plugins\/seo\/ -->\n<title>Reti tra imprese per l\u2019inserimento lavorativo - Euricse<\/title>\n<meta name=\"robots\" content=\"index, follow, max-snippet:-1, max-image-preview:large, max-video-preview:-1\" \/>\n<link rel=\"canonical\" href=\"https:\/\/euricse.eu\/it\/publications\/reti-tra-imprese-per-linserimento-lavorativo\/\" \/>\n<meta property=\"og:locale\" content=\"it_IT\" \/>\n<meta property=\"og:type\" content=\"article\" \/>\n<meta property=\"og:title\" content=\"Reti tra imprese per l\u2019inserimento lavorativo - Euricse\" \/>\n<meta property=\"og:description\" content=\"Lo studio del contratto di rete, in questo rapporto, illustra le sue potenzialit\u00e0 per rafforzare le cooperative sociali e strutturare in modo pi\u00f9 efficace e strategico i loro rapporti con\u200b altre cooperative sociali e con le imprese tradizionali. \u200b\" \/>\n<meta property=\"og:url\" content=\"https:\/\/euricse.eu\/it\/publications\/reti-tra-imprese-per-linserimento-lavorativo\/\" \/>\n<meta property=\"og:site_name\" content=\"Euricse\" \/>\n<meta property=\"article:modified_time\" content=\"2024-03-12T15:08:20+00:00\" \/>\n<meta property=\"og:image\" content=\"https:\/\/euricse.eu\/wp-content\/uploads\/2022\/01\/Rapporto-RETI-1-e1642174050260.jpg\" \/>\n\t<meta property=\"og:image:width\" content=\"500\" \/>\n\t<meta property=\"og:image:height\" content=\"712\" \/>\n\t<meta property=\"og:image:type\" content=\"image\/jpeg\" \/>\n<meta name=\"twitter:card\" content=\"summary_large_image\" \/>\n<meta name=\"twitter:label1\" content=\"Tempo di lettura stimato\" \/>\n\t<meta name=\"twitter:data1\" content=\"2 minuti\" \/>\n<script type=\"application\/ld+json\" class=\"yoast-schema-graph\">{\"@context\":\"https:\/\/schema.org\",\"@graph\":[{\"@type\":\"WebPage\",\"@id\":\"https:\/\/euricse.eu\/it\/publications\/reti-tra-imprese-per-linserimento-lavorativo\/\",\"url\":\"https:\/\/euricse.eu\/it\/publications\/reti-tra-imprese-per-linserimento-lavorativo\/\",\"name\":\"Reti tra imprese per l\u2019inserimento lavorativo - Euricse\",\"isPartOf\":{\"@id\":\"https:\/\/euricse.eu\/en\/#website\"},\"primaryImageOfPage\":{\"@id\":\"https:\/\/euricse.eu\/it\/publications\/reti-tra-imprese-per-linserimento-lavorativo\/#primaryimage\"},\"image\":{\"@id\":\"https:\/\/euricse.eu\/it\/publications\/reti-tra-imprese-per-linserimento-lavorativo\/#primaryimage\"},\"thumbnailUrl\":\"https:\/\/euricse.eu\/wp-content\/uploads\/2022\/01\/Rapporto-RETI-1-e1642174050260.jpg\",\"datePublished\":\"2021-07-14T14:23:12+00:00\",\"dateModified\":\"2024-03-12T15:08:20+00:00\",\"breadcrumb\":{\"@id\":\"https:\/\/euricse.eu\/it\/publications\/reti-tra-imprese-per-linserimento-lavorativo\/#breadcrumb\"},\"inLanguage\":\"it-IT\",\"potentialAction\":[{\"@type\":\"ReadAction\",\"target\":[\"https:\/\/euricse.eu\/it\/publications\/reti-tra-imprese-per-linserimento-lavorativo\/\"]}]},{\"@type\":\"ImageObject\",\"inLanguage\":\"it-IT\",\"@id\":\"https:\/\/euricse.eu\/it\/publications\/reti-tra-imprese-per-linserimento-lavorativo\/#primaryimage\",\"url\":\"https:\/\/euricse.eu\/wp-content\/uploads\/2022\/01\/Rapporto-RETI-1-e1642174050260.jpg\",\"contentUrl\":\"https:\/\/euricse.eu\/wp-content\/uploads\/2022\/01\/Rapporto-RETI-1-e1642174050260.jpg\",\"width\":500,\"height\":712},{\"@type\":\"BreadcrumbList\",\"@id\":\"https:\/\/euricse.eu\/it\/publications\/reti-tra-imprese-per-linserimento-lavorativo\/#breadcrumb\",\"itemListElement\":[{\"@type\":\"ListItem\",\"position\":1,\"name\":\"Home\",\"item\":\"https:\/\/euricse.eu\/it\/\"},{\"@type\":\"ListItem\",\"position\":2,\"name\":\"Pubblicazioni\",\"item\":\"https:\/\/euricse.eu\/it\/publications\/\"},{\"@type\":\"ListItem\",\"position\":3,\"name\":\"Reti tra imprese per l\u2019inserimento lavorativo\"}]},{\"@type\":\"WebSite\",\"@id\":\"https:\/\/euricse.eu\/en\/#website\",\"url\":\"https:\/\/euricse.eu\/en\/\",\"name\":\"Euricse\",\"description\":\"Knowledge and innovation for cooperative and social enterprises.\",\"potentialAction\":[{\"@type\":\"SearchAction\",\"target\":{\"@type\":\"EntryPoint\",\"urlTemplate\":\"https:\/\/euricse.eu\/en\/?s={search_term_string}\"},\"query-input\":{\"@type\":\"PropertyValueSpecification\",\"valueRequired\":true,\"valueName\":\"search_term_string\"}}],\"inLanguage\":\"it-IT\"}]}<\/script>\n<!-- \/ Yoast SEO plugin. -->","yoast_head_json":{"title":"Reti tra imprese per l\u2019inserimento lavorativo - Euricse","robots":{"index":"index","follow":"follow","max-snippet":"max-snippet:-1","max-image-preview":"max-image-preview:large","max-video-preview":"max-video-preview:-1"},"canonical":"https:\/\/euricse.eu\/it\/publications\/reti-tra-imprese-per-linserimento-lavorativo\/","og_locale":"it_IT","og_type":"article","og_title":"Reti tra imprese per l\u2019inserimento lavorativo - Euricse","og_description":"Lo studio del contratto di rete, in questo rapporto, illustra le sue potenzialit\u00e0 per rafforzare le cooperative sociali e strutturare in modo pi\u00f9 efficace e strategico i loro rapporti con\u200b altre cooperative sociali e con le imprese tradizionali. \u200b","og_url":"https:\/\/euricse.eu\/it\/publications\/reti-tra-imprese-per-linserimento-lavorativo\/","og_site_name":"Euricse","article_modified_time":"2024-03-12T15:08:20+00:00","og_image":[{"width":500,"height":712,"url":"https:\/\/euricse.eu\/wp-content\/uploads\/2022\/01\/Rapporto-RETI-1-e1642174050260.jpg","type":"image\/jpeg"}],"twitter_card":"summary_large_image","twitter_misc":{"Tempo di lettura stimato":"2 minuti"},"schema":{"@context":"https:\/\/schema.org","@graph":[{"@type":"WebPage","@id":"https:\/\/euricse.eu\/it\/publications\/reti-tra-imprese-per-linserimento-lavorativo\/","url":"https:\/\/euricse.eu\/it\/publications\/reti-tra-imprese-per-linserimento-lavorativo\/","name":"Reti tra imprese per l\u2019inserimento lavorativo - Euricse","isPartOf":{"@id":"https:\/\/euricse.eu\/en\/#website"},"primaryImageOfPage":{"@id":"https:\/\/euricse.eu\/it\/publications\/reti-tra-imprese-per-linserimento-lavorativo\/#primaryimage"},"image":{"@id":"https:\/\/euricse.eu\/it\/publications\/reti-tra-imprese-per-linserimento-lavorativo\/#primaryimage"},"thumbnailUrl":"https:\/\/euricse.eu\/wp-content\/uploads\/2022\/01\/Rapporto-RETI-1-e1642174050260.jpg","datePublished":"2021-07-14T14:23:12+00:00","dateModified":"2024-03-12T15:08:20+00:00","breadcrumb":{"@id":"https:\/\/euricse.eu\/it\/publications\/reti-tra-imprese-per-linserimento-lavorativo\/#breadcrumb"},"inLanguage":"it-IT","potentialAction":[{"@type":"ReadAction","target":["https:\/\/euricse.eu\/it\/publications\/reti-tra-imprese-per-linserimento-lavorativo\/"]}]},{"@type":"ImageObject","inLanguage":"it-IT","@id":"https:\/\/euricse.eu\/it\/publications\/reti-tra-imprese-per-linserimento-lavorativo\/#primaryimage","url":"https:\/\/euricse.eu\/wp-content\/uploads\/2022\/01\/Rapporto-RETI-1-e1642174050260.jpg","contentUrl":"https:\/\/euricse.eu\/wp-content\/uploads\/2022\/01\/Rapporto-RETI-1-e1642174050260.jpg","width":500,"height":712},{"@type":"BreadcrumbList","@id":"https:\/\/euricse.eu\/it\/publications\/reti-tra-imprese-per-linserimento-lavorativo\/#breadcrumb","itemListElement":[{"@type":"ListItem","position":1,"name":"Home","item":"https:\/\/euricse.eu\/it\/"},{"@type":"ListItem","position":2,"name":"Pubblicazioni","item":"https:\/\/euricse.eu\/it\/publications\/"},{"@type":"ListItem","position":3,"name":"Reti tra imprese per l\u2019inserimento lavorativo"}]},{"@type":"WebSite","@id":"https:\/\/euricse.eu\/en\/#website","url":"https:\/\/euricse.eu\/en\/","name":"Euricse","description":"Knowledge and innovation for cooperative and social enterprises.","potentialAction":[{"@type":"SearchAction","target":{"@type":"EntryPoint","urlTemplate":"https:\/\/euricse.eu\/en\/?s={search_term_string}"},"query-input":{"@type":"PropertyValueSpecification","valueRequired":true,"valueName":"search_term_string"}}],"inLanguage":"it-IT"}]}},"_links":{"self":[{"href":"https:\/\/euricse.eu\/it\/wp-json\/wp\/v2\/publications\/13138","targetHints":{"allow":["GET"]}}],"collection":[{"href":"https:\/\/euricse.eu\/it\/wp-json\/wp\/v2\/publications"}],"about":[{"href":"https:\/\/euricse.eu\/it\/wp-json\/wp\/v2\/types\/publications"}],"author":[{"embeddable":true,"href":"https:\/\/euricse.eu\/it\/wp-json\/wp\/v2\/users\/32"}],"replies":[{"embeddable":true,"href":"https:\/\/euricse.eu\/it\/wp-json\/wp\/v2\/comments?post=13138"}],"version-history":[{"count":1,"href":"https:\/\/euricse.eu\/it\/wp-json\/wp\/v2\/publications\/13138\/revisions"}],"predecessor-version":[{"id":18745,"href":"https:\/\/euricse.eu\/it\/wp-json\/wp\/v2\/publications\/13138\/revisions\/18745"}],"wp:featuredmedia":[{"embeddable":true,"href":"https:\/\/euricse.eu\/it\/wp-json\/wp\/v2\/media\/13144"}],"wp:attachment":[{"href":"https:\/\/euricse.eu\/it\/wp-json\/wp\/v2\/media?parent=13138"}],"wp:term":[{"taxonomy":"post_tag","embeddable":true,"href":"https:\/\/euricse.eu\/it\/wp-json\/wp\/v2\/tags?post=13138"}],"curies":[{"name":"wp","href":"https:\/\/api.w.org\/{rel}","templated":true}]}}

<p>Le relazioni con altre imprese private sono sempre più strategiche per le cooperative sociali: per diversificare le fonti di entrata, per strutturare filiere produttive, per trovare sbocchi occupazionali al termine dei percorsi di formazione e inserimento lavorativo. Relazioni in cui anche le imprese tradizionali possono trovare un valore aggiunto, sia dal punto di vista commerciale e di marketing sia come elemento di responsabilità sociale condivisa.</p>
<p>Lo studio del contratto di rete, oggetto del Rapporto “Reti di Inserimento Lavorativo” redatto da Euricse, illustra le sue potenzialità per rafforzare le cooperative sociali e strutturare in modo più efficace e strategico i loro rapporti con​ altre cooperative sociali e con le imprese tradizionali. ​</p>
<p>Un uso attento della disciplina dei contratti di rete può favorire e qualificare l’attività produttiva delle cooperative e offrire alle imprese convenzionali, in particolare nelle aree ad elevata presenza manifatturiera, una occasione concreta per divenire socialmente responsabili. Flessibilità e dinamismo, gestione condivisa del personale, possibilità di distacco agevolato e della codatorialità, sono elementi chiave che rendono lo strumento del contratto di rete adatto a migliorare le modalità di impiego e di formazione dei lavoratori, sia per facilitare il loro passaggio ad imprese convenzionali al termine del percorso formativo o di inserimento, sia per favorire lavoratori con difficoltà di accesso al lavoro (purché questo non sia l’unico obiettivo del contratto).</p>
<p>Scarica le <a href="https://euricse.eu/wp-content/uploads/2023/03/Linee-guida-finale.pdf">Linee Guida Operative</a> del Rapporto Reti Tra Imprese per L’Inserimento Lavorativo</p>

<p>Lo studio del contratto di rete, in questo rapporto, illustra le sue potenzialità per rafforzare le cooperative sociali e strutturare in modo più efficace e strategico i loro rapporti con​ altre cooperative sociali e con le imprese tradizionali. ​</p>

<!-- This site is optimized with the Yoast SEO plugin v26.1.1 - https://yoast.com/wordpress/plugins/seo/ -->
<title>Reti tra imprese per l’inserimento lavorativo - Euricse</title>
<meta name="robots" content="index, follow, max-snippet:-1, max-image-preview:large, max-video-preview:-1" />
<link rel="canonical" href="https://euricse.eu/it/publications/reti-tra-imprese-per-linserimento-lavorativo/" />
<meta property="og:locale" content="it_IT" />
<meta property="og:type" content="article" />
<meta property="og:title" content="Reti tra imprese per l’inserimento lavorativo - Euricse" />
<meta property="og:description" content="Lo studio del contratto di rete, in questo rapporto, illustra le sue potenzialità per rafforzare le cooperative sociali e strutturare in modo più efficace e strategico i loro rapporti con​ altre cooperative sociali e con le imprese tradizionali. ​" />
<meta property="og:url" content="https://euricse.eu/it/publications/reti-tra-imprese-per-linserimento-lavorativo/" />
<meta property="og:site_name" content="Euricse" />
<meta property="article:modified_time" content="2024-03-12T15:08:20+00:00" />
<meta property="og:image" content="https://euricse.eu/wp-content/uploads/2022/01/Rapporto-RETI-1-e1642174050260.jpg" />
	<meta property="og:image:width" content="500" />
	<meta property="og:image:height" content="712" />
	<meta property="og:image:type" content="image/jpeg" />
<meta name="twitter:card" content="summary_large_image" />
<meta name="twitter:label1" content="Tempo di lettura stimato" />
	<meta name="twitter:data1" content="2 minuti" />
<script type="application/ld+json" class="yoast-schema-graph">{"@context":"https://schema.org","@graph":[{"@type":"WebPage","@id":"https://euricse.eu/it/publications/reti-tra-imprese-per-linserimento-lavorativo/","url":"https://euricse.eu/it/publications/reti-tra-imprese-per-linserimento-lavorativo/","name":"Reti tra imprese per l’inserimento lavorativo - Euricse","isPartOf":{"@id":"https://euricse.eu/en/#website"},"primaryImageOfPage":{"@id":"https://euricse.eu/it/publications/reti-tra-imprese-per-linserimento-lavorativo/#primaryimage"},"image":{"@id":"https://euricse.eu/it/publications/reti-tra-imprese-per-linserimento-lavorativo/#primaryimage"},"thumbnailUrl":"https://euricse.eu/wp-content/uploads/2022/01/Rapporto-RETI-1-e1642174050260.jpg","datePublished":"2021-07-14T14:23:12+00:00","dateModified":"2024-03-12T15:08:20+00:00","breadcrumb":{"@id":"https://euricse.eu/it/publications/reti-tra-imprese-per-linserimento-lavorativo/#breadcrumb"},"inLanguage":"it-IT","potentialAction":[{"@type":"ReadAction","target":["https://euricse.eu/it/publications/reti-tra-imprese-per-linserimento-lavorativo/"]}]},{"@type":"ImageObject","inLanguage":"it-IT","@id":"https://euricse.eu/it/publications/reti-tra-imprese-per-linserimento-lavorativo/#primaryimage","url":"https://euricse.eu/wp-content/uploads/2022/01/Rapporto-RETI-1-e1642174050260.jpg","contentUrl":"https://euricse.eu/wp-content/uploads/2022/01/Rapporto-RETI-1-e1642174050260.jpg","width":500,"height":712},{"@type":"BreadcrumbList","@id":"https://euricse.eu/it/publications/reti-tra-imprese-per-linserimento-lavorativo/#breadcrumb","itemListElement":[{"@type":"ListItem","position":1,"name":"Home","item":"https://euricse.eu/it/"},{"@type":"ListItem","position":2,"name":"Pubblicazioni","item":"https://euricse.eu/it/publications/"},{"@type":"ListItem","position":3,"name":"Reti tra imprese per l’inserimento lavorativo"}]},{"@type":"WebSite","@id":"https://euricse.eu/en/#website","url":"https://euricse.eu/en/","name":"Euricse","description":"Knowledge and innovation for cooperative and social enterprises.","potentialAction":[{"@type":"SearchAction","target":{"@type":"EntryPoint","urlTemplate":"https://euricse.eu/en/?s={search_term_string}"},"query-input":{"@type":"PropertyValueSpecification","valueRequired":true,"valueName":"search_term_string"}}],"inLanguage":"it-IT"}]}</script>
<!-- / Yoast SEO plugin. -->

Lo studio del contratto di rete, in questo rapporto, illustra le sue potenzialità per rafforzare le cooperative sociali e strutturare in modo più efficace e strategico i loro rapporti con​ altre cooperative sociali e con le imprese tradizionali. ​
