{"id":16544,"date":"2022-08-12T11:26:31","date_gmt":"2022-08-12T10:26:31","guid":{"rendered":"https:\/\/euricse-backup.hgblu.dev\/?post_type=publications&#038;p=16544"},"modified":"2022-09-07T16:57:48","modified_gmt":"2022-09-07T15:57:48","slug":"123-22-il-senso-di-fare-banda-le-bande-musicali-allinterno-della-comunita-trentina","status":"publish","type":"publications","link":"https:\/\/euricse.eu\/it\/publications\/123-22-il-senso-di-fare-banda-le-bande-musicali-allinterno-della-comunita-trentina\/","title":{"rendered":"WP 123 | 22 Il senso di fare banda &#8211; Le bande musicali all\u2019interno della comunit\u00e0 trentina"},"content":{"rendered":"<p>Il working paper presenta risultati di una ricerca sul volontariato culturale e nello specifico analizza la natura delle bande e il loro ruolo all\u2019interno della comunit\u00e0 trentina. I dati sono stati raccolti nel mese di agosto 2021 con un questionario originale indirizzato a tutti i bandisti degli 86 corpi della Provincia Autonoma di Trento, con circa 1.000 risposte. Lo studio mette in evidenza le motivazioni iniziali che fanno avvicinare la persona alla banda, sia le caratteristiche che permettono alle motivazioni di persistere o migliorare nel tempo. Tra le motivazioni iniziali spiccano la volont\u00e0 di imparare uno strumento, la condivisione della passione per la musica, e la crescita personale. L\u2019energia iniziale viene rinnovata in presenza di due condizioni. Da un lato, le motivazioni dei musicisti sembrano persistere o crescere se il direttivo ne ascolta le opinioni e i suggerimenti, li coinvolge nell\u2019organizzazione degli eventi, ed in qualche misura anche nella scelta del repertorio. Dall\u2019altro per\u00f2 la banda non dev\u2019essere troppo rigida: deve cio\u00e8 tener conto degli altri impegni dei musicisti senza sovraccaricarli troppo, ed essere per quanto possibile flessibile nell\u2019organizzazione della pratica. Tra gli esiti del suonare in banda rientra specificatamente il senso di appartenenza che il musicista sviluppa verso il proprio gruppo. Oltre a questo, conta per\u00f2 un misto di fattori che fanno riferimento sia all\u2019identit\u00e0 personale che alla sfera delle relazioni. Per quanto riguarda i legami con il territorio, met\u00e0 dei musicisti dichiara di partecipare alle attivit\u00e0 di almeno un\u2019altra associazione.<\/p>\n","protected":false},"excerpt":{"rendered":"<p>Il working paper presenta risultati di una ricerca sul volontariato culturale e nello specifico analizza la natura delle bande e il loro ruolo all\u2019interno della comunit\u00e0 trentina.<\/p>\n","protected":false},"author":32,"featured_media":16545,"parent":0,"comment_status":"closed","ping_status":"closed","template":"","meta":{"_acf_changed":false,"episode_type":"","audio_file":"","cover_image":"","cover_image_id":"","duration":"","filesize":"","date_recorded":"","explicit":"","block":"","itunes_episode_number":"","itunes_title":"","itunes_season_number":"","itunes_episode_type":"","filesize_raw":"","footnotes":""},"tags":[271,469,1086,1087,1088,1089],"class_list":["post-16544","publications","type-publications","status-publish","has-post-thumbnail","hentry","tag-motivazioni","tag-territorio","tag-bande-musicali","tag-reti-relazionali","tag-struttura-organizzativa-e-partecipazione","tag-volontariato-culturale","publications-cat-working-paper","publications-area-modelli-innovativi","organizational_types-enti-di-terzo-settore"],"acf":[],"yoast_head":"<!-- This site is optimized with the Yoast SEO plugin v26.1.1 - https:\/\/yoast.com\/wordpress\/plugins\/seo\/ -->\n<title>WP 123 | 22 Il senso di fare banda - Le bande musicali all\u2019interno della comunit\u00e0 trentina - Euricse<\/title>\n<meta name=\"description\" content=\"Il working paper presenta risultati di una ricerca sul volontariato culturale e nello specifico analizza la natura delle bande e il loro ruolo all\u2019interno della comunit\u00e0 trentina.\" \/>\n<meta name=\"robots\" content=\"index, follow, max-snippet:-1, max-image-preview:large, max-video-preview:-1\" \/>\n<link rel=\"canonical\" href=\"https:\/\/euricse.eu\/it\/publications\/123-22-il-senso-di-fare-banda-le-bande-musicali-allinterno-della-comunita-trentina\/\" \/>\n<meta property=\"og:locale\" content=\"it_IT\" \/>\n<meta property=\"og:type\" content=\"article\" \/>\n<meta property=\"og:title\" content=\"WP 123 | 22 Il senso di fare banda - Le bande musicali all\u2019interno della comunit\u00e0 trentina - Euricse\" \/>\n<meta property=\"og:description\" content=\"Il working paper presenta risultati di una ricerca sul volontariato culturale e nello specifico analizza la natura delle bande e il loro ruolo all\u2019interno della comunit\u00e0 trentina.\" \/>\n<meta property=\"og:url\" content=\"https:\/\/euricse.eu\/it\/publications\/123-22-il-senso-di-fare-banda-le-bande-musicali-allinterno-della-comunita-trentina\/\" \/>\n<meta property=\"og:site_name\" content=\"Euricse\" \/>\n<meta property=\"article:modified_time\" content=\"2022-09-07T15:57:48+00:00\" \/>\n<meta property=\"og:image\" content=\"https:\/\/euricse.eu\/wp-content\/uploads\/2022\/08\/WP123-SacchettiDiani.jpg\" \/>\n\t<meta property=\"og:image:width\" content=\"618\" \/>\n\t<meta property=\"og:image:height\" content=\"881\" \/>\n\t<meta property=\"og:image:type\" content=\"image\/jpeg\" \/>\n<meta name=\"twitter:card\" content=\"summary_large_image\" \/>\n<meta name=\"twitter:label1\" content=\"Tempo di lettura stimato\" \/>\n\t<meta name=\"twitter:data1\" content=\"2 minuti\" \/>\n<script type=\"application\/ld+json\" class=\"yoast-schema-graph\">{\"@context\":\"https:\/\/schema.org\",\"@graph\":[{\"@type\":\"WebPage\",\"@id\":\"https:\/\/euricse.eu\/it\/publications\/123-22-il-senso-di-fare-banda-le-bande-musicali-allinterno-della-comunita-trentina\/\",\"url\":\"https:\/\/euricse.eu\/it\/publications\/123-22-il-senso-di-fare-banda-le-bande-musicali-allinterno-della-comunita-trentina\/\",\"name\":\"WP 123 | 22 Il senso di fare banda - Le bande musicali all\u2019interno della comunit\u00e0 trentina - Euricse\",\"isPartOf\":{\"@id\":\"https:\/\/euricse.eu\/en\/#website\"},\"primaryImageOfPage\":{\"@id\":\"https:\/\/euricse.eu\/it\/publications\/123-22-il-senso-di-fare-banda-le-bande-musicali-allinterno-della-comunita-trentina\/#primaryimage\"},\"image\":{\"@id\":\"https:\/\/euricse.eu\/it\/publications\/123-22-il-senso-di-fare-banda-le-bande-musicali-allinterno-della-comunita-trentina\/#primaryimage\"},\"thumbnailUrl\":\"https:\/\/euricse.eu\/wp-content\/uploads\/2022\/08\/WP123-SacchettiDiani.jpg\",\"datePublished\":\"2022-08-12T10:26:31+00:00\",\"dateModified\":\"2022-09-07T15:57:48+00:00\",\"description\":\"Il working paper presenta risultati di una ricerca sul volontariato culturale e nello specifico analizza la natura delle bande e il loro ruolo all\u2019interno della comunit\u00e0 trentina.\",\"breadcrumb\":{\"@id\":\"https:\/\/euricse.eu\/it\/publications\/123-22-il-senso-di-fare-banda-le-bande-musicali-allinterno-della-comunita-trentina\/#breadcrumb\"},\"inLanguage\":\"it-IT\",\"potentialAction\":[{\"@type\":\"ReadAction\",\"target\":[\"https:\/\/euricse.eu\/it\/publications\/123-22-il-senso-di-fare-banda-le-bande-musicali-allinterno-della-comunita-trentina\/\"]}]},{\"@type\":\"ImageObject\",\"inLanguage\":\"it-IT\",\"@id\":\"https:\/\/euricse.eu\/it\/publications\/123-22-il-senso-di-fare-banda-le-bande-musicali-allinterno-della-comunita-trentina\/#primaryimage\",\"url\":\"https:\/\/euricse.eu\/wp-content\/uploads\/2022\/08\/WP123-SacchettiDiani.jpg\",\"contentUrl\":\"https:\/\/euricse.eu\/wp-content\/uploads\/2022\/08\/WP123-SacchettiDiani.jpg\",\"width\":618,\"height\":881},{\"@type\":\"BreadcrumbList\",\"@id\":\"https:\/\/euricse.eu\/it\/publications\/123-22-il-senso-di-fare-banda-le-bande-musicali-allinterno-della-comunita-trentina\/#breadcrumb\",\"itemListElement\":[{\"@type\":\"ListItem\",\"position\":1,\"name\":\"Home\",\"item\":\"https:\/\/euricse.eu\/it\/\"},{\"@type\":\"ListItem\",\"position\":2,\"name\":\"Pubblicazioni\",\"item\":\"https:\/\/euricse.eu\/it\/publications\/\"},{\"@type\":\"ListItem\",\"position\":3,\"name\":\"WP 123 | 22 Il senso di fare banda &#8211; Le bande musicali all\u2019interno della comunit\u00e0 trentina\"}]},{\"@type\":\"WebSite\",\"@id\":\"https:\/\/euricse.eu\/en\/#website\",\"url\":\"https:\/\/euricse.eu\/en\/\",\"name\":\"Euricse\",\"description\":\"Knowledge and innovation for cooperative and social enterprises.\",\"potentialAction\":[{\"@type\":\"SearchAction\",\"target\":{\"@type\":\"EntryPoint\",\"urlTemplate\":\"https:\/\/euricse.eu\/en\/?s={search_term_string}\"},\"query-input\":{\"@type\":\"PropertyValueSpecification\",\"valueRequired\":true,\"valueName\":\"search_term_string\"}}],\"inLanguage\":\"it-IT\"}]}<\/script>\n<!-- \/ Yoast SEO plugin. -->","yoast_head_json":{"title":"WP 123 | 22 Il senso di fare banda - Le bande musicali all\u2019interno della comunit\u00e0 trentina - Euricse","description":"Il working paper presenta risultati di una ricerca sul volontariato culturale e nello specifico analizza la natura delle bande e il loro ruolo all\u2019interno della comunit\u00e0 trentina.","robots":{"index":"index","follow":"follow","max-snippet":"max-snippet:-1","max-image-preview":"max-image-preview:large","max-video-preview":"max-video-preview:-1"},"canonical":"https:\/\/euricse.eu\/it\/publications\/123-22-il-senso-di-fare-banda-le-bande-musicali-allinterno-della-comunita-trentina\/","og_locale":"it_IT","og_type":"article","og_title":"WP 123 | 22 Il senso di fare banda - Le bande musicali all\u2019interno della comunit\u00e0 trentina - Euricse","og_description":"Il working paper presenta risultati di una ricerca sul volontariato culturale e nello specifico analizza la natura delle bande e il loro ruolo all\u2019interno della comunit\u00e0 trentina.","og_url":"https:\/\/euricse.eu\/it\/publications\/123-22-il-senso-di-fare-banda-le-bande-musicali-allinterno-della-comunita-trentina\/","og_site_name":"Euricse","article_modified_time":"2022-09-07T15:57:48+00:00","og_image":[{"width":618,"height":881,"url":"https:\/\/euricse.eu\/wp-content\/uploads\/2022\/08\/WP123-SacchettiDiani.jpg","type":"image\/jpeg"}],"twitter_card":"summary_large_image","twitter_misc":{"Tempo di lettura stimato":"2 minuti"},"schema":{"@context":"https:\/\/schema.org","@graph":[{"@type":"WebPage","@id":"https:\/\/euricse.eu\/it\/publications\/123-22-il-senso-di-fare-banda-le-bande-musicali-allinterno-della-comunita-trentina\/","url":"https:\/\/euricse.eu\/it\/publications\/123-22-il-senso-di-fare-banda-le-bande-musicali-allinterno-della-comunita-trentina\/","name":"WP 123 | 22 Il senso di fare banda - Le bande musicali all\u2019interno della comunit\u00e0 trentina - Euricse","isPartOf":{"@id":"https:\/\/euricse.eu\/en\/#website"},"primaryImageOfPage":{"@id":"https:\/\/euricse.eu\/it\/publications\/123-22-il-senso-di-fare-banda-le-bande-musicali-allinterno-della-comunita-trentina\/#primaryimage"},"image":{"@id":"https:\/\/euricse.eu\/it\/publications\/123-22-il-senso-di-fare-banda-le-bande-musicali-allinterno-della-comunita-trentina\/#primaryimage"},"thumbnailUrl":"https:\/\/euricse.eu\/wp-content\/uploads\/2022\/08\/WP123-SacchettiDiani.jpg","datePublished":"2022-08-12T10:26:31+00:00","dateModified":"2022-09-07T15:57:48+00:00","description":"Il working paper presenta risultati di una ricerca sul volontariato culturale e nello specifico analizza la natura delle bande e il loro ruolo all\u2019interno della comunit\u00e0 trentina.","breadcrumb":{"@id":"https:\/\/euricse.eu\/it\/publications\/123-22-il-senso-di-fare-banda-le-bande-musicali-allinterno-della-comunita-trentina\/#breadcrumb"},"inLanguage":"it-IT","potentialAction":[{"@type":"ReadAction","target":["https:\/\/euricse.eu\/it\/publications\/123-22-il-senso-di-fare-banda-le-bande-musicali-allinterno-della-comunita-trentina\/"]}]},{"@type":"ImageObject","inLanguage":"it-IT","@id":"https:\/\/euricse.eu\/it\/publications\/123-22-il-senso-di-fare-banda-le-bande-musicali-allinterno-della-comunita-trentina\/#primaryimage","url":"https:\/\/euricse.eu\/wp-content\/uploads\/2022\/08\/WP123-SacchettiDiani.jpg","contentUrl":"https:\/\/euricse.eu\/wp-content\/uploads\/2022\/08\/WP123-SacchettiDiani.jpg","width":618,"height":881},{"@type":"BreadcrumbList","@id":"https:\/\/euricse.eu\/it\/publications\/123-22-il-senso-di-fare-banda-le-bande-musicali-allinterno-della-comunita-trentina\/#breadcrumb","itemListElement":[{"@type":"ListItem","position":1,"name":"Home","item":"https:\/\/euricse.eu\/it\/"},{"@type":"ListItem","position":2,"name":"Pubblicazioni","item":"https:\/\/euricse.eu\/it\/publications\/"},{"@type":"ListItem","position":3,"name":"WP 123 | 22 Il senso di fare banda &#8211; Le bande musicali all\u2019interno della comunit\u00e0 trentina"}]},{"@type":"WebSite","@id":"https:\/\/euricse.eu\/en\/#website","url":"https:\/\/euricse.eu\/en\/","name":"Euricse","description":"Knowledge and innovation for cooperative and social enterprises.","potentialAction":[{"@type":"SearchAction","target":{"@type":"EntryPoint","urlTemplate":"https:\/\/euricse.eu\/en\/?s={search_term_string}"},"query-input":{"@type":"PropertyValueSpecification","valueRequired":true,"valueName":"search_term_string"}}],"inLanguage":"it-IT"}]}},"_links":{"self":[{"href":"https:\/\/euricse.eu\/it\/wp-json\/wp\/v2\/publications\/16544","targetHints":{"allow":["GET"]}}],"collection":[{"href":"https:\/\/euricse.eu\/it\/wp-json\/wp\/v2\/publications"}],"about":[{"href":"https:\/\/euricse.eu\/it\/wp-json\/wp\/v2\/types\/publications"}],"author":[{"embeddable":true,"href":"https:\/\/euricse.eu\/it\/wp-json\/wp\/v2\/users\/32"}],"replies":[{"embeddable":true,"href":"https:\/\/euricse.eu\/it\/wp-json\/wp\/v2\/comments?post=16544"}],"version-history":[{"count":1,"href":"https:\/\/euricse.eu\/it\/wp-json\/wp\/v2\/publications\/16544\/revisions"}],"predecessor-version":[{"id":17154,"href":"https:\/\/euricse.eu\/it\/wp-json\/wp\/v2\/publications\/16544\/revisions\/17154"}],"wp:featuredmedia":[{"embeddable":true,"href":"https:\/\/euricse.eu\/it\/wp-json\/wp\/v2\/media\/16545"}],"wp:attachment":[{"href":"https:\/\/euricse.eu\/it\/wp-json\/wp\/v2\/media?parent=16544"}],"wp:term":[{"taxonomy":"post_tag","embeddable":true,"href":"https:\/\/euricse.eu\/it\/wp-json\/wp\/v2\/tags?post=16544"}],"curies":[{"name":"wp","href":"https:\/\/api.w.org\/{rel}","templated":true}]}}

WP 123 | 22 Il senso di fare banda &#8211; Le bande musicali all’interno della comunità trentina

<p>Il working paper presenta risultati di una ricerca sul volontariato culturale e nello specifico analizza la natura delle bande e il loro ruolo all’interno della comunità trentina. I dati sono stati raccolti nel mese di agosto 2021 con un questionario originale indirizzato a tutti i bandisti degli 86 corpi della Provincia Autonoma di Trento, con circa 1.000 risposte. Lo studio mette in evidenza le motivazioni iniziali che fanno avvicinare la persona alla banda, sia le caratteristiche che permettono alle motivazioni di persistere o migliorare nel tempo. Tra le motivazioni iniziali spiccano la volontà di imparare uno strumento, la condivisione della passione per la musica, e la crescita personale. L’energia iniziale viene rinnovata in presenza di due condizioni. Da un lato, le motivazioni dei musicisti sembrano persistere o crescere se il direttivo ne ascolta le opinioni e i suggerimenti, li coinvolge nell’organizzazione degli eventi, ed in qualche misura anche nella scelta del repertorio. Dall’altro però la banda non dev’essere troppo rigida: deve cioè tener conto degli altri impegni dei musicisti senza sovraccaricarli troppo, ed essere per quanto possibile flessibile nell’organizzazione della pratica. Tra gli esiti del suonare in banda rientra specificatamente il senso di appartenenza che il musicista sviluppa verso il proprio gruppo. Oltre a questo, conta però un misto di fattori che fanno riferimento sia all’identità personale che alla sfera delle relazioni. Per quanto riguarda i legami con il territorio, metà dei musicisti dichiara di partecipare alle attività di almeno un’altra associazione.</p>

<p>Il working paper presenta risultati di una ricerca sul volontariato culturale e nello specifico analizza la natura delle bande e il loro ruolo all’interno della comunità trentina.</p>

<!-- This site is optimized with the Yoast SEO plugin v26.1.1 - https://yoast.com/wordpress/plugins/seo/ -->
<title>WP 123 | 22 Il senso di fare banda - Le bande musicali all’interno della comunità trentina - Euricse</title>
<meta name="description" content="Il working paper presenta risultati di una ricerca sul volontariato culturale e nello specifico analizza la natura delle bande e il loro ruolo all’interno della comunità trentina." />
<meta name="robots" content="index, follow, max-snippet:-1, max-image-preview:large, max-video-preview:-1" />
<link rel="canonical" href="https://euricse.eu/it/publications/123-22-il-senso-di-fare-banda-le-bande-musicali-allinterno-della-comunita-trentina/" />
<meta property="og:locale" content="it_IT" />
<meta property="og:type" content="article" />
<meta property="og:title" content="WP 123 | 22 Il senso di fare banda - Le bande musicali all’interno della comunità trentina - Euricse" />
<meta property="og:description" content="Il working paper presenta risultati di una ricerca sul volontariato culturale e nello specifico analizza la natura delle bande e il loro ruolo all’interno della comunità trentina." />
<meta property="og:url" content="https://euricse.eu/it/publications/123-22-il-senso-di-fare-banda-le-bande-musicali-allinterno-della-comunita-trentina/" />
<meta property="og:site_name" content="Euricse" />
<meta property="article:modified_time" content="2022-09-07T15:57:48+00:00" />
<meta property="og:image" content="https://euricse.eu/wp-content/uploads/2022/08/WP123-SacchettiDiani.jpg" />
	<meta property="og:image:width" content="618" />
	<meta property="og:image:height" content="881" />
	<meta property="og:image:type" content="image/jpeg" />
<meta name="twitter:card" content="summary_large_image" />
<meta name="twitter:label1" content="Tempo di lettura stimato" />
	<meta name="twitter:data1" content="2 minuti" />
<script type="application/ld+json" class="yoast-schema-graph">{"@context":"https://schema.org","@graph":[{"@type":"WebPage","@id":"https://euricse.eu/it/publications/123-22-il-senso-di-fare-banda-le-bande-musicali-allinterno-della-comunita-trentina/","url":"https://euricse.eu/it/publications/123-22-il-senso-di-fare-banda-le-bande-musicali-allinterno-della-comunita-trentina/","name":"WP 123 | 22 Il senso di fare banda - Le bande musicali all’interno della comunità trentina - Euricse","isPartOf":{"@id":"https://euricse.eu/en/#website"},"primaryImageOfPage":{"@id":"https://euricse.eu/it/publications/123-22-il-senso-di-fare-banda-le-bande-musicali-allinterno-della-comunita-trentina/#primaryimage"},"image":{"@id":"https://euricse.eu/it/publications/123-22-il-senso-di-fare-banda-le-bande-musicali-allinterno-della-comunita-trentina/#primaryimage"},"thumbnailUrl":"https://euricse.eu/wp-content/uploads/2022/08/WP123-SacchettiDiani.jpg","datePublished":"2022-08-12T10:26:31+00:00","dateModified":"2022-09-07T15:57:48+00:00","description":"Il working paper presenta risultati di una ricerca sul volontariato culturale e nello specifico analizza la natura delle bande e il loro ruolo all’interno della comunità trentina.","breadcrumb":{"@id":"https://euricse.eu/it/publications/123-22-il-senso-di-fare-banda-le-bande-musicali-allinterno-della-comunita-trentina/#breadcrumb"},"inLanguage":"it-IT","potentialAction":[{"@type":"ReadAction","target":["https://euricse.eu/it/publications/123-22-il-senso-di-fare-banda-le-bande-musicali-allinterno-della-comunita-trentina/"]}]},{"@type":"ImageObject","inLanguage":"it-IT","@id":"https://euricse.eu/it/publications/123-22-il-senso-di-fare-banda-le-bande-musicali-allinterno-della-comunita-trentina/#primaryimage","url":"https://euricse.eu/wp-content/uploads/2022/08/WP123-SacchettiDiani.jpg","contentUrl":"https://euricse.eu/wp-content/uploads/2022/08/WP123-SacchettiDiani.jpg","width":618,"height":881},{"@type":"BreadcrumbList","@id":"https://euricse.eu/it/publications/123-22-il-senso-di-fare-banda-le-bande-musicali-allinterno-della-comunita-trentina/#breadcrumb","itemListElement":[{"@type":"ListItem","position":1,"name":"Home","item":"https://euricse.eu/it/"},{"@type":"ListItem","position":2,"name":"Pubblicazioni","item":"https://euricse.eu/it/publications/"},{"@type":"ListItem","position":3,"name":"WP 123 | 22 Il senso di fare banda &#8211; Le bande musicali all’interno della comunità trentina"}]},{"@type":"WebSite","@id":"https://euricse.eu/en/#website","url":"https://euricse.eu/en/","name":"Euricse","description":"Knowledge and innovation for cooperative and social enterprises.","potentialAction":[{"@type":"SearchAction","target":{"@type":"EntryPoint","urlTemplate":"https://euricse.eu/en/?s={search_term_string}"},"query-input":{"@type":"PropertyValueSpecification","valueRequired":true,"valueName":"search_term_string"}}],"inLanguage":"it-IT"}]}</script>
<!-- / Yoast SEO plugin. -->

WP 123 | 22 Il senso di fare banda - Le bande musicali all’interno della comunità trentina - Euricse

Il working paper presenta risultati di una ricerca sul volontariato culturale e nello specifico analizza la natura delle bande e il loro ruolo all’interno della comunità trentina.
