{"id":20529,"date":"2023-11-13T13:42:55","date_gmt":"2023-11-13T13:42:55","guid":{"rendered":"https:\/\/euricse.eu\/?post_type=publications&#038;p=20529"},"modified":"2025-01-17T13:46:41","modified_gmt":"2025-01-17T13:46:41","slug":"wp-132-23-the-vitality-of-people-and-places","status":"publish","type":"publications","link":"https:\/\/euricse.eu\/it\/publications\/wp-132-23-the-vitality-of-people-and-places\/","title":{"rendered":"WP 132 | 23 La vitalit\u00e0 delle persone e dei luoghi"},"content":{"rendered":"<p>L&#8217;idea di vitalit\u00e0 \u00e8 la capacit\u00e0 di un attore o di una collettivit\u00e0 di attori di mettere in atto una serie di azioni che riflettono la loro creativit\u00e0 e sono coerenti con i risultati di realizzazione di s\u00e9 e degli altri. Tali azioni &#8211; attraverso processi appropriati &#8211; riflettono valori positivi per s\u00e9 e per gli altri. Individuiamo una tipologia originale, che si confronta con situazioni di dinamicit\u00e0 non ricettiva e di vitalit\u00e0 diffusa. Ipotizziamo quindi i fattori che sostengono quest&#8217;ultima, ovvero l&#8217;organizzazione inclusiva, il comportamento cooperativo, le relazioni equilibrate, la governance adattiva, il basso lock-in. Lo illustriamo con esempi tratti dall&#8217;educazione musicale in Trentino, Italia. Riteniamo che l&#8217;attenzione alla vitalit\u00e0 sia molto attuale, in quanto le nozioni pi\u00f9 standard di competitivit\u00e0, creativit\u00e0 e innovazione soffrono di essere o cure straordinariamente ottimistiche per le nostre economie, o raccomandazioni facili e veloci che i sostenitori del neoliberismo trasmettono a manager e politici.<\/p>\n<p>&nbsp;<\/p>\n<p><strong>JEL Codes <\/strong><\/p>\n<p>O1; O15; L2<\/p>\n","protected":false},"excerpt":{"rendered":"<p>L&#8217;articolo si concentra sulla nozione di &#8220;vitalit\u00e0&#8221;, intesa come la capacit\u00e0 di attori o gruppi di esprimere la creativit\u00e0 in accordo con l&#8217;autorealizzazione e i valori positivi. Introduce una tipologia originale e identifica i fattori di supporto, illustrando il concetto con esempi tratti dal sistema di educazione musicale in Trentino.<\/p>\n","protected":false},"author":32,"featured_media":20532,"parent":0,"comment_status":"closed","ping_status":"closed","template":"","meta":{"_acf_changed":false,"episode_type":"","audio_file":"","cover_image":"","cover_image_id":"","duration":"","filesize":"","date_recorded":"","explicit":"","block":"","itunes_episode_number":"","itunes_title":"","itunes_season_number":"","itunes_episode_type":"","filesize_raw":"","footnotes":""},"tags":[1312],"class_list":["post-20529","publications","type-publications","status-publish","has-post-thumbnail","hentry","tag-capabilities-creativeness-self-actualisation-inclusive-governance-cooperative-behaviour-network-of-relations-adaptive-governance-path-dependence-lock-in","publications-cat-working-paper","publications-area-sviluppo-locale","arguments-beni-comuni","arguments-sviluppo-locale"],"acf":[],"yoast_head":"<!-- This site is optimized with the Yoast SEO plugin v26.1.1 - https:\/\/yoast.com\/wordpress\/plugins\/seo\/ -->\n<title>WP 132 | 23 La vitalit\u00e0 delle persone e dei luoghi - Euricse<\/title>\n<meta name=\"robots\" content=\"index, follow, max-snippet:-1, max-image-preview:large, max-video-preview:-1\" \/>\n<link rel=\"canonical\" href=\"https:\/\/euricse.eu\/it\/publications\/wp-132-23-the-vitality-of-people-and-places\/\" \/>\n<meta property=\"og:locale\" content=\"it_IT\" \/>\n<meta property=\"og:type\" content=\"article\" \/>\n<meta property=\"og:title\" content=\"WP 132 | 23 La vitalit\u00e0 delle persone e dei luoghi - Euricse\" \/>\n<meta property=\"og:description\" content=\"L&#039;articolo si concentra sulla nozione di &quot;vitalit\u00e0&quot;, intesa come la capacit\u00e0 di attori o gruppi di esprimere la creativit\u00e0 in accordo con l&#039;autorealizzazione e i valori positivi. Introduce una tipologia originale e identifica i fattori di supporto, illustrando il concetto con esempi tratti dal sistema di educazione musicale in Trentino.\" \/>\n<meta property=\"og:url\" content=\"https:\/\/euricse.eu\/it\/publications\/wp-132-23-the-vitality-of-people-and-places\/\" \/>\n<meta property=\"og:site_name\" content=\"Euricse\" \/>\n<meta property=\"article:modified_time\" content=\"2025-01-17T13:46:41+00:00\" \/>\n<meta property=\"og:image\" content=\"https:\/\/euricse.eu\/wp-content\/uploads\/2023\/11\/WP-132-THE-VITALITY-OF-PEOPLE-AND-PLACES_page-0001.jpg\" \/>\n\t<meta property=\"og:image:width\" content=\"1240\" \/>\n\t<meta property=\"og:image:height\" content=\"1755\" \/>\n\t<meta property=\"og:image:type\" content=\"image\/jpeg\" \/>\n<meta name=\"twitter:card\" content=\"summary_large_image\" \/>\n<meta name=\"twitter:label1\" content=\"Tempo di lettura stimato\" \/>\n\t<meta name=\"twitter:data1\" content=\"2 minuti\" \/>\n<script type=\"application\/ld+json\" class=\"yoast-schema-graph\">{\"@context\":\"https:\/\/schema.org\",\"@graph\":[{\"@type\":\"WebPage\",\"@id\":\"https:\/\/euricse.eu\/it\/publications\/wp-132-23-the-vitality-of-people-and-places\/\",\"url\":\"https:\/\/euricse.eu\/it\/publications\/wp-132-23-the-vitality-of-people-and-places\/\",\"name\":\"WP 132 | 23 La vitalit\u00e0 delle persone e dei luoghi - Euricse\",\"isPartOf\":{\"@id\":\"https:\/\/euricse.eu\/en\/#website\"},\"primaryImageOfPage\":{\"@id\":\"https:\/\/euricse.eu\/it\/publications\/wp-132-23-the-vitality-of-people-and-places\/#primaryimage\"},\"image\":{\"@id\":\"https:\/\/euricse.eu\/it\/publications\/wp-132-23-the-vitality-of-people-and-places\/#primaryimage\"},\"thumbnailUrl\":\"https:\/\/euricse.eu\/wp-content\/uploads\/2023\/11\/WP-132-THE-VITALITY-OF-PEOPLE-AND-PLACES_page-0001.jpg\",\"datePublished\":\"2023-11-13T13:42:55+00:00\",\"dateModified\":\"2025-01-17T13:46:41+00:00\",\"breadcrumb\":{\"@id\":\"https:\/\/euricse.eu\/it\/publications\/wp-132-23-the-vitality-of-people-and-places\/#breadcrumb\"},\"inLanguage\":\"it-IT\",\"potentialAction\":[{\"@type\":\"ReadAction\",\"target\":[\"https:\/\/euricse.eu\/it\/publications\/wp-132-23-the-vitality-of-people-and-places\/\"]}]},{\"@type\":\"ImageObject\",\"inLanguage\":\"it-IT\",\"@id\":\"https:\/\/euricse.eu\/it\/publications\/wp-132-23-the-vitality-of-people-and-places\/#primaryimage\",\"url\":\"https:\/\/euricse.eu\/wp-content\/uploads\/2023\/11\/WP-132-THE-VITALITY-OF-PEOPLE-AND-PLACES_page-0001.jpg\",\"contentUrl\":\"https:\/\/euricse.eu\/wp-content\/uploads\/2023\/11\/WP-132-THE-VITALITY-OF-PEOPLE-AND-PLACES_page-0001.jpg\",\"width\":1240,\"height\":1755},{\"@type\":\"BreadcrumbList\",\"@id\":\"https:\/\/euricse.eu\/it\/publications\/wp-132-23-the-vitality-of-people-and-places\/#breadcrumb\",\"itemListElement\":[{\"@type\":\"ListItem\",\"position\":1,\"name\":\"Home\",\"item\":\"https:\/\/euricse.eu\/it\/\"},{\"@type\":\"ListItem\",\"position\":2,\"name\":\"Pubblicazioni\",\"item\":\"https:\/\/euricse.eu\/it\/publications\/\"},{\"@type\":\"ListItem\",\"position\":3,\"name\":\"WP 132 | 23 La vitalit\u00e0 delle persone e dei luoghi\"}]},{\"@type\":\"WebSite\",\"@id\":\"https:\/\/euricse.eu\/en\/#website\",\"url\":\"https:\/\/euricse.eu\/en\/\",\"name\":\"Euricse\",\"description\":\"Knowledge and innovation for cooperative and social enterprises.\",\"potentialAction\":[{\"@type\":\"SearchAction\",\"target\":{\"@type\":\"EntryPoint\",\"urlTemplate\":\"https:\/\/euricse.eu\/en\/?s={search_term_string}\"},\"query-input\":{\"@type\":\"PropertyValueSpecification\",\"valueRequired\":true,\"valueName\":\"search_term_string\"}}],\"inLanguage\":\"it-IT\"}]}<\/script>\n<!-- \/ Yoast SEO plugin. -->","yoast_head_json":{"title":"WP 132 | 23 La vitalit\u00e0 delle persone e dei luoghi - Euricse","robots":{"index":"index","follow":"follow","max-snippet":"max-snippet:-1","max-image-preview":"max-image-preview:large","max-video-preview":"max-video-preview:-1"},"canonical":"https:\/\/euricse.eu\/it\/publications\/wp-132-23-the-vitality-of-people-and-places\/","og_locale":"it_IT","og_type":"article","og_title":"WP 132 | 23 La vitalit\u00e0 delle persone e dei luoghi - Euricse","og_description":"L'articolo si concentra sulla nozione di \"vitalit\u00e0\", intesa come la capacit\u00e0 di attori o gruppi di esprimere la creativit\u00e0 in accordo con l'autorealizzazione e i valori positivi. Introduce una tipologia originale e identifica i fattori di supporto, illustrando il concetto con esempi tratti dal sistema di educazione musicale in Trentino.","og_url":"https:\/\/euricse.eu\/it\/publications\/wp-132-23-the-vitality-of-people-and-places\/","og_site_name":"Euricse","article_modified_time":"2025-01-17T13:46:41+00:00","og_image":[{"width":1240,"height":1755,"url":"https:\/\/euricse.eu\/wp-content\/uploads\/2023\/11\/WP-132-THE-VITALITY-OF-PEOPLE-AND-PLACES_page-0001.jpg","type":"image\/jpeg"}],"twitter_card":"summary_large_image","twitter_misc":{"Tempo di lettura stimato":"2 minuti"},"schema":{"@context":"https:\/\/schema.org","@graph":[{"@type":"WebPage","@id":"https:\/\/euricse.eu\/it\/publications\/wp-132-23-the-vitality-of-people-and-places\/","url":"https:\/\/euricse.eu\/it\/publications\/wp-132-23-the-vitality-of-people-and-places\/","name":"WP 132 | 23 La vitalit\u00e0 delle persone e dei luoghi - Euricse","isPartOf":{"@id":"https:\/\/euricse.eu\/en\/#website"},"primaryImageOfPage":{"@id":"https:\/\/euricse.eu\/it\/publications\/wp-132-23-the-vitality-of-people-and-places\/#primaryimage"},"image":{"@id":"https:\/\/euricse.eu\/it\/publications\/wp-132-23-the-vitality-of-people-and-places\/#primaryimage"},"thumbnailUrl":"https:\/\/euricse.eu\/wp-content\/uploads\/2023\/11\/WP-132-THE-VITALITY-OF-PEOPLE-AND-PLACES_page-0001.jpg","datePublished":"2023-11-13T13:42:55+00:00","dateModified":"2025-01-17T13:46:41+00:00","breadcrumb":{"@id":"https:\/\/euricse.eu\/it\/publications\/wp-132-23-the-vitality-of-people-and-places\/#breadcrumb"},"inLanguage":"it-IT","potentialAction":[{"@type":"ReadAction","target":["https:\/\/euricse.eu\/it\/publications\/wp-132-23-the-vitality-of-people-and-places\/"]}]},{"@type":"ImageObject","inLanguage":"it-IT","@id":"https:\/\/euricse.eu\/it\/publications\/wp-132-23-the-vitality-of-people-and-places\/#primaryimage","url":"https:\/\/euricse.eu\/wp-content\/uploads\/2023\/11\/WP-132-THE-VITALITY-OF-PEOPLE-AND-PLACES_page-0001.jpg","contentUrl":"https:\/\/euricse.eu\/wp-content\/uploads\/2023\/11\/WP-132-THE-VITALITY-OF-PEOPLE-AND-PLACES_page-0001.jpg","width":1240,"height":1755},{"@type":"BreadcrumbList","@id":"https:\/\/euricse.eu\/it\/publications\/wp-132-23-the-vitality-of-people-and-places\/#breadcrumb","itemListElement":[{"@type":"ListItem","position":1,"name":"Home","item":"https:\/\/euricse.eu\/it\/"},{"@type":"ListItem","position":2,"name":"Pubblicazioni","item":"https:\/\/euricse.eu\/it\/publications\/"},{"@type":"ListItem","position":3,"name":"WP 132 | 23 La vitalit\u00e0 delle persone e dei luoghi"}]},{"@type":"WebSite","@id":"https:\/\/euricse.eu\/en\/#website","url":"https:\/\/euricse.eu\/en\/","name":"Euricse","description":"Knowledge and innovation for cooperative and social enterprises.","potentialAction":[{"@type":"SearchAction","target":{"@type":"EntryPoint","urlTemplate":"https:\/\/euricse.eu\/en\/?s={search_term_string}"},"query-input":{"@type":"PropertyValueSpecification","valueRequired":true,"valueName":"search_term_string"}}],"inLanguage":"it-IT"}]}},"_links":{"self":[{"href":"https:\/\/euricse.eu\/it\/wp-json\/wp\/v2\/publications\/20529","targetHints":{"allow":["GET"]}}],"collection":[{"href":"https:\/\/euricse.eu\/it\/wp-json\/wp\/v2\/publications"}],"about":[{"href":"https:\/\/euricse.eu\/it\/wp-json\/wp\/v2\/types\/publications"}],"author":[{"embeddable":true,"href":"https:\/\/euricse.eu\/it\/wp-json\/wp\/v2\/users\/32"}],"replies":[{"embeddable":true,"href":"https:\/\/euricse.eu\/it\/wp-json\/wp\/v2\/comments?post=20529"}],"version-history":[{"count":2,"href":"https:\/\/euricse.eu\/it\/wp-json\/wp\/v2\/publications\/20529\/revisions"}],"predecessor-version":[{"id":25859,"href":"https:\/\/euricse.eu\/it\/wp-json\/wp\/v2\/publications\/20529\/revisions\/25859"}],"wp:featuredmedia":[{"embeddable":true,"href":"https:\/\/euricse.eu\/it\/wp-json\/wp\/v2\/media\/20532"}],"wp:attachment":[{"href":"https:\/\/euricse.eu\/it\/wp-json\/wp\/v2\/media?parent=20529"}],"wp:term":[{"taxonomy":"post_tag","embeddable":true,"href":"https:\/\/euricse.eu\/it\/wp-json\/wp\/v2\/tags?post=20529"}],"curies":[{"name":"wp","href":"https:\/\/api.w.org\/{rel}","templated":true}]}}

WP 132 | 23 La vitalità delle persone e dei luoghi

<p>L&#8217;idea di vitalità è la capacità di un attore o di una collettività di attori di mettere in atto una serie di azioni che riflettono la loro creatività e sono coerenti con i risultati di realizzazione di sé e degli altri. Tali azioni &#8211; attraverso processi appropriati &#8211; riflettono valori positivi per sé e per gli altri. Individuiamo una tipologia originale, che si confronta con situazioni di dinamicità non ricettiva e di vitalità diffusa. Ipotizziamo quindi i fattori che sostengono quest&#8217;ultima, ovvero l&#8217;organizzazione inclusiva, il comportamento cooperativo, le relazioni equilibrate, la governance adattiva, il basso lock-in. Lo illustriamo con esempi tratti dall&#8217;educazione musicale in Trentino, Italia. Riteniamo che l&#8217;attenzione alla vitalità sia molto attuale, in quanto le nozioni più standard di competitività, creatività e innovazione soffrono di essere o cure straordinariamente ottimistiche per le nostre economie, o raccomandazioni facili e veloci che i sostenitori del neoliberismo trasmettono a manager e politici.</p>
<p>&nbsp;</p>
<p><strong>JEL Codes </strong></p>
<p>O1; O15; L2</p>

<p>L&#8217;articolo si concentra sulla nozione di &#8220;vitalità&#8221;, intesa come la capacità di attori o gruppi di esprimere la creatività in accordo con l&#8217;autorealizzazione e i valori positivi. Introduce una tipologia originale e identifica i fattori di supporto, illustrando il concetto con esempi tratti dal sistema di educazione musicale in Trentino.</p>

<!-- This site is optimized with the Yoast SEO plugin v26.1.1 - https://yoast.com/wordpress/plugins/seo/ -->
<title>WP 132 | 23 La vitalità delle persone e dei luoghi - Euricse</title>
<meta name="robots" content="index, follow, max-snippet:-1, max-image-preview:large, max-video-preview:-1" />
<link rel="canonical" href="https://euricse.eu/it/publications/wp-132-23-the-vitality-of-people-and-places/" />
<meta property="og:locale" content="it_IT" />
<meta property="og:type" content="article" />
<meta property="og:title" content="WP 132 | 23 La vitalità delle persone e dei luoghi - Euricse" />
<meta property="og:description" content="L&#039;articolo si concentra sulla nozione di &quot;vitalità&quot;, intesa come la capacità di attori o gruppi di esprimere la creatività in accordo con l&#039;autorealizzazione e i valori positivi. Introduce una tipologia originale e identifica i fattori di supporto, illustrando il concetto con esempi tratti dal sistema di educazione musicale in Trentino." />
<meta property="og:url" content="https://euricse.eu/it/publications/wp-132-23-the-vitality-of-people-and-places/" />
<meta property="og:site_name" content="Euricse" />
<meta property="article:modified_time" content="2025-01-17T13:46:41+00:00" />
<meta property="og:image" content="https://euricse.eu/wp-content/uploads/2023/11/WP-132-THE-VITALITY-OF-PEOPLE-AND-PLACES_page-0001.jpg" />
	<meta property="og:image:width" content="1240" />
	<meta property="og:image:height" content="1755" />
	<meta property="og:image:type" content="image/jpeg" />
<meta name="twitter:card" content="summary_large_image" />
<meta name="twitter:label1" content="Tempo di lettura stimato" />
	<meta name="twitter:data1" content="2 minuti" />
<script type="application/ld+json" class="yoast-schema-graph">{"@context":"https://schema.org","@graph":[{"@type":"WebPage","@id":"https://euricse.eu/it/publications/wp-132-23-the-vitality-of-people-and-places/","url":"https://euricse.eu/it/publications/wp-132-23-the-vitality-of-people-and-places/","name":"WP 132 | 23 La vitalità delle persone e dei luoghi - Euricse","isPartOf":{"@id":"https://euricse.eu/en/#website"},"primaryImageOfPage":{"@id":"https://euricse.eu/it/publications/wp-132-23-the-vitality-of-people-and-places/#primaryimage"},"image":{"@id":"https://euricse.eu/it/publications/wp-132-23-the-vitality-of-people-and-places/#primaryimage"},"thumbnailUrl":"https://euricse.eu/wp-content/uploads/2023/11/WP-132-THE-VITALITY-OF-PEOPLE-AND-PLACES_page-0001.jpg","datePublished":"2023-11-13T13:42:55+00:00","dateModified":"2025-01-17T13:46:41+00:00","breadcrumb":{"@id":"https://euricse.eu/it/publications/wp-132-23-the-vitality-of-people-and-places/#breadcrumb"},"inLanguage":"it-IT","potentialAction":[{"@type":"ReadAction","target":["https://euricse.eu/it/publications/wp-132-23-the-vitality-of-people-and-places/"]}]},{"@type":"ImageObject","inLanguage":"it-IT","@id":"https://euricse.eu/it/publications/wp-132-23-the-vitality-of-people-and-places/#primaryimage","url":"https://euricse.eu/wp-content/uploads/2023/11/WP-132-THE-VITALITY-OF-PEOPLE-AND-PLACES_page-0001.jpg","contentUrl":"https://euricse.eu/wp-content/uploads/2023/11/WP-132-THE-VITALITY-OF-PEOPLE-AND-PLACES_page-0001.jpg","width":1240,"height":1755},{"@type":"BreadcrumbList","@id":"https://euricse.eu/it/publications/wp-132-23-the-vitality-of-people-and-places/#breadcrumb","itemListElement":[{"@type":"ListItem","position":1,"name":"Home","item":"https://euricse.eu/it/"},{"@type":"ListItem","position":2,"name":"Pubblicazioni","item":"https://euricse.eu/it/publications/"},{"@type":"ListItem","position":3,"name":"WP 132 | 23 La vitalità delle persone e dei luoghi"}]},{"@type":"WebSite","@id":"https://euricse.eu/en/#website","url":"https://euricse.eu/en/","name":"Euricse","description":"Knowledge and innovation for cooperative and social enterprises.","potentialAction":[{"@type":"SearchAction","target":{"@type":"EntryPoint","urlTemplate":"https://euricse.eu/en/?s={search_term_string}"},"query-input":{"@type":"PropertyValueSpecification","valueRequired":true,"valueName":"search_term_string"}}],"inLanguage":"it-IT"}]}</script>
<!-- / Yoast SEO plugin. -->

WP 132 | 23 La vitalità delle persone e dei luoghi - Euricse

L'articolo si concentra sulla nozione di "vitalità", intesa come la capacità di attori o gruppi di esprimere la creatività in accordo con l'autorealizzazione e i valori positivi. Introduce una tipologia originale e identifica i fattori di supporto, illustrando il concetto con esempi tratti dal sistema di educazione musicale in Trentino.
