{"id":26592,"date":"2025-03-24T13:09:22","date_gmt":"2025-03-24T13:09:22","guid":{"rendered":"https:\/\/euricse.eu\/?post_type=publications&#038;p=26592"},"modified":"2025-03-24T16:16:12","modified_gmt":"2025-03-24T16:16:12","slug":"la-governance-della-doppia-transizione-una-riflessione-sul-modello-cooperativo","status":"publish","type":"publications","link":"https:\/\/euricse.eu\/it\/publications\/la-governance-della-doppia-transizione-una-riflessione-sul-modello-cooperativo\/","title":{"rendered":"WP 135 | 25 La governance della doppia transizione: una riflessione sul modello cooperativo"},"content":{"rendered":"<p>La doppia transizione, digitale ed ecologica, rappresenta una delle principali direttrici di sviluppo tracciate dall\u2019agenda politica europea. L\u2019obiettivo \u00e8 l\u2019accrescimento della competitivit\u00e0 dei sistemi produttivi attraverso un migliore (e minor) utilizzo delle risorse naturali (non rinnovabili) che contribuisca a ridurre l\u2019impatto ambientale e gli effetti correlati sul processo di <em>global warming<\/em>. Il cambiamento dei modelli di produzione e di consumo potrebbe, tuttavia, innescare una serie di ricadute di carattere sociale e culturale e, di conseguenza, indurre nuove situazioni\/condizioni di povert\u00e0\/esclusione. Per tale ragione, risulta di primaria importanza riflettere sulla struttura e le modalit\u00e0 di organizzazione della produzione, in quanto potenzialmente in grado di influenzare le traiettorie innovative dettate dalle trasformazioni in atto (sostenute dalla doppia transizione). A tal riguardo, il presente contributo si concentrer\u00e0 sul ruolo del modello cooperativo e sugli eventuali rischi associati alla partecipazione alla doppia transizione in termini di maggiore esclusivit\u00e0 e quindi rispetto a un possibile indebolimento della sua natura, distintivit\u00e0 e sostenibilit\u00e0.<\/p>\n<p>&nbsp;<\/p>\n<p><strong>JEL Codes<\/strong><\/p>\n<p>L2; O33; P13<\/p>\n","protected":false},"excerpt":{"rendered":"<p>La doppia transizione digitale ed ecologica mira a migliorare la competitivit\u00e0 riducendo l&#8217;uso di risorse non rinnovabili, ma potrebbe generare effetti sociali negativi, come povert\u00e0 ed esclusione. Questo contributo esplora il ruolo del modello cooperativo e i rischi legati alla sua sostenibilit\u00e0 e inclusivit\u00e0.<\/p>\n","protected":false},"author":32,"featured_media":26595,"parent":0,"comment_status":"closed","ping_status":"closed","template":"","meta":{"_acf_changed":false,"episode_type":"","audio_file":"","cover_image":"","cover_image_id":"","duration":"","filesize":"","date_recorded":"","explicit":"","block":"","itunes_episode_number":"","itunes_title":"","itunes_season_number":"","itunes_episode_type":"","filesize_raw":"","footnotes":""},"tags":[1396,1532,1834],"class_list":["post-26592","publications","type-publications","status-publish","has-post-thumbnail","hentry","tag-imprese-cooperative","tag-sviluppo-sostenibile","tag-doppia-transizione","publications-cat-working-paper","publications-area-modelli-innovativi","publications-area-politiche-pubbliche","publications-area-sviluppo-locale"],"acf":[],"yoast_head":"<!-- This site is optimized with the Yoast SEO plugin v26.1.1 - https:\/\/yoast.com\/wordpress\/plugins\/seo\/ -->\n<title>WP 135 | 25 La governance della doppia transizione: una riflessione sul modello cooperativo - Euricse<\/title>\n<meta name=\"robots\" content=\"index, follow, max-snippet:-1, max-image-preview:large, max-video-preview:-1\" \/>\n<link rel=\"canonical\" href=\"https:\/\/euricse.eu\/it\/publications\/la-governance-della-doppia-transizione-una-riflessione-sul-modello-cooperativo\/\" \/>\n<meta property=\"og:locale\" content=\"it_IT\" \/>\n<meta property=\"og:type\" content=\"article\" \/>\n<meta property=\"og:title\" content=\"WP 135 | 25 La governance della doppia transizione: una riflessione sul modello cooperativo - Euricse\" \/>\n<meta property=\"og:description\" content=\"La doppia transizione digitale ed ecologica mira a migliorare la competitivit\u00e0 riducendo l&#039;uso di risorse non rinnovabili, ma potrebbe generare effetti sociali negativi, come povert\u00e0 ed esclusione. Questo contributo esplora il ruolo del modello cooperativo e i rischi legati alla sua sostenibilit\u00e0 e inclusivit\u00e0.\" \/>\n<meta property=\"og:url\" content=\"https:\/\/euricse.eu\/it\/publications\/la-governance-della-doppia-transizione-una-riflessione-sul-modello-cooperativo\/\" \/>\n<meta property=\"og:site_name\" content=\"Euricse\" \/>\n<meta property=\"article:modified_time\" content=\"2025-03-24T16:16:12+00:00\" \/>\n<meta property=\"og:image\" content=\"https:\/\/euricse.eu\/wp-content\/uploads\/2025\/03\/WP-135_Fontanari_Salustri_Lomuscio_2025.03.21_coopertina-scaled.jpg\" \/>\n\t<meta property=\"og:image:width\" content=\"1809\" \/>\n\t<meta property=\"og:image:height\" content=\"2560\" \/>\n\t<meta property=\"og:image:type\" content=\"image\/jpeg\" \/>\n<meta name=\"twitter:card\" content=\"summary_large_image\" \/>\n<meta name=\"twitter:label1\" content=\"Tempo di lettura stimato\" \/>\n\t<meta name=\"twitter:data1\" content=\"2 minuti\" \/>\n<script type=\"application\/ld+json\" class=\"yoast-schema-graph\">{\"@context\":\"https:\/\/schema.org\",\"@graph\":[{\"@type\":\"WebPage\",\"@id\":\"https:\/\/euricse.eu\/it\/publications\/la-governance-della-doppia-transizione-una-riflessione-sul-modello-cooperativo\/\",\"url\":\"https:\/\/euricse.eu\/it\/publications\/la-governance-della-doppia-transizione-una-riflessione-sul-modello-cooperativo\/\",\"name\":\"WP 135 | 25 La governance della doppia transizione: una riflessione sul modello cooperativo - Euricse\",\"isPartOf\":{\"@id\":\"https:\/\/euricse.eu\/en\/#website\"},\"primaryImageOfPage\":{\"@id\":\"https:\/\/euricse.eu\/it\/publications\/la-governance-della-doppia-transizione-una-riflessione-sul-modello-cooperativo\/#primaryimage\"},\"image\":{\"@id\":\"https:\/\/euricse.eu\/it\/publications\/la-governance-della-doppia-transizione-una-riflessione-sul-modello-cooperativo\/#primaryimage\"},\"thumbnailUrl\":\"https:\/\/euricse.eu\/wp-content\/uploads\/2025\/03\/WP-135_Fontanari_Salustri_Lomuscio_2025.03.21_coopertina-scaled.jpg\",\"datePublished\":\"2025-03-24T13:09:22+00:00\",\"dateModified\":\"2025-03-24T16:16:12+00:00\",\"breadcrumb\":{\"@id\":\"https:\/\/euricse.eu\/it\/publications\/la-governance-della-doppia-transizione-una-riflessione-sul-modello-cooperativo\/#breadcrumb\"},\"inLanguage\":\"it-IT\",\"potentialAction\":[{\"@type\":\"ReadAction\",\"target\":[\"https:\/\/euricse.eu\/it\/publications\/la-governance-della-doppia-transizione-una-riflessione-sul-modello-cooperativo\/\"]}]},{\"@type\":\"ImageObject\",\"inLanguage\":\"it-IT\",\"@id\":\"https:\/\/euricse.eu\/it\/publications\/la-governance-della-doppia-transizione-una-riflessione-sul-modello-cooperativo\/#primaryimage\",\"url\":\"https:\/\/euricse.eu\/wp-content\/uploads\/2025\/03\/WP-135_Fontanari_Salustri_Lomuscio_2025.03.21_coopertina-scaled.jpg\",\"contentUrl\":\"https:\/\/euricse.eu\/wp-content\/uploads\/2025\/03\/WP-135_Fontanari_Salustri_Lomuscio_2025.03.21_coopertina-scaled.jpg\",\"width\":1809,\"height\":2560},{\"@type\":\"BreadcrumbList\",\"@id\":\"https:\/\/euricse.eu\/it\/publications\/la-governance-della-doppia-transizione-una-riflessione-sul-modello-cooperativo\/#breadcrumb\",\"itemListElement\":[{\"@type\":\"ListItem\",\"position\":1,\"name\":\"Home\",\"item\":\"https:\/\/euricse.eu\/it\/\"},{\"@type\":\"ListItem\",\"position\":2,\"name\":\"Pubblicazioni\",\"item\":\"https:\/\/euricse.eu\/it\/publications\/\"},{\"@type\":\"ListItem\",\"position\":3,\"name\":\"WP 135 | 25 La governance della doppia transizione: una riflessione sul modello cooperativo\"}]},{\"@type\":\"WebSite\",\"@id\":\"https:\/\/euricse.eu\/en\/#website\",\"url\":\"https:\/\/euricse.eu\/en\/\",\"name\":\"Euricse\",\"description\":\"Knowledge and innovation for cooperative and social enterprises.\",\"potentialAction\":[{\"@type\":\"SearchAction\",\"target\":{\"@type\":\"EntryPoint\",\"urlTemplate\":\"https:\/\/euricse.eu\/en\/?s={search_term_string}\"},\"query-input\":{\"@type\":\"PropertyValueSpecification\",\"valueRequired\":true,\"valueName\":\"search_term_string\"}}],\"inLanguage\":\"it-IT\"}]}<\/script>\n<!-- \/ Yoast SEO plugin. -->","yoast_head_json":{"title":"WP 135 | 25 La governance della doppia transizione: una riflessione sul modello cooperativo - Euricse","robots":{"index":"index","follow":"follow","max-snippet":"max-snippet:-1","max-image-preview":"max-image-preview:large","max-video-preview":"max-video-preview:-1"},"canonical":"https:\/\/euricse.eu\/it\/publications\/la-governance-della-doppia-transizione-una-riflessione-sul-modello-cooperativo\/","og_locale":"it_IT","og_type":"article","og_title":"WP 135 | 25 La governance della doppia transizione: una riflessione sul modello cooperativo - Euricse","og_description":"La doppia transizione digitale ed ecologica mira a migliorare la competitivit\u00e0 riducendo l'uso di risorse non rinnovabili, ma potrebbe generare effetti sociali negativi, come povert\u00e0 ed esclusione. Questo contributo esplora il ruolo del modello cooperativo e i rischi legati alla sua sostenibilit\u00e0 e inclusivit\u00e0.","og_url":"https:\/\/euricse.eu\/it\/publications\/la-governance-della-doppia-transizione-una-riflessione-sul-modello-cooperativo\/","og_site_name":"Euricse","article_modified_time":"2025-03-24T16:16:12+00:00","og_image":[{"width":1809,"height":2560,"url":"https:\/\/euricse.eu\/wp-content\/uploads\/2025\/03\/WP-135_Fontanari_Salustri_Lomuscio_2025.03.21_coopertina-scaled.jpg","type":"image\/jpeg"}],"twitter_card":"summary_large_image","twitter_misc":{"Tempo di lettura stimato":"2 minuti"},"schema":{"@context":"https:\/\/schema.org","@graph":[{"@type":"WebPage","@id":"https:\/\/euricse.eu\/it\/publications\/la-governance-della-doppia-transizione-una-riflessione-sul-modello-cooperativo\/","url":"https:\/\/euricse.eu\/it\/publications\/la-governance-della-doppia-transizione-una-riflessione-sul-modello-cooperativo\/","name":"WP 135 | 25 La governance della doppia transizione: una riflessione sul modello cooperativo - Euricse","isPartOf":{"@id":"https:\/\/euricse.eu\/en\/#website"},"primaryImageOfPage":{"@id":"https:\/\/euricse.eu\/it\/publications\/la-governance-della-doppia-transizione-una-riflessione-sul-modello-cooperativo\/#primaryimage"},"image":{"@id":"https:\/\/euricse.eu\/it\/publications\/la-governance-della-doppia-transizione-una-riflessione-sul-modello-cooperativo\/#primaryimage"},"thumbnailUrl":"https:\/\/euricse.eu\/wp-content\/uploads\/2025\/03\/WP-135_Fontanari_Salustri_Lomuscio_2025.03.21_coopertina-scaled.jpg","datePublished":"2025-03-24T13:09:22+00:00","dateModified":"2025-03-24T16:16:12+00:00","breadcrumb":{"@id":"https:\/\/euricse.eu\/it\/publications\/la-governance-della-doppia-transizione-una-riflessione-sul-modello-cooperativo\/#breadcrumb"},"inLanguage":"it-IT","potentialAction":[{"@type":"ReadAction","target":["https:\/\/euricse.eu\/it\/publications\/la-governance-della-doppia-transizione-una-riflessione-sul-modello-cooperativo\/"]}]},{"@type":"ImageObject","inLanguage":"it-IT","@id":"https:\/\/euricse.eu\/it\/publications\/la-governance-della-doppia-transizione-una-riflessione-sul-modello-cooperativo\/#primaryimage","url":"https:\/\/euricse.eu\/wp-content\/uploads\/2025\/03\/WP-135_Fontanari_Salustri_Lomuscio_2025.03.21_coopertina-scaled.jpg","contentUrl":"https:\/\/euricse.eu\/wp-content\/uploads\/2025\/03\/WP-135_Fontanari_Salustri_Lomuscio_2025.03.21_coopertina-scaled.jpg","width":1809,"height":2560},{"@type":"BreadcrumbList","@id":"https:\/\/euricse.eu\/it\/publications\/la-governance-della-doppia-transizione-una-riflessione-sul-modello-cooperativo\/#breadcrumb","itemListElement":[{"@type":"ListItem","position":1,"name":"Home","item":"https:\/\/euricse.eu\/it\/"},{"@type":"ListItem","position":2,"name":"Pubblicazioni","item":"https:\/\/euricse.eu\/it\/publications\/"},{"@type":"ListItem","position":3,"name":"WP 135 | 25 La governance della doppia transizione: una riflessione sul modello cooperativo"}]},{"@type":"WebSite","@id":"https:\/\/euricse.eu\/en\/#website","url":"https:\/\/euricse.eu\/en\/","name":"Euricse","description":"Knowledge and innovation for cooperative and social enterprises.","potentialAction":[{"@type":"SearchAction","target":{"@type":"EntryPoint","urlTemplate":"https:\/\/euricse.eu\/en\/?s={search_term_string}"},"query-input":{"@type":"PropertyValueSpecification","valueRequired":true,"valueName":"search_term_string"}}],"inLanguage":"it-IT"}]}},"_links":{"self":[{"href":"https:\/\/euricse.eu\/it\/wp-json\/wp\/v2\/publications\/26592","targetHints":{"allow":["GET"]}}],"collection":[{"href":"https:\/\/euricse.eu\/it\/wp-json\/wp\/v2\/publications"}],"about":[{"href":"https:\/\/euricse.eu\/it\/wp-json\/wp\/v2\/types\/publications"}],"author":[{"embeddable":true,"href":"https:\/\/euricse.eu\/it\/wp-json\/wp\/v2\/users\/32"}],"replies":[{"embeddable":true,"href":"https:\/\/euricse.eu\/it\/wp-json\/wp\/v2\/comments?post=26592"}],"version-history":[{"count":2,"href":"https:\/\/euricse.eu\/it\/wp-json\/wp\/v2\/publications\/26592\/revisions"}],"predecessor-version":[{"id":26603,"href":"https:\/\/euricse.eu\/it\/wp-json\/wp\/v2\/publications\/26592\/revisions\/26603"}],"wp:featuredmedia":[{"embeddable":true,"href":"https:\/\/euricse.eu\/it\/wp-json\/wp\/v2\/media\/26595"}],"wp:attachment":[{"href":"https:\/\/euricse.eu\/it\/wp-json\/wp\/v2\/media?parent=26592"}],"wp:term":[{"taxonomy":"post_tag","embeddable":true,"href":"https:\/\/euricse.eu\/it\/wp-json\/wp\/v2\/tags?post=26592"}],"curies":[{"name":"wp","href":"https:\/\/api.w.org\/{rel}","templated":true}]}}

<p>La doppia transizione, digitale ed ecologica, rappresenta una delle principali direttrici di sviluppo tracciate dall’agenda politica europea. L’obiettivo è l’accrescimento della competitività dei sistemi produttivi attraverso un migliore (e minor) utilizzo delle risorse naturali (non rinnovabili) che contribuisca a ridurre l’impatto ambientale e gli effetti correlati sul processo di <em>global warming</em>. Il cambiamento dei modelli di produzione e di consumo potrebbe, tuttavia, innescare una serie di ricadute di carattere sociale e culturale e, di conseguenza, indurre nuove situazioni/condizioni di povertà/esclusione. Per tale ragione, risulta di primaria importanza riflettere sulla struttura e le modalità di organizzazione della produzione, in quanto potenzialmente in grado di influenzare le traiettorie innovative dettate dalle trasformazioni in atto (sostenute dalla doppia transizione). A tal riguardo, il presente contributo si concentrerà sul ruolo del modello cooperativo e sugli eventuali rischi associati alla partecipazione alla doppia transizione in termini di maggiore esclusività e quindi rispetto a un possibile indebolimento della sua natura, distintività e sostenibilità.</p>
<p>&nbsp;</p>
<p><strong>JEL Codes</strong></p>
<p>L2; O33; P13</p>

<p>La doppia transizione digitale ed ecologica mira a migliorare la competitività riducendo l&#8217;uso di risorse non rinnovabili, ma potrebbe generare effetti sociali negativi, come povertà ed esclusione. Questo contributo esplora il ruolo del modello cooperativo e i rischi legati alla sua sostenibilità e inclusività.</p>

<!-- This site is optimized with the Yoast SEO plugin v26.1.1 - https://yoast.com/wordpress/plugins/seo/ -->
<title>WP 135 | 25 La governance della doppia transizione: una riflessione sul modello cooperativo - Euricse</title>
<meta name="robots" content="index, follow, max-snippet:-1, max-image-preview:large, max-video-preview:-1" />
<link rel="canonical" href="https://euricse.eu/it/publications/la-governance-della-doppia-transizione-una-riflessione-sul-modello-cooperativo/" />
<meta property="og:locale" content="it_IT" />
<meta property="og:type" content="article" />
<meta property="og:title" content="WP 135 | 25 La governance della doppia transizione: una riflessione sul modello cooperativo - Euricse" />
<meta property="og:description" content="La doppia transizione digitale ed ecologica mira a migliorare la competitività riducendo l&#039;uso di risorse non rinnovabili, ma potrebbe generare effetti sociali negativi, come povertà ed esclusione. Questo contributo esplora il ruolo del modello cooperativo e i rischi legati alla sua sostenibilità e inclusività." />
<meta property="og:url" content="https://euricse.eu/it/publications/la-governance-della-doppia-transizione-una-riflessione-sul-modello-cooperativo/" />
<meta property="og:site_name" content="Euricse" />
<meta property="article:modified_time" content="2025-03-24T16:16:12+00:00" />
<meta property="og:image" content="https://euricse.eu/wp-content/uploads/2025/03/WP-135_Fontanari_Salustri_Lomuscio_2025.03.21_coopertina-scaled.jpg" />
	<meta property="og:image:width" content="1809" />
	<meta property="og:image:height" content="2560" />
	<meta property="og:image:type" content="image/jpeg" />
<meta name="twitter:card" content="summary_large_image" />
<meta name="twitter:label1" content="Tempo di lettura stimato" />
	<meta name="twitter:data1" content="2 minuti" />
<script type="application/ld+json" class="yoast-schema-graph">{"@context":"https://schema.org","@graph":[{"@type":"WebPage","@id":"https://euricse.eu/it/publications/la-governance-della-doppia-transizione-una-riflessione-sul-modello-cooperativo/","url":"https://euricse.eu/it/publications/la-governance-della-doppia-transizione-una-riflessione-sul-modello-cooperativo/","name":"WP 135 | 25 La governance della doppia transizione: una riflessione sul modello cooperativo - Euricse","isPartOf":{"@id":"https://euricse.eu/en/#website"},"primaryImageOfPage":{"@id":"https://euricse.eu/it/publications/la-governance-della-doppia-transizione-una-riflessione-sul-modello-cooperativo/#primaryimage"},"image":{"@id":"https://euricse.eu/it/publications/la-governance-della-doppia-transizione-una-riflessione-sul-modello-cooperativo/#primaryimage"},"thumbnailUrl":"https://euricse.eu/wp-content/uploads/2025/03/WP-135_Fontanari_Salustri_Lomuscio_2025.03.21_coopertina-scaled.jpg","datePublished":"2025-03-24T13:09:22+00:00","dateModified":"2025-03-24T16:16:12+00:00","breadcrumb":{"@id":"https://euricse.eu/it/publications/la-governance-della-doppia-transizione-una-riflessione-sul-modello-cooperativo/#breadcrumb"},"inLanguage":"it-IT","potentialAction":[{"@type":"ReadAction","target":["https://euricse.eu/it/publications/la-governance-della-doppia-transizione-una-riflessione-sul-modello-cooperativo/"]}]},{"@type":"ImageObject","inLanguage":"it-IT","@id":"https://euricse.eu/it/publications/la-governance-della-doppia-transizione-una-riflessione-sul-modello-cooperativo/#primaryimage","url":"https://euricse.eu/wp-content/uploads/2025/03/WP-135_Fontanari_Salustri_Lomuscio_2025.03.21_coopertina-scaled.jpg","contentUrl":"https://euricse.eu/wp-content/uploads/2025/03/WP-135_Fontanari_Salustri_Lomuscio_2025.03.21_coopertina-scaled.jpg","width":1809,"height":2560},{"@type":"BreadcrumbList","@id":"https://euricse.eu/it/publications/la-governance-della-doppia-transizione-una-riflessione-sul-modello-cooperativo/#breadcrumb","itemListElement":[{"@type":"ListItem","position":1,"name":"Home","item":"https://euricse.eu/it/"},{"@type":"ListItem","position":2,"name":"Pubblicazioni","item":"https://euricse.eu/it/publications/"},{"@type":"ListItem","position":3,"name":"WP 135 | 25 La governance della doppia transizione: una riflessione sul modello cooperativo"}]},{"@type":"WebSite","@id":"https://euricse.eu/en/#website","url":"https://euricse.eu/en/","name":"Euricse","description":"Knowledge and innovation for cooperative and social enterprises.","potentialAction":[{"@type":"SearchAction","target":{"@type":"EntryPoint","urlTemplate":"https://euricse.eu/en/?s={search_term_string}"},"query-input":{"@type":"PropertyValueSpecification","valueRequired":true,"valueName":"search_term_string"}}],"inLanguage":"it-IT"}]}</script>
<!-- / Yoast SEO plugin. -->

La doppia transizione digitale ed ecologica mira a migliorare la competitività riducendo l'uso di risorse non rinnovabili, ma potrebbe generare effetti sociali negativi, come povertà ed esclusione. Questo contributo esplora il ruolo del modello cooperativo e i rischi legati alla sua sostenibilità e inclusività.
