{"id":611,"date":"2013-03-13T13:39:25","date_gmt":"2013-03-13T13:39:25","guid":{"rendered":"https:\/\/euricse.staging.hgblu.com\/?post_type=publications&#038;p=611"},"modified":"2024-03-20T09:05:46","modified_gmt":"2024-03-20T09:05:46","slug":"wp-4613-cooperatives-concern-for-the-community-from-members-towards-local-communities-interest","status":"publish","type":"publications","link":"https:\/\/euricse.eu\/it\/publications\/wp-4613-cooperatives-concern-for-the-community-from-members-towards-local-communities-interest\/","title":{"rendered":"WP 46 | 13 L&#8217;attenzione della cooperativa per la comunit\u00e0: dai soci all&#8217;interesse delle comunit\u00e0 locali"},"content":{"rendered":"<p>Questo articolo discute il rapporto tra le cooperative e le loro comunit\u00e0, uno dei modi standard in cui viene spiegata la &#8220;differenza cooperativa&#8221;. Quali sono le origini di questa relazione speciale? Perch\u00e9 e come ha ricevuto tanta attenzione negli anni &#8217;90, quando il movimento cooperativo internazionale ha intrapreso un grande e prolungato sforzo per articolare i suoi valori e principi fondamentali? Come si relaziona il tema della &#8220;responsabilit\u00e0 comunitaria&#8221; con le nozioni di appartenenza? Che tipo di problemi vengono sollevati quando le cooperative cercano di affrontare le questioni comunitarie?<\/p>\n","protected":false},"excerpt":{"rendered":"<p>Questo articolo discute il rapporto tra le cooperative e le loro comunit\u00e0, uno dei modi standard in cui viene spiegata la &#8220;differenza cooperativa&#8221;. Quali sono le origini di questa relazione speciale? Perch\u00e9 e come ha ricevuto tanta attenzione negli anni &#8217;90, quando il movimento cooperativo internazionale ha intrapreso un grande e prolungato sforzo per articolare i suoi valori e principi fondamentali?<\/p>\n","protected":false},"author":32,"featured_media":897,"parent":0,"comment_status":"closed","ping_status":"closed","template":"","meta":{"_acf_changed":false,"episode_type":"","audio_file":"","cover_image":"","cover_image_id":"","duration":"","filesize":"","date_recorded":"","explicit":"","block":"","itunes_episode_number":"","itunes_title":"","itunes_season_number":"","itunes_episode_type":"","filesize_raw":"","footnotes":""},"tags":[109,122,133],"class_list":["post-611","publications","type-publications","status-publish","has-post-thumbnail","hentry","tag-cooperative","tag-interesse-per-la-comunita","tag-responsabilita","publications-cat-working-paper","publications-area-sviluppo-locale"],"acf":[],"yoast_head":"<!-- This site is optimized with the Yoast SEO plugin v26.1.1 - https:\/\/yoast.com\/wordpress\/plugins\/seo\/ -->\n<title>WP 46 | 13 L&#039;attenzione della cooperativa per la comunit\u00e0: dai soci all&#039;interesse delle comunit\u00e0 locali - Euricse<\/title>\n<meta name=\"robots\" content=\"index, follow, max-snippet:-1, max-image-preview:large, max-video-preview:-1\" \/>\n<link rel=\"canonical\" href=\"https:\/\/euricse.eu\/it\/publications\/wp-4613-cooperatives-concern-for-the-community-from-members-towards-local-communities-interest\/\" \/>\n<meta property=\"og:locale\" content=\"it_IT\" \/>\n<meta property=\"og:type\" content=\"article\" \/>\n<meta property=\"og:title\" content=\"WP 46 | 13 L&#039;attenzione della cooperativa per la comunit\u00e0: dai soci all&#039;interesse delle comunit\u00e0 locali - Euricse\" \/>\n<meta property=\"og:description\" content=\"Questo articolo discute il rapporto tra le cooperative e le loro comunit\u00e0, uno dei modi standard in cui viene spiegata la &quot;differenza cooperativa&quot;. Quali sono le origini di questa relazione speciale? Perch\u00e9 e come ha ricevuto tanta attenzione negli anni &#039;90, quando il movimento cooperativo internazionale ha intrapreso un grande e prolungato sforzo per articolare i suoi valori e principi fondamentali?\" \/>\n<meta property=\"og:url\" content=\"https:\/\/euricse.eu\/it\/publications\/wp-4613-cooperatives-concern-for-the-community-from-members-towards-local-communities-interest\/\" \/>\n<meta property=\"og:site_name\" content=\"Euricse\" \/>\n<meta property=\"article:modified_time\" content=\"2024-03-20T09:05:46+00:00\" \/>\n<meta property=\"og:image\" content=\"https:\/\/euricse.eu\/wp-content\/uploads\/2015\/03\/wp46.jpg\" \/>\n\t<meta property=\"og:image:width\" content=\"2480\" \/>\n\t<meta property=\"og:image:height\" content=\"3509\" \/>\n\t<meta property=\"og:image:type\" content=\"image\/jpeg\" \/>\n<meta name=\"twitter:card\" content=\"summary_large_image\" \/>\n<meta name=\"twitter:label1\" content=\"Tempo di lettura stimato\" \/>\n\t<meta name=\"twitter:data1\" content=\"1 minuto\" \/>\n<script type=\"application\/ld+json\" class=\"yoast-schema-graph\">{\"@context\":\"https:\/\/schema.org\",\"@graph\":[{\"@type\":\"WebPage\",\"@id\":\"https:\/\/euricse.eu\/it\/publications\/wp-4613-cooperatives-concern-for-the-community-from-members-towards-local-communities-interest\/\",\"url\":\"https:\/\/euricse.eu\/it\/publications\/wp-4613-cooperatives-concern-for-the-community-from-members-towards-local-communities-interest\/\",\"name\":\"WP 46 | 13 L'attenzione della cooperativa per la comunit\u00e0: dai soci all'interesse delle comunit\u00e0 locali - Euricse\",\"isPartOf\":{\"@id\":\"https:\/\/euricse.eu\/en\/#website\"},\"primaryImageOfPage\":{\"@id\":\"https:\/\/euricse.eu\/it\/publications\/wp-4613-cooperatives-concern-for-the-community-from-members-towards-local-communities-interest\/#primaryimage\"},\"image\":{\"@id\":\"https:\/\/euricse.eu\/it\/publications\/wp-4613-cooperatives-concern-for-the-community-from-members-towards-local-communities-interest\/#primaryimage\"},\"thumbnailUrl\":\"https:\/\/euricse.eu\/wp-content\/uploads\/2015\/03\/wp46.jpg\",\"datePublished\":\"2013-03-13T13:39:25+00:00\",\"dateModified\":\"2024-03-20T09:05:46+00:00\",\"breadcrumb\":{\"@id\":\"https:\/\/euricse.eu\/it\/publications\/wp-4613-cooperatives-concern-for-the-community-from-members-towards-local-communities-interest\/#breadcrumb\"},\"inLanguage\":\"it-IT\",\"potentialAction\":[{\"@type\":\"ReadAction\",\"target\":[\"https:\/\/euricse.eu\/it\/publications\/wp-4613-cooperatives-concern-for-the-community-from-members-towards-local-communities-interest\/\"]}]},{\"@type\":\"ImageObject\",\"inLanguage\":\"it-IT\",\"@id\":\"https:\/\/euricse.eu\/it\/publications\/wp-4613-cooperatives-concern-for-the-community-from-members-towards-local-communities-interest\/#primaryimage\",\"url\":\"https:\/\/euricse.eu\/wp-content\/uploads\/2015\/03\/wp46.jpg\",\"contentUrl\":\"https:\/\/euricse.eu\/wp-content\/uploads\/2015\/03\/wp46.jpg\",\"width\":2480,\"height\":3509},{\"@type\":\"BreadcrumbList\",\"@id\":\"https:\/\/euricse.eu\/it\/publications\/wp-4613-cooperatives-concern-for-the-community-from-members-towards-local-communities-interest\/#breadcrumb\",\"itemListElement\":[{\"@type\":\"ListItem\",\"position\":1,\"name\":\"Home\",\"item\":\"https:\/\/euricse.eu\/it\/\"},{\"@type\":\"ListItem\",\"position\":2,\"name\":\"Pubblicazioni\",\"item\":\"https:\/\/euricse.eu\/it\/publications\/\"},{\"@type\":\"ListItem\",\"position\":3,\"name\":\"WP 46 | 13 L&#8217;attenzione della cooperativa per la comunit\u00e0: dai soci all&#8217;interesse delle comunit\u00e0 locali\"}]},{\"@type\":\"WebSite\",\"@id\":\"https:\/\/euricse.eu\/en\/#website\",\"url\":\"https:\/\/euricse.eu\/en\/\",\"name\":\"Euricse\",\"description\":\"Knowledge and innovation for cooperative and social enterprises.\",\"potentialAction\":[{\"@type\":\"SearchAction\",\"target\":{\"@type\":\"EntryPoint\",\"urlTemplate\":\"https:\/\/euricse.eu\/en\/?s={search_term_string}\"},\"query-input\":{\"@type\":\"PropertyValueSpecification\",\"valueRequired\":true,\"valueName\":\"search_term_string\"}}],\"inLanguage\":\"it-IT\"}]}<\/script>\n<!-- \/ Yoast SEO plugin. -->","yoast_head_json":{"title":"WP 46 | 13 L'attenzione della cooperativa per la comunit\u00e0: dai soci all'interesse delle comunit\u00e0 locali - Euricse","robots":{"index":"index","follow":"follow","max-snippet":"max-snippet:-1","max-image-preview":"max-image-preview:large","max-video-preview":"max-video-preview:-1"},"canonical":"https:\/\/euricse.eu\/it\/publications\/wp-4613-cooperatives-concern-for-the-community-from-members-towards-local-communities-interest\/","og_locale":"it_IT","og_type":"article","og_title":"WP 46 | 13 L'attenzione della cooperativa per la comunit\u00e0: dai soci all'interesse delle comunit\u00e0 locali - Euricse","og_description":"Questo articolo discute il rapporto tra le cooperative e le loro comunit\u00e0, uno dei modi standard in cui viene spiegata la \"differenza cooperativa\". Quali sono le origini di questa relazione speciale? Perch\u00e9 e come ha ricevuto tanta attenzione negli anni '90, quando il movimento cooperativo internazionale ha intrapreso un grande e prolungato sforzo per articolare i suoi valori e principi fondamentali?","og_url":"https:\/\/euricse.eu\/it\/publications\/wp-4613-cooperatives-concern-for-the-community-from-members-towards-local-communities-interest\/","og_site_name":"Euricse","article_modified_time":"2024-03-20T09:05:46+00:00","og_image":[{"width":2480,"height":3509,"url":"https:\/\/euricse.eu\/wp-content\/uploads\/2015\/03\/wp46.jpg","type":"image\/jpeg"}],"twitter_card":"summary_large_image","twitter_misc":{"Tempo di lettura stimato":"1 minuto"},"schema":{"@context":"https:\/\/schema.org","@graph":[{"@type":"WebPage","@id":"https:\/\/euricse.eu\/it\/publications\/wp-4613-cooperatives-concern-for-the-community-from-members-towards-local-communities-interest\/","url":"https:\/\/euricse.eu\/it\/publications\/wp-4613-cooperatives-concern-for-the-community-from-members-towards-local-communities-interest\/","name":"WP 46 | 13 L'attenzione della cooperativa per la comunit\u00e0: dai soci all'interesse delle comunit\u00e0 locali - Euricse","isPartOf":{"@id":"https:\/\/euricse.eu\/en\/#website"},"primaryImageOfPage":{"@id":"https:\/\/euricse.eu\/it\/publications\/wp-4613-cooperatives-concern-for-the-community-from-members-towards-local-communities-interest\/#primaryimage"},"image":{"@id":"https:\/\/euricse.eu\/it\/publications\/wp-4613-cooperatives-concern-for-the-community-from-members-towards-local-communities-interest\/#primaryimage"},"thumbnailUrl":"https:\/\/euricse.eu\/wp-content\/uploads\/2015\/03\/wp46.jpg","datePublished":"2013-03-13T13:39:25+00:00","dateModified":"2024-03-20T09:05:46+00:00","breadcrumb":{"@id":"https:\/\/euricse.eu\/it\/publications\/wp-4613-cooperatives-concern-for-the-community-from-members-towards-local-communities-interest\/#breadcrumb"},"inLanguage":"it-IT","potentialAction":[{"@type":"ReadAction","target":["https:\/\/euricse.eu\/it\/publications\/wp-4613-cooperatives-concern-for-the-community-from-members-towards-local-communities-interest\/"]}]},{"@type":"ImageObject","inLanguage":"it-IT","@id":"https:\/\/euricse.eu\/it\/publications\/wp-4613-cooperatives-concern-for-the-community-from-members-towards-local-communities-interest\/#primaryimage","url":"https:\/\/euricse.eu\/wp-content\/uploads\/2015\/03\/wp46.jpg","contentUrl":"https:\/\/euricse.eu\/wp-content\/uploads\/2015\/03\/wp46.jpg","width":2480,"height":3509},{"@type":"BreadcrumbList","@id":"https:\/\/euricse.eu\/it\/publications\/wp-4613-cooperatives-concern-for-the-community-from-members-towards-local-communities-interest\/#breadcrumb","itemListElement":[{"@type":"ListItem","position":1,"name":"Home","item":"https:\/\/euricse.eu\/it\/"},{"@type":"ListItem","position":2,"name":"Pubblicazioni","item":"https:\/\/euricse.eu\/it\/publications\/"},{"@type":"ListItem","position":3,"name":"WP 46 | 13 L&#8217;attenzione della cooperativa per la comunit\u00e0: dai soci all&#8217;interesse delle comunit\u00e0 locali"}]},{"@type":"WebSite","@id":"https:\/\/euricse.eu\/en\/#website","url":"https:\/\/euricse.eu\/en\/","name":"Euricse","description":"Knowledge and innovation for cooperative and social enterprises.","potentialAction":[{"@type":"SearchAction","target":{"@type":"EntryPoint","urlTemplate":"https:\/\/euricse.eu\/en\/?s={search_term_string}"},"query-input":{"@type":"PropertyValueSpecification","valueRequired":true,"valueName":"search_term_string"}}],"inLanguage":"it-IT"}]}},"_links":{"self":[{"href":"https:\/\/euricse.eu\/it\/wp-json\/wp\/v2\/publications\/611","targetHints":{"allow":["GET"]}}],"collection":[{"href":"https:\/\/euricse.eu\/it\/wp-json\/wp\/v2\/publications"}],"about":[{"href":"https:\/\/euricse.eu\/it\/wp-json\/wp\/v2\/types\/publications"}],"author":[{"embeddable":true,"href":"https:\/\/euricse.eu\/it\/wp-json\/wp\/v2\/users\/32"}],"replies":[{"embeddable":true,"href":"https:\/\/euricse.eu\/it\/wp-json\/wp\/v2\/comments?post=611"}],"version-history":[{"count":0,"href":"https:\/\/euricse.eu\/it\/wp-json\/wp\/v2\/publications\/611\/revisions"}],"wp:featuredmedia":[{"embeddable":true,"href":"https:\/\/euricse.eu\/it\/wp-json\/wp\/v2\/media\/897"}],"wp:attachment":[{"href":"https:\/\/euricse.eu\/it\/wp-json\/wp\/v2\/media?parent=611"}],"wp:term":[{"taxonomy":"post_tag","embeddable":true,"href":"https:\/\/euricse.eu\/it\/wp-json\/wp\/v2\/tags?post=611"}],"curies":[{"name":"wp","href":"https:\/\/api.w.org\/{rel}","templated":true}]}}

WP 46 | 13 L&#8217;attenzione della cooperativa per la comunità: dai soci all&#8217;interesse delle comunità locali

<p>Questo articolo discute il rapporto tra le cooperative e le loro comunità, uno dei modi standard in cui viene spiegata la &#8220;differenza cooperativa&#8221;. Quali sono le origini di questa relazione speciale? Perché e come ha ricevuto tanta attenzione negli anni &#8217;90, quando il movimento cooperativo internazionale ha intrapreso un grande e prolungato sforzo per articolare i suoi valori e principi fondamentali? Come si relaziona il tema della &#8220;responsabilità comunitaria&#8221; con le nozioni di appartenenza? Che tipo di problemi vengono sollevati quando le cooperative cercano di affrontare le questioni comunitarie?</p>

<p>Questo articolo discute il rapporto tra le cooperative e le loro comunità, uno dei modi standard in cui viene spiegata la &#8220;differenza cooperativa&#8221;. Quali sono le origini di questa relazione speciale? Perché e come ha ricevuto tanta attenzione negli anni &#8217;90, quando il movimento cooperativo internazionale ha intrapreso un grande e prolungato sforzo per articolare i suoi valori e principi fondamentali?</p>

<!-- This site is optimized with the Yoast SEO plugin v26.1.1 - https://yoast.com/wordpress/plugins/seo/ -->
<title>WP 46 | 13 L&#039;attenzione della cooperativa per la comunità: dai soci all&#039;interesse delle comunità locali - Euricse</title>
<meta name="robots" content="index, follow, max-snippet:-1, max-image-preview:large, max-video-preview:-1" />
<link rel="canonical" href="https://euricse.eu/it/publications/wp-4613-cooperatives-concern-for-the-community-from-members-towards-local-communities-interest/" />
<meta property="og:locale" content="it_IT" />
<meta property="og:type" content="article" />
<meta property="og:title" content="WP 46 | 13 L&#039;attenzione della cooperativa per la comunità: dai soci all&#039;interesse delle comunità locali - Euricse" />
<meta property="og:description" content="Questo articolo discute il rapporto tra le cooperative e le loro comunità, uno dei modi standard in cui viene spiegata la &quot;differenza cooperativa&quot;. Quali sono le origini di questa relazione speciale? Perché e come ha ricevuto tanta attenzione negli anni &#039;90, quando il movimento cooperativo internazionale ha intrapreso un grande e prolungato sforzo per articolare i suoi valori e principi fondamentali?" />
<meta property="og:url" content="https://euricse.eu/it/publications/wp-4613-cooperatives-concern-for-the-community-from-members-towards-local-communities-interest/" />
<meta property="og:site_name" content="Euricse" />
<meta property="article:modified_time" content="2024-03-20T09:05:46+00:00" />
<meta property="og:image" content="https://euricse.eu/wp-content/uploads/2015/03/wp46.jpg" />
	<meta property="og:image:width" content="2480" />
	<meta property="og:image:height" content="3509" />
	<meta property="og:image:type" content="image/jpeg" />
<meta name="twitter:card" content="summary_large_image" />
<meta name="twitter:label1" content="Tempo di lettura stimato" />
	<meta name="twitter:data1" content="1 minuto" />
<script type="application/ld+json" class="yoast-schema-graph">{"@context":"https://schema.org","@graph":[{"@type":"WebPage","@id":"https://euricse.eu/it/publications/wp-4613-cooperatives-concern-for-the-community-from-members-towards-local-communities-interest/","url":"https://euricse.eu/it/publications/wp-4613-cooperatives-concern-for-the-community-from-members-towards-local-communities-interest/","name":"WP 46 | 13 L'attenzione della cooperativa per la comunità: dai soci all'interesse delle comunità locali - Euricse","isPartOf":{"@id":"https://euricse.eu/en/#website"},"primaryImageOfPage":{"@id":"https://euricse.eu/it/publications/wp-4613-cooperatives-concern-for-the-community-from-members-towards-local-communities-interest/#primaryimage"},"image":{"@id":"https://euricse.eu/it/publications/wp-4613-cooperatives-concern-for-the-community-from-members-towards-local-communities-interest/#primaryimage"},"thumbnailUrl":"https://euricse.eu/wp-content/uploads/2015/03/wp46.jpg","datePublished":"2013-03-13T13:39:25+00:00","dateModified":"2024-03-20T09:05:46+00:00","breadcrumb":{"@id":"https://euricse.eu/it/publications/wp-4613-cooperatives-concern-for-the-community-from-members-towards-local-communities-interest/#breadcrumb"},"inLanguage":"it-IT","potentialAction":[{"@type":"ReadAction","target":["https://euricse.eu/it/publications/wp-4613-cooperatives-concern-for-the-community-from-members-towards-local-communities-interest/"]}]},{"@type":"ImageObject","inLanguage":"it-IT","@id":"https://euricse.eu/it/publications/wp-4613-cooperatives-concern-for-the-community-from-members-towards-local-communities-interest/#primaryimage","url":"https://euricse.eu/wp-content/uploads/2015/03/wp46.jpg","contentUrl":"https://euricse.eu/wp-content/uploads/2015/03/wp46.jpg","width":2480,"height":3509},{"@type":"BreadcrumbList","@id":"https://euricse.eu/it/publications/wp-4613-cooperatives-concern-for-the-community-from-members-towards-local-communities-interest/#breadcrumb","itemListElement":[{"@type":"ListItem","position":1,"name":"Home","item":"https://euricse.eu/it/"},{"@type":"ListItem","position":2,"name":"Pubblicazioni","item":"https://euricse.eu/it/publications/"},{"@type":"ListItem","position":3,"name":"WP 46 | 13 L&#8217;attenzione della cooperativa per la comunità: dai soci all&#8217;interesse delle comunità locali"}]},{"@type":"WebSite","@id":"https://euricse.eu/en/#website","url":"https://euricse.eu/en/","name":"Euricse","description":"Knowledge and innovation for cooperative and social enterprises.","potentialAction":[{"@type":"SearchAction","target":{"@type":"EntryPoint","urlTemplate":"https://euricse.eu/en/?s={search_term_string}"},"query-input":{"@type":"PropertyValueSpecification","valueRequired":true,"valueName":"search_term_string"}}],"inLanguage":"it-IT"}]}</script>
<!-- / Yoast SEO plugin. -->

WP 46 | 13 L'attenzione della cooperativa per la comunità: dai soci all'interesse delle comunità locali - Euricse

Questo articolo discute il rapporto tra le cooperative e le loro comunità, uno dei modi standard in cui viene spiegata la "differenza cooperativa". Quali sono le origini di questa relazione speciale? Perché e come ha ricevuto tanta attenzione negli anni '90, quando il movimento cooperativo internazionale ha intrapreso un grande e prolungato sforzo per articolare i suoi valori e principi fondamentali?
