{"id":626,"date":"2010-11-16T15:14:14","date_gmt":"2010-11-16T15:14:14","guid":{"rendered":"https:\/\/euricse.staging.hgblu.com\/?post_type=publications&#038;p=626"},"modified":"2024-03-14T15:31:39","modified_gmt":"2024-03-14T15:31:39","slug":"productivity-wages-and-intrinsic-motivation-in-social-enterprises","status":"publish","type":"publications","link":"https:\/\/euricse.eu\/it\/publications\/productivity-wages-and-intrinsic-motivation-in-social-enterprises\/","title":{"rendered":"Produttivit\u00e0, salari e motivazione intrinseca nelle imprese sociali"},"content":{"rendered":"<p>L&#8217;obiettivo del report \u00e8 esaminare l&#8217;ipotesi del lavoro donativo e la sua relazione con i differenziali salariali all&#8217;interno del settore cooperativo nonprofit. Attraverso un&#8217;analisi empirica, si intende valutare se i lavoratori con motivazioni intrinseche donano pi\u00f9 lavoro non retribuito, ma risultano anche pi\u00f9 produttivi e guadagnano salari significativamente pi\u00f9 alti.<\/p>\n<p>Si cerca di comprendere se la relazione statica ipotizzata dall&#8217;ipotesi del differenziale compensativo, che indica una correlazione negativa tra motivazioni intrinseche e salari, \u00e8 pi\u00f9 forte o pi\u00f9 debole rispetto all&#8217;ipotesi dinamica, che suggerisce che i lavoratori intrinsecamente motivati siano pi\u00f9 produttivi e quindi guadagnino di pi\u00f9. Mediante l&#8217;analisi dei dati raccolti all&#8217;interno del settore cooperativo in Italia, si mira a fornire una visione pi\u00f9 chiara sulla dinamica tra motivazioni intrinseche e compensi salariali, tenendo conto della possibile eterogeneit\u00e0 delle motivazioni intrinseche tra i lavoratori.<\/p>\n<p>&nbsp;<\/p>\n<p>&nbsp;<\/p>\n<p>&nbsp;<\/p>\n","protected":false},"excerpt":{"rendered":"<p>L&#8217;obiettivo del report \u00e8 esaminare la relazione tra le motivazioni intrinseche dei lavoratori e i differenziali salariali all&#8217;interno del settore cooperativo no profit, confrontando l&#8217;ipotesi statica del differenziale compensativo con un&#8217;ipotesi dinamica che considera la produttivit\u00e0 come fattore determinante nei salari.<\/p>\n","protected":false},"author":32,"featured_media":953,"parent":0,"comment_status":"closed","ping_status":"closed","template":"","meta":{"_acf_changed":false,"episode_type":"","audio_file":"","cover_image":"","cover_image_id":"","duration":"","filesize":"","date_recorded":"","explicit":"","block":"","itunes_episode_number":"","itunes_title":"","itunes_season_number":"","itunes_episode_type":"","filesize_raw":"","footnotes":""},"tags":[109,111,125,271],"class_list":["post-626","publications","type-publications","status-publish","has-post-thumbnail","hentry","tag-cooperative","tag-imprese-sociali","tag-lavoro","tag-motivazioni","publications-cat-rapporti","publications-area-misurazione-e-impatto","arguments-innovazione","arguments-sviluppo-locale","organizational_types-impresa-sociale"],"acf":[],"yoast_head":"<!-- This site is optimized with the Yoast SEO plugin v26.1.1 - https:\/\/yoast.com\/wordpress\/plugins\/seo\/ -->\n<title>Produttivit\u00e0, salari e motivazione intrinseca nelle imprese sociali - Euricse<\/title>\n<meta name=\"robots\" content=\"index, follow, max-snippet:-1, max-image-preview:large, max-video-preview:-1\" \/>\n<link rel=\"canonical\" href=\"https:\/\/euricse.eu\/it\/publications\/productivity-wages-and-intrinsic-motivation-in-social-enterprises\/\" \/>\n<meta property=\"og:locale\" content=\"it_IT\" \/>\n<meta property=\"og:type\" content=\"article\" \/>\n<meta property=\"og:title\" content=\"Produttivit\u00e0, salari e motivazione intrinseca nelle imprese sociali - Euricse\" \/>\n<meta property=\"og:description\" content=\"L&#039;obiettivo del report \u00e8 esaminare la relazione tra le motivazioni intrinseche dei lavoratori e i differenziali salariali all&#039;interno del settore cooperativo no profit, confrontando l&#039;ipotesi statica del differenziale compensativo con un&#039;ipotesi dinamica che considera la produttivit\u00e0 come fattore determinante nei salari.\" \/>\n<meta property=\"og:url\" content=\"https:\/\/euricse.eu\/it\/publications\/productivity-wages-and-intrinsic-motivation-in-social-enterprises\/\" \/>\n<meta property=\"og:site_name\" content=\"Euricse\" \/>\n<meta property=\"article:modified_time\" content=\"2024-03-14T15:31:39+00:00\" \/>\n<meta property=\"og:image\" content=\"https:\/\/euricse.eu\/wp-content\/uploads\/2015\/03\/3-becchetti.jpg\" \/>\n\t<meta property=\"og:image:width\" content=\"2480\" \/>\n\t<meta property=\"og:image:height\" content=\"3508\" \/>\n\t<meta property=\"og:image:type\" content=\"image\/jpeg\" \/>\n<meta name=\"twitter:card\" content=\"summary_large_image\" \/>\n<meta name=\"twitter:label1\" content=\"Tempo di lettura stimato\" \/>\n\t<meta name=\"twitter:data1\" content=\"1 minuto\" \/>\n<script type=\"application\/ld+json\" class=\"yoast-schema-graph\">{\"@context\":\"https:\/\/schema.org\",\"@graph\":[{\"@type\":\"WebPage\",\"@id\":\"https:\/\/euricse.eu\/it\/publications\/productivity-wages-and-intrinsic-motivation-in-social-enterprises\/\",\"url\":\"https:\/\/euricse.eu\/it\/publications\/productivity-wages-and-intrinsic-motivation-in-social-enterprises\/\",\"name\":\"Produttivit\u00e0, salari e motivazione intrinseca nelle imprese sociali - Euricse\",\"isPartOf\":{\"@id\":\"https:\/\/euricse.eu\/en\/#website\"},\"primaryImageOfPage\":{\"@id\":\"https:\/\/euricse.eu\/it\/publications\/productivity-wages-and-intrinsic-motivation-in-social-enterprises\/#primaryimage\"},\"image\":{\"@id\":\"https:\/\/euricse.eu\/it\/publications\/productivity-wages-and-intrinsic-motivation-in-social-enterprises\/#primaryimage\"},\"thumbnailUrl\":\"https:\/\/euricse.eu\/wp-content\/uploads\/2015\/03\/3-becchetti.jpg\",\"datePublished\":\"2010-11-16T15:14:14+00:00\",\"dateModified\":\"2024-03-14T15:31:39+00:00\",\"breadcrumb\":{\"@id\":\"https:\/\/euricse.eu\/it\/publications\/productivity-wages-and-intrinsic-motivation-in-social-enterprises\/#breadcrumb\"},\"inLanguage\":\"it-IT\",\"potentialAction\":[{\"@type\":\"ReadAction\",\"target\":[\"https:\/\/euricse.eu\/it\/publications\/productivity-wages-and-intrinsic-motivation-in-social-enterprises\/\"]}]},{\"@type\":\"ImageObject\",\"inLanguage\":\"it-IT\",\"@id\":\"https:\/\/euricse.eu\/it\/publications\/productivity-wages-and-intrinsic-motivation-in-social-enterprises\/#primaryimage\",\"url\":\"https:\/\/euricse.eu\/wp-content\/uploads\/2015\/03\/3-becchetti.jpg\",\"contentUrl\":\"https:\/\/euricse.eu\/wp-content\/uploads\/2015\/03\/3-becchetti.jpg\",\"width\":2480,\"height\":3508},{\"@type\":\"BreadcrumbList\",\"@id\":\"https:\/\/euricse.eu\/it\/publications\/productivity-wages-and-intrinsic-motivation-in-social-enterprises\/#breadcrumb\",\"itemListElement\":[{\"@type\":\"ListItem\",\"position\":1,\"name\":\"Home\",\"item\":\"https:\/\/euricse.eu\/it\/\"},{\"@type\":\"ListItem\",\"position\":2,\"name\":\"Pubblicazioni\",\"item\":\"https:\/\/euricse.eu\/it\/publications\/\"},{\"@type\":\"ListItem\",\"position\":3,\"name\":\"Produttivit\u00e0, salari e motivazione intrinseca nelle imprese sociali\"}]},{\"@type\":\"WebSite\",\"@id\":\"https:\/\/euricse.eu\/en\/#website\",\"url\":\"https:\/\/euricse.eu\/en\/\",\"name\":\"Euricse\",\"description\":\"Knowledge and innovation for cooperative and social enterprises.\",\"potentialAction\":[{\"@type\":\"SearchAction\",\"target\":{\"@type\":\"EntryPoint\",\"urlTemplate\":\"https:\/\/euricse.eu\/en\/?s={search_term_string}\"},\"query-input\":{\"@type\":\"PropertyValueSpecification\",\"valueRequired\":true,\"valueName\":\"search_term_string\"}}],\"inLanguage\":\"it-IT\"}]}<\/script>\n<!-- \/ Yoast SEO plugin. -->","yoast_head_json":{"title":"Produttivit\u00e0, salari e motivazione intrinseca nelle imprese sociali - Euricse","robots":{"index":"index","follow":"follow","max-snippet":"max-snippet:-1","max-image-preview":"max-image-preview:large","max-video-preview":"max-video-preview:-1"},"canonical":"https:\/\/euricse.eu\/it\/publications\/productivity-wages-and-intrinsic-motivation-in-social-enterprises\/","og_locale":"it_IT","og_type":"article","og_title":"Produttivit\u00e0, salari e motivazione intrinseca nelle imprese sociali - Euricse","og_description":"L'obiettivo del report \u00e8 esaminare la relazione tra le motivazioni intrinseche dei lavoratori e i differenziali salariali all'interno del settore cooperativo no profit, confrontando l'ipotesi statica del differenziale compensativo con un'ipotesi dinamica che considera la produttivit\u00e0 come fattore determinante nei salari.","og_url":"https:\/\/euricse.eu\/it\/publications\/productivity-wages-and-intrinsic-motivation-in-social-enterprises\/","og_site_name":"Euricse","article_modified_time":"2024-03-14T15:31:39+00:00","og_image":[{"width":2480,"height":3508,"url":"https:\/\/euricse.eu\/wp-content\/uploads\/2015\/03\/3-becchetti.jpg","type":"image\/jpeg"}],"twitter_card":"summary_large_image","twitter_misc":{"Tempo di lettura stimato":"1 minuto"},"schema":{"@context":"https:\/\/schema.org","@graph":[{"@type":"WebPage","@id":"https:\/\/euricse.eu\/it\/publications\/productivity-wages-and-intrinsic-motivation-in-social-enterprises\/","url":"https:\/\/euricse.eu\/it\/publications\/productivity-wages-and-intrinsic-motivation-in-social-enterprises\/","name":"Produttivit\u00e0, salari e motivazione intrinseca nelle imprese sociali - Euricse","isPartOf":{"@id":"https:\/\/euricse.eu\/en\/#website"},"primaryImageOfPage":{"@id":"https:\/\/euricse.eu\/it\/publications\/productivity-wages-and-intrinsic-motivation-in-social-enterprises\/#primaryimage"},"image":{"@id":"https:\/\/euricse.eu\/it\/publications\/productivity-wages-and-intrinsic-motivation-in-social-enterprises\/#primaryimage"},"thumbnailUrl":"https:\/\/euricse.eu\/wp-content\/uploads\/2015\/03\/3-becchetti.jpg","datePublished":"2010-11-16T15:14:14+00:00","dateModified":"2024-03-14T15:31:39+00:00","breadcrumb":{"@id":"https:\/\/euricse.eu\/it\/publications\/productivity-wages-and-intrinsic-motivation-in-social-enterprises\/#breadcrumb"},"inLanguage":"it-IT","potentialAction":[{"@type":"ReadAction","target":["https:\/\/euricse.eu\/it\/publications\/productivity-wages-and-intrinsic-motivation-in-social-enterprises\/"]}]},{"@type":"ImageObject","inLanguage":"it-IT","@id":"https:\/\/euricse.eu\/it\/publications\/productivity-wages-and-intrinsic-motivation-in-social-enterprises\/#primaryimage","url":"https:\/\/euricse.eu\/wp-content\/uploads\/2015\/03\/3-becchetti.jpg","contentUrl":"https:\/\/euricse.eu\/wp-content\/uploads\/2015\/03\/3-becchetti.jpg","width":2480,"height":3508},{"@type":"BreadcrumbList","@id":"https:\/\/euricse.eu\/it\/publications\/productivity-wages-and-intrinsic-motivation-in-social-enterprises\/#breadcrumb","itemListElement":[{"@type":"ListItem","position":1,"name":"Home","item":"https:\/\/euricse.eu\/it\/"},{"@type":"ListItem","position":2,"name":"Pubblicazioni","item":"https:\/\/euricse.eu\/it\/publications\/"},{"@type":"ListItem","position":3,"name":"Produttivit\u00e0, salari e motivazione intrinseca nelle imprese sociali"}]},{"@type":"WebSite","@id":"https:\/\/euricse.eu\/en\/#website","url":"https:\/\/euricse.eu\/en\/","name":"Euricse","description":"Knowledge and innovation for cooperative and social enterprises.","potentialAction":[{"@type":"SearchAction","target":{"@type":"EntryPoint","urlTemplate":"https:\/\/euricse.eu\/en\/?s={search_term_string}"},"query-input":{"@type":"PropertyValueSpecification","valueRequired":true,"valueName":"search_term_string"}}],"inLanguage":"it-IT"}]}},"_links":{"self":[{"href":"https:\/\/euricse.eu\/it\/wp-json\/wp\/v2\/publications\/626","targetHints":{"allow":["GET"]}}],"collection":[{"href":"https:\/\/euricse.eu\/it\/wp-json\/wp\/v2\/publications"}],"about":[{"href":"https:\/\/euricse.eu\/it\/wp-json\/wp\/v2\/types\/publications"}],"author":[{"embeddable":true,"href":"https:\/\/euricse.eu\/it\/wp-json\/wp\/v2\/users\/32"}],"replies":[{"embeddable":true,"href":"https:\/\/euricse.eu\/it\/wp-json\/wp\/v2\/comments?post=626"}],"version-history":[{"count":2,"href":"https:\/\/euricse.eu\/it\/wp-json\/wp\/v2\/publications\/626\/revisions"}],"predecessor-version":[{"id":22280,"href":"https:\/\/euricse.eu\/it\/wp-json\/wp\/v2\/publications\/626\/revisions\/22280"}],"wp:featuredmedia":[{"embeddable":true,"href":"https:\/\/euricse.eu\/it\/wp-json\/wp\/v2\/media\/953"}],"wp:attachment":[{"href":"https:\/\/euricse.eu\/it\/wp-json\/wp\/v2\/media?parent=626"}],"wp:term":[{"taxonomy":"post_tag","embeddable":true,"href":"https:\/\/euricse.eu\/it\/wp-json\/wp\/v2\/tags?post=626"}],"curies":[{"name":"wp","href":"https:\/\/api.w.org\/{rel}","templated":true}]}}

Produttività, salari e motivazione intrinseca nelle imprese sociali

<p>L&#8217;obiettivo del report è esaminare l&#8217;ipotesi del lavoro donativo e la sua relazione con i differenziali salariali all&#8217;interno del settore cooperativo nonprofit. Attraverso un&#8217;analisi empirica, si intende valutare se i lavoratori con motivazioni intrinseche donano più lavoro non retribuito, ma risultano anche più produttivi e guadagnano salari significativamente più alti.</p>
<p>Si cerca di comprendere se la relazione statica ipotizzata dall&#8217;ipotesi del differenziale compensativo, che indica una correlazione negativa tra motivazioni intrinseche e salari, è più forte o più debole rispetto all&#8217;ipotesi dinamica, che suggerisce che i lavoratori intrinsecamente motivati siano più produttivi e quindi guadagnino di più. Mediante l&#8217;analisi dei dati raccolti all&#8217;interno del settore cooperativo in Italia, si mira a fornire una visione più chiara sulla dinamica tra motivazioni intrinseche e compensi salariali, tenendo conto della possibile eterogeneità delle motivazioni intrinseche tra i lavoratori.</p>
<p>&nbsp;</p>
<p>&nbsp;</p>
<p>&nbsp;</p>

<p>L&#8217;obiettivo del report è esaminare la relazione tra le motivazioni intrinseche dei lavoratori e i differenziali salariali all&#8217;interno del settore cooperativo no profit, confrontando l&#8217;ipotesi statica del differenziale compensativo con un&#8217;ipotesi dinamica che considera la produttività come fattore determinante nei salari.</p>

<!-- This site is optimized with the Yoast SEO plugin v26.1.1 - https://yoast.com/wordpress/plugins/seo/ -->
<title>Produttività, salari e motivazione intrinseca nelle imprese sociali - Euricse</title>
<meta name="robots" content="index, follow, max-snippet:-1, max-image-preview:large, max-video-preview:-1" />
<link rel="canonical" href="https://euricse.eu/it/publications/productivity-wages-and-intrinsic-motivation-in-social-enterprises/" />
<meta property="og:locale" content="it_IT" />
<meta property="og:type" content="article" />
<meta property="og:title" content="Produttività, salari e motivazione intrinseca nelle imprese sociali - Euricse" />
<meta property="og:description" content="L&#039;obiettivo del report è esaminare la relazione tra le motivazioni intrinseche dei lavoratori e i differenziali salariali all&#039;interno del settore cooperativo no profit, confrontando l&#039;ipotesi statica del differenziale compensativo con un&#039;ipotesi dinamica che considera la produttività come fattore determinante nei salari." />
<meta property="og:url" content="https://euricse.eu/it/publications/productivity-wages-and-intrinsic-motivation-in-social-enterprises/" />
<meta property="og:site_name" content="Euricse" />
<meta property="article:modified_time" content="2024-03-14T15:31:39+00:00" />
<meta property="og:image" content="https://euricse.eu/wp-content/uploads/2015/03/3-becchetti.jpg" />
	<meta property="og:image:width" content="2480" />
	<meta property="og:image:height" content="3508" />
	<meta property="og:image:type" content="image/jpeg" />
<meta name="twitter:card" content="summary_large_image" />
<meta name="twitter:label1" content="Tempo di lettura stimato" />
	<meta name="twitter:data1" content="1 minuto" />
<script type="application/ld+json" class="yoast-schema-graph">{"@context":"https://schema.org","@graph":[{"@type":"WebPage","@id":"https://euricse.eu/it/publications/productivity-wages-and-intrinsic-motivation-in-social-enterprises/","url":"https://euricse.eu/it/publications/productivity-wages-and-intrinsic-motivation-in-social-enterprises/","name":"Produttività, salari e motivazione intrinseca nelle imprese sociali - Euricse","isPartOf":{"@id":"https://euricse.eu/en/#website"},"primaryImageOfPage":{"@id":"https://euricse.eu/it/publications/productivity-wages-and-intrinsic-motivation-in-social-enterprises/#primaryimage"},"image":{"@id":"https://euricse.eu/it/publications/productivity-wages-and-intrinsic-motivation-in-social-enterprises/#primaryimage"},"thumbnailUrl":"https://euricse.eu/wp-content/uploads/2015/03/3-becchetti.jpg","datePublished":"2010-11-16T15:14:14+00:00","dateModified":"2024-03-14T15:31:39+00:00","breadcrumb":{"@id":"https://euricse.eu/it/publications/productivity-wages-and-intrinsic-motivation-in-social-enterprises/#breadcrumb"},"inLanguage":"it-IT","potentialAction":[{"@type":"ReadAction","target":["https://euricse.eu/it/publications/productivity-wages-and-intrinsic-motivation-in-social-enterprises/"]}]},{"@type":"ImageObject","inLanguage":"it-IT","@id":"https://euricse.eu/it/publications/productivity-wages-and-intrinsic-motivation-in-social-enterprises/#primaryimage","url":"https://euricse.eu/wp-content/uploads/2015/03/3-becchetti.jpg","contentUrl":"https://euricse.eu/wp-content/uploads/2015/03/3-becchetti.jpg","width":2480,"height":3508},{"@type":"BreadcrumbList","@id":"https://euricse.eu/it/publications/productivity-wages-and-intrinsic-motivation-in-social-enterprises/#breadcrumb","itemListElement":[{"@type":"ListItem","position":1,"name":"Home","item":"https://euricse.eu/it/"},{"@type":"ListItem","position":2,"name":"Pubblicazioni","item":"https://euricse.eu/it/publications/"},{"@type":"ListItem","position":3,"name":"Produttività, salari e motivazione intrinseca nelle imprese sociali"}]},{"@type":"WebSite","@id":"https://euricse.eu/en/#website","url":"https://euricse.eu/en/","name":"Euricse","description":"Knowledge and innovation for cooperative and social enterprises.","potentialAction":[{"@type":"SearchAction","target":{"@type":"EntryPoint","urlTemplate":"https://euricse.eu/en/?s={search_term_string}"},"query-input":{"@type":"PropertyValueSpecification","valueRequired":true,"valueName":"search_term_string"}}],"inLanguage":"it-IT"}]}</script>
<!-- / Yoast SEO plugin. -->

Produttività, salari e motivazione intrinseca nelle imprese sociali - Euricse

L'obiettivo del report è esaminare la relazione tra le motivazioni intrinseche dei lavoratori e i differenziali salariali all'interno del settore cooperativo no profit, confrontando l'ipotesi statica del differenziale compensativo con un'ipotesi dinamica che considera la produttività come fattore determinante nei salari.
