{"id":705,"date":"2014-03-13T16:33:59","date_gmt":"2014-03-13T16:33:59","guid":{"rendered":"https:\/\/euricse.staging.hgblu.com\/?post_type=publications&#038;p=705"},"modified":"2024-03-19T09:54:31","modified_gmt":"2024-03-19T09:54:31","slug":"wp-73-14-de-la-economia-popular-a-la-economia-social-y-solidaria-el-caso-de-los-recicladores-de-base-en-santiago-de-chile","status":"publish","type":"publications","link":"https:\/\/euricse.eu\/it\/publications\/wp-73-14-de-la-economia-popular-a-la-economia-social-y-solidaria-el-caso-de-los-recicladores-de-base-en-santiago-de-chile\/","title":{"rendered":"WP 73 | 14 Dall&#8217;economia popolare all&#8217;economia sociale e solidale: il caso dei riciclatori di base di Santiago del Cile"},"content":{"rendered":"<p>Le organizzazioni di base per la raccolta dei rifiuti sono state analizzate in vari contesti come una via d&#8217;uscita dall&#8217;informalit\u00e0 e un antidoto alla povert\u00e0 di chi lavora in questo settore. L&#8217;analisi presentata in questo articolo si concentra su due casi di studio nell&#8217;area metropolitana di Santiago del Cile, dove sono stati analizzati due comuni in cui operano organizzazioni di raccoglitori di rifiuti.<\/p>\n<p>L&#8217;obiettivo dello studio \u00e8 stato quello di comprendere le dinamiche organizzative e il potenziale di queste organizzazioni nel passare da una situazione di informalit\u00e0, associata all&#8217;idea di economia popolare, alla capacit\u00e0 di incorporarsi come organizzazioni pi\u00f9 strutturate nel contesto dell&#8217;economia sociale e solidale. I risultati rivelano una serie di vantaggi apportati dalle organizzazioni di raccoglitori di rifiuti a livello sociale, economico, ambientale e comunitario, e una serie di sfide che ancora ostacolano l&#8217;ulteriore sviluppo delle organizzazioni e l&#8217;empowerment dei loro membri in questo contesto.<\/p>\n","protected":false},"excerpt":{"rendered":"<p>L&#8217;obiettivo dello studio \u00e8 stato quello di comprendere le dinamiche organizzative e il potenziale delle organizzazioni di base per la raccolta dei rifiuti nell&#8217;area metropolitana di Santiago del Cile nel passare da una situazione di informalit\u00e0, associata all&#8217;idea di economia popolare, alla capacit\u00e0 di incorporarsi come organizzazioni pi\u00f9 strutturate nel contesto dell&#8217;economia sociale e solidale.<\/p>\n","protected":false},"author":32,"featured_media":930,"parent":0,"comment_status":"closed","ping_status":"closed","template":"","meta":{"_acf_changed":false,"episode_type":"","audio_file":"","cover_image":"","cover_image_id":"","duration":"","filesize":"","date_recorded":"","explicit":"","block":"","itunes_episode_number":"","itunes_title":"","itunes_season_number":"","itunes_episode_type":"","filesize_raw":"","footnotes":""},"tags":[109,115,117,121],"class_list":["post-705","publications","type-publications","status-publish","has-post-thumbnail","hentry","tag-cooperative","tag-progetti-eu","tag-america-latina-e-caraibi","tag-economia-sociale","publications-cat-working-paper","publications-area-sviluppo-locale"],"acf":[],"yoast_head":"<!-- This site is optimized with the Yoast SEO plugin v26.1.1 - https:\/\/yoast.com\/wordpress\/plugins\/seo\/ -->\n<title>WP 73 | 14 Dall&#039;economia popolare all&#039;economia sociale e solidale: il caso dei riciclatori di base di Santiago del Cile - Euricse<\/title>\n<meta name=\"robots\" content=\"index, follow, max-snippet:-1, max-image-preview:large, max-video-preview:-1\" \/>\n<link rel=\"canonical\" href=\"https:\/\/euricse.eu\/it\/publications\/wp-73-14-de-la-economia-popular-a-la-economia-social-y-solidaria-el-caso-de-los-recicladores-de-base-en-santiago-de-chile\/\" \/>\n<meta property=\"og:locale\" content=\"it_IT\" \/>\n<meta property=\"og:type\" content=\"article\" \/>\n<meta property=\"og:title\" content=\"WP 73 | 14 Dall&#039;economia popolare all&#039;economia sociale e solidale: il caso dei riciclatori di base di Santiago del Cile - Euricse\" \/>\n<meta property=\"og:description\" content=\"L&#039;obiettivo dello studio \u00e8 stato quello di comprendere le dinamiche organizzative e il potenziale delle organizzazioni di base per la raccolta dei rifiuti nell&#039;area metropolitana di Santiago del Cile nel passare da una situazione di informalit\u00e0, associata all&#039;idea di economia popolare, alla capacit\u00e0 di incorporarsi come organizzazioni pi\u00f9 strutturate nel contesto dell&#039;economia sociale e solidale.\" \/>\n<meta property=\"og:url\" content=\"https:\/\/euricse.eu\/it\/publications\/wp-73-14-de-la-economia-popular-a-la-economia-social-y-solidaria-el-caso-de-los-recicladores-de-base-en-santiago-de-chile\/\" \/>\n<meta property=\"og:site_name\" content=\"Euricse\" \/>\n<meta property=\"article:modified_time\" content=\"2024-03-19T09:54:31+00:00\" \/>\n<meta property=\"og:image\" content=\"https:\/\/euricse.eu\/wp-content\/uploads\/2015\/03\/wp73.jpg\" \/>\n\t<meta property=\"og:image:width\" content=\"2480\" \/>\n\t<meta property=\"og:image:height\" content=\"3509\" \/>\n\t<meta property=\"og:image:type\" content=\"image\/jpeg\" \/>\n<meta name=\"twitter:card\" content=\"summary_large_image\" \/>\n<meta name=\"twitter:label1\" content=\"Tempo di lettura stimato\" \/>\n\t<meta name=\"twitter:data1\" content=\"1 minuto\" \/>\n<script type=\"application\/ld+json\" class=\"yoast-schema-graph\">{\"@context\":\"https:\/\/schema.org\",\"@graph\":[{\"@type\":\"WebPage\",\"@id\":\"https:\/\/euricse.eu\/it\/publications\/wp-73-14-de-la-economia-popular-a-la-economia-social-y-solidaria-el-caso-de-los-recicladores-de-base-en-santiago-de-chile\/\",\"url\":\"https:\/\/euricse.eu\/it\/publications\/wp-73-14-de-la-economia-popular-a-la-economia-social-y-solidaria-el-caso-de-los-recicladores-de-base-en-santiago-de-chile\/\",\"name\":\"WP 73 | 14 Dall'economia popolare all'economia sociale e solidale: il caso dei riciclatori di base di Santiago del Cile - Euricse\",\"isPartOf\":{\"@id\":\"https:\/\/euricse.eu\/en\/#website\"},\"primaryImageOfPage\":{\"@id\":\"https:\/\/euricse.eu\/it\/publications\/wp-73-14-de-la-economia-popular-a-la-economia-social-y-solidaria-el-caso-de-los-recicladores-de-base-en-santiago-de-chile\/#primaryimage\"},\"image\":{\"@id\":\"https:\/\/euricse.eu\/it\/publications\/wp-73-14-de-la-economia-popular-a-la-economia-social-y-solidaria-el-caso-de-los-recicladores-de-base-en-santiago-de-chile\/#primaryimage\"},\"thumbnailUrl\":\"https:\/\/euricse.eu\/wp-content\/uploads\/2015\/03\/wp73.jpg\",\"datePublished\":\"2014-03-13T16:33:59+00:00\",\"dateModified\":\"2024-03-19T09:54:31+00:00\",\"breadcrumb\":{\"@id\":\"https:\/\/euricse.eu\/it\/publications\/wp-73-14-de-la-economia-popular-a-la-economia-social-y-solidaria-el-caso-de-los-recicladores-de-base-en-santiago-de-chile\/#breadcrumb\"},\"inLanguage\":\"it-IT\",\"potentialAction\":[{\"@type\":\"ReadAction\",\"target\":[\"https:\/\/euricse.eu\/it\/publications\/wp-73-14-de-la-economia-popular-a-la-economia-social-y-solidaria-el-caso-de-los-recicladores-de-base-en-santiago-de-chile\/\"]}]},{\"@type\":\"ImageObject\",\"inLanguage\":\"it-IT\",\"@id\":\"https:\/\/euricse.eu\/it\/publications\/wp-73-14-de-la-economia-popular-a-la-economia-social-y-solidaria-el-caso-de-los-recicladores-de-base-en-santiago-de-chile\/#primaryimage\",\"url\":\"https:\/\/euricse.eu\/wp-content\/uploads\/2015\/03\/wp73.jpg\",\"contentUrl\":\"https:\/\/euricse.eu\/wp-content\/uploads\/2015\/03\/wp73.jpg\",\"width\":2480,\"height\":3509},{\"@type\":\"BreadcrumbList\",\"@id\":\"https:\/\/euricse.eu\/it\/publications\/wp-73-14-de-la-economia-popular-a-la-economia-social-y-solidaria-el-caso-de-los-recicladores-de-base-en-santiago-de-chile\/#breadcrumb\",\"itemListElement\":[{\"@type\":\"ListItem\",\"position\":1,\"name\":\"Home\",\"item\":\"https:\/\/euricse.eu\/it\/\"},{\"@type\":\"ListItem\",\"position\":2,\"name\":\"Pubblicazioni\",\"item\":\"https:\/\/euricse.eu\/it\/publications\/\"},{\"@type\":\"ListItem\",\"position\":3,\"name\":\"WP 73 | 14 Dall&#8217;economia popolare all&#8217;economia sociale e solidale: il caso dei riciclatori di base di Santiago del Cile\"}]},{\"@type\":\"WebSite\",\"@id\":\"https:\/\/euricse.eu\/en\/#website\",\"url\":\"https:\/\/euricse.eu\/en\/\",\"name\":\"Euricse\",\"description\":\"Knowledge and innovation for cooperative and social enterprises.\",\"potentialAction\":[{\"@type\":\"SearchAction\",\"target\":{\"@type\":\"EntryPoint\",\"urlTemplate\":\"https:\/\/euricse.eu\/en\/?s={search_term_string}\"},\"query-input\":{\"@type\":\"PropertyValueSpecification\",\"valueRequired\":true,\"valueName\":\"search_term_string\"}}],\"inLanguage\":\"it-IT\"}]}<\/script>\n<!-- \/ Yoast SEO plugin. -->","yoast_head_json":{"title":"WP 73 | 14 Dall'economia popolare all'economia sociale e solidale: il caso dei riciclatori di base di Santiago del Cile - Euricse","robots":{"index":"index","follow":"follow","max-snippet":"max-snippet:-1","max-image-preview":"max-image-preview:large","max-video-preview":"max-video-preview:-1"},"canonical":"https:\/\/euricse.eu\/it\/publications\/wp-73-14-de-la-economia-popular-a-la-economia-social-y-solidaria-el-caso-de-los-recicladores-de-base-en-santiago-de-chile\/","og_locale":"it_IT","og_type":"article","og_title":"WP 73 | 14 Dall'economia popolare all'economia sociale e solidale: il caso dei riciclatori di base di Santiago del Cile - Euricse","og_description":"L'obiettivo dello studio \u00e8 stato quello di comprendere le dinamiche organizzative e il potenziale delle organizzazioni di base per la raccolta dei rifiuti nell'area metropolitana di Santiago del Cile nel passare da una situazione di informalit\u00e0, associata all'idea di economia popolare, alla capacit\u00e0 di incorporarsi come organizzazioni pi\u00f9 strutturate nel contesto dell'economia sociale e solidale.","og_url":"https:\/\/euricse.eu\/it\/publications\/wp-73-14-de-la-economia-popular-a-la-economia-social-y-solidaria-el-caso-de-los-recicladores-de-base-en-santiago-de-chile\/","og_site_name":"Euricse","article_modified_time":"2024-03-19T09:54:31+00:00","og_image":[{"width":2480,"height":3509,"url":"https:\/\/euricse.eu\/wp-content\/uploads\/2015\/03\/wp73.jpg","type":"image\/jpeg"}],"twitter_card":"summary_large_image","twitter_misc":{"Tempo di lettura stimato":"1 minuto"},"schema":{"@context":"https:\/\/schema.org","@graph":[{"@type":"WebPage","@id":"https:\/\/euricse.eu\/it\/publications\/wp-73-14-de-la-economia-popular-a-la-economia-social-y-solidaria-el-caso-de-los-recicladores-de-base-en-santiago-de-chile\/","url":"https:\/\/euricse.eu\/it\/publications\/wp-73-14-de-la-economia-popular-a-la-economia-social-y-solidaria-el-caso-de-los-recicladores-de-base-en-santiago-de-chile\/","name":"WP 73 | 14 Dall'economia popolare all'economia sociale e solidale: il caso dei riciclatori di base di Santiago del Cile - Euricse","isPartOf":{"@id":"https:\/\/euricse.eu\/en\/#website"},"primaryImageOfPage":{"@id":"https:\/\/euricse.eu\/it\/publications\/wp-73-14-de-la-economia-popular-a-la-economia-social-y-solidaria-el-caso-de-los-recicladores-de-base-en-santiago-de-chile\/#primaryimage"},"image":{"@id":"https:\/\/euricse.eu\/it\/publications\/wp-73-14-de-la-economia-popular-a-la-economia-social-y-solidaria-el-caso-de-los-recicladores-de-base-en-santiago-de-chile\/#primaryimage"},"thumbnailUrl":"https:\/\/euricse.eu\/wp-content\/uploads\/2015\/03\/wp73.jpg","datePublished":"2014-03-13T16:33:59+00:00","dateModified":"2024-03-19T09:54:31+00:00","breadcrumb":{"@id":"https:\/\/euricse.eu\/it\/publications\/wp-73-14-de-la-economia-popular-a-la-economia-social-y-solidaria-el-caso-de-los-recicladores-de-base-en-santiago-de-chile\/#breadcrumb"},"inLanguage":"it-IT","potentialAction":[{"@type":"ReadAction","target":["https:\/\/euricse.eu\/it\/publications\/wp-73-14-de-la-economia-popular-a-la-economia-social-y-solidaria-el-caso-de-los-recicladores-de-base-en-santiago-de-chile\/"]}]},{"@type":"ImageObject","inLanguage":"it-IT","@id":"https:\/\/euricse.eu\/it\/publications\/wp-73-14-de-la-economia-popular-a-la-economia-social-y-solidaria-el-caso-de-los-recicladores-de-base-en-santiago-de-chile\/#primaryimage","url":"https:\/\/euricse.eu\/wp-content\/uploads\/2015\/03\/wp73.jpg","contentUrl":"https:\/\/euricse.eu\/wp-content\/uploads\/2015\/03\/wp73.jpg","width":2480,"height":3509},{"@type":"BreadcrumbList","@id":"https:\/\/euricse.eu\/it\/publications\/wp-73-14-de-la-economia-popular-a-la-economia-social-y-solidaria-el-caso-de-los-recicladores-de-base-en-santiago-de-chile\/#breadcrumb","itemListElement":[{"@type":"ListItem","position":1,"name":"Home","item":"https:\/\/euricse.eu\/it\/"},{"@type":"ListItem","position":2,"name":"Pubblicazioni","item":"https:\/\/euricse.eu\/it\/publications\/"},{"@type":"ListItem","position":3,"name":"WP 73 | 14 Dall&#8217;economia popolare all&#8217;economia sociale e solidale: il caso dei riciclatori di base di Santiago del Cile"}]},{"@type":"WebSite","@id":"https:\/\/euricse.eu\/en\/#website","url":"https:\/\/euricse.eu\/en\/","name":"Euricse","description":"Knowledge and innovation for cooperative and social enterprises.","potentialAction":[{"@type":"SearchAction","target":{"@type":"EntryPoint","urlTemplate":"https:\/\/euricse.eu\/en\/?s={search_term_string}"},"query-input":{"@type":"PropertyValueSpecification","valueRequired":true,"valueName":"search_term_string"}}],"inLanguage":"it-IT"}]}},"_links":{"self":[{"href":"https:\/\/euricse.eu\/it\/wp-json\/wp\/v2\/publications\/705","targetHints":{"allow":["GET"]}}],"collection":[{"href":"https:\/\/euricse.eu\/it\/wp-json\/wp\/v2\/publications"}],"about":[{"href":"https:\/\/euricse.eu\/it\/wp-json\/wp\/v2\/types\/publications"}],"author":[{"embeddable":true,"href":"https:\/\/euricse.eu\/it\/wp-json\/wp\/v2\/users\/32"}],"replies":[{"embeddable":true,"href":"https:\/\/euricse.eu\/it\/wp-json\/wp\/v2\/comments?post=705"}],"version-history":[{"count":0,"href":"https:\/\/euricse.eu\/it\/wp-json\/wp\/v2\/publications\/705\/revisions"}],"wp:featuredmedia":[{"embeddable":true,"href":"https:\/\/euricse.eu\/it\/wp-json\/wp\/v2\/media\/930"}],"wp:attachment":[{"href":"https:\/\/euricse.eu\/it\/wp-json\/wp\/v2\/media?parent=705"}],"wp:term":[{"taxonomy":"post_tag","embeddable":true,"href":"https:\/\/euricse.eu\/it\/wp-json\/wp\/v2\/tags?post=705"}],"curies":[{"name":"wp","href":"https:\/\/api.w.org\/{rel}","templated":true}]}}

<p>Le organizzazioni di base per la raccolta dei rifiuti sono state analizzate in vari contesti come una via d&#8217;uscita dall&#8217;informalità e un antidoto alla povertà di chi lavora in questo settore. L&#8217;analisi presentata in questo articolo si concentra su due casi di studio nell&#8217;area metropolitana di Santiago del Cile, dove sono stati analizzati due comuni in cui operano organizzazioni di raccoglitori di rifiuti.</p>
<p>L&#8217;obiettivo dello studio è stato quello di comprendere le dinamiche organizzative e il potenziale di queste organizzazioni nel passare da una situazione di informalità, associata all&#8217;idea di economia popolare, alla capacità di incorporarsi come organizzazioni più strutturate nel contesto dell&#8217;economia sociale e solidale. I risultati rivelano una serie di vantaggi apportati dalle organizzazioni di raccoglitori di rifiuti a livello sociale, economico, ambientale e comunitario, e una serie di sfide che ancora ostacolano l&#8217;ulteriore sviluppo delle organizzazioni e l&#8217;empowerment dei loro membri in questo contesto.</p>

<p>L&#8217;obiettivo dello studio è stato quello di comprendere le dinamiche organizzative e il potenziale delle organizzazioni di base per la raccolta dei rifiuti nell&#8217;area metropolitana di Santiago del Cile nel passare da una situazione di informalità, associata all&#8217;idea di economia popolare, alla capacità di incorporarsi come organizzazioni più strutturate nel contesto dell&#8217;economia sociale e solidale.</p>

<!-- This site is optimized with the Yoast SEO plugin v26.1.1 - https://yoast.com/wordpress/plugins/seo/ -->
<title>WP 73 | 14 Dall&#039;economia popolare all&#039;economia sociale e solidale: il caso dei riciclatori di base di Santiago del Cile - Euricse</title>
<meta name="robots" content="index, follow, max-snippet:-1, max-image-preview:large, max-video-preview:-1" />
<link rel="canonical" href="https://euricse.eu/it/publications/wp-73-14-de-la-economia-popular-a-la-economia-social-y-solidaria-el-caso-de-los-recicladores-de-base-en-santiago-de-chile/" />
<meta property="og:locale" content="it_IT" />
<meta property="og:type" content="article" />
<meta property="og:title" content="WP 73 | 14 Dall&#039;economia popolare all&#039;economia sociale e solidale: il caso dei riciclatori di base di Santiago del Cile - Euricse" />
<meta property="og:description" content="L&#039;obiettivo dello studio è stato quello di comprendere le dinamiche organizzative e il potenziale delle organizzazioni di base per la raccolta dei rifiuti nell&#039;area metropolitana di Santiago del Cile nel passare da una situazione di informalità, associata all&#039;idea di economia popolare, alla capacità di incorporarsi come organizzazioni più strutturate nel contesto dell&#039;economia sociale e solidale." />
<meta property="og:url" content="https://euricse.eu/it/publications/wp-73-14-de-la-economia-popular-a-la-economia-social-y-solidaria-el-caso-de-los-recicladores-de-base-en-santiago-de-chile/" />
<meta property="og:site_name" content="Euricse" />
<meta property="article:modified_time" content="2024-03-19T09:54:31+00:00" />
<meta property="og:image" content="https://euricse.eu/wp-content/uploads/2015/03/wp73.jpg" />
	<meta property="og:image:width" content="2480" />
	<meta property="og:image:height" content="3509" />
	<meta property="og:image:type" content="image/jpeg" />
<meta name="twitter:card" content="summary_large_image" />
<meta name="twitter:label1" content="Tempo di lettura stimato" />
	<meta name="twitter:data1" content="1 minuto" />
<script type="application/ld+json" class="yoast-schema-graph">{"@context":"https://schema.org","@graph":[{"@type":"WebPage","@id":"https://euricse.eu/it/publications/wp-73-14-de-la-economia-popular-a-la-economia-social-y-solidaria-el-caso-de-los-recicladores-de-base-en-santiago-de-chile/","url":"https://euricse.eu/it/publications/wp-73-14-de-la-economia-popular-a-la-economia-social-y-solidaria-el-caso-de-los-recicladores-de-base-en-santiago-de-chile/","name":"WP 73 | 14 Dall'economia popolare all'economia sociale e solidale: il caso dei riciclatori di base di Santiago del Cile - Euricse","isPartOf":{"@id":"https://euricse.eu/en/#website"},"primaryImageOfPage":{"@id":"https://euricse.eu/it/publications/wp-73-14-de-la-economia-popular-a-la-economia-social-y-solidaria-el-caso-de-los-recicladores-de-base-en-santiago-de-chile/#primaryimage"},"image":{"@id":"https://euricse.eu/it/publications/wp-73-14-de-la-economia-popular-a-la-economia-social-y-solidaria-el-caso-de-los-recicladores-de-base-en-santiago-de-chile/#primaryimage"},"thumbnailUrl":"https://euricse.eu/wp-content/uploads/2015/03/wp73.jpg","datePublished":"2014-03-13T16:33:59+00:00","dateModified":"2024-03-19T09:54:31+00:00","breadcrumb":{"@id":"https://euricse.eu/it/publications/wp-73-14-de-la-economia-popular-a-la-economia-social-y-solidaria-el-caso-de-los-recicladores-de-base-en-santiago-de-chile/#breadcrumb"},"inLanguage":"it-IT","potentialAction":[{"@type":"ReadAction","target":["https://euricse.eu/it/publications/wp-73-14-de-la-economia-popular-a-la-economia-social-y-solidaria-el-caso-de-los-recicladores-de-base-en-santiago-de-chile/"]}]},{"@type":"ImageObject","inLanguage":"it-IT","@id":"https://euricse.eu/it/publications/wp-73-14-de-la-economia-popular-a-la-economia-social-y-solidaria-el-caso-de-los-recicladores-de-base-en-santiago-de-chile/#primaryimage","url":"https://euricse.eu/wp-content/uploads/2015/03/wp73.jpg","contentUrl":"https://euricse.eu/wp-content/uploads/2015/03/wp73.jpg","width":2480,"height":3509},{"@type":"BreadcrumbList","@id":"https://euricse.eu/it/publications/wp-73-14-de-la-economia-popular-a-la-economia-social-y-solidaria-el-caso-de-los-recicladores-de-base-en-santiago-de-chile/#breadcrumb","itemListElement":[{"@type":"ListItem","position":1,"name":"Home","item":"https://euricse.eu/it/"},{"@type":"ListItem","position":2,"name":"Pubblicazioni","item":"https://euricse.eu/it/publications/"},{"@type":"ListItem","position":3,"name":"WP 73 | 14 Dall&#8217;economia popolare all&#8217;economia sociale e solidale: il caso dei riciclatori di base di Santiago del Cile"}]},{"@type":"WebSite","@id":"https://euricse.eu/en/#website","url":"https://euricse.eu/en/","name":"Euricse","description":"Knowledge and innovation for cooperative and social enterprises.","potentialAction":[{"@type":"SearchAction","target":{"@type":"EntryPoint","urlTemplate":"https://euricse.eu/en/?s={search_term_string}"},"query-input":{"@type":"PropertyValueSpecification","valueRequired":true,"valueName":"search_term_string"}}],"inLanguage":"it-IT"}]}</script>
<!-- / Yoast SEO plugin. -->

L'obiettivo dello studio è stato quello di comprendere le dinamiche organizzative e il potenziale delle organizzazioni di base per la raccolta dei rifiuti nell'area metropolitana di Santiago del Cile nel passare da una situazione di informalità, associata all'idea di economia popolare, alla capacità di incorporarsi come organizzazioni più strutturate nel contesto dell'economia sociale e solidale.
