{"id":7142,"date":"2018-08-29T14:48:49","date_gmt":"2018-08-29T13:48:49","guid":{"rendered":"https:\/\/euricse.staging.hgblu.com\/?post_type=publications&#038;p=7142"},"modified":"2024-03-14T15:20:59","modified_gmt":"2024-03-14T15:20:59","slug":"wp-102-18-cooperazione-agricola-e-aree-marginali-una-riflessione-sullesperienza-della-provincia-di-trento","status":"publish","type":"publications","link":"https:\/\/euricse.eu\/it\/publications\/wp-102-18-cooperazione-agricola-e-aree-marginali-una-riflessione-sullesperienza-della-provincia-di-trento\/","title":{"rendered":"WP 102 | 18  Cooperazione agricola e aree marginali: una riflessione sull\u2019esperienza della Provincia di Trento"},"content":{"rendered":"<p>La cooperativa agricola \u00e8 una delle forme cooperative pi\u00f9 presenti e diffuse al mondo. Ciononostante, nella maggior parte dei casi l\u2019apporto garantito da questo modello organizzativo viene trascurato\/sottovalutato. In particolare, sembra non esserci la consapevolezza del ruolo strategico della cooperativa agricola nel potenziare i vantaggi insiti nell\u2019azienda agricola familiare, soprattutto in contesti caratterizzati da elevata frammentazione delle propriet\u00e0 agricole e da produzioni di elevata qualit\u00e0. Il presente articolo cercher\u00e0, attraverso la presentazione dell\u2019esperienza della cooperazione agricola in Provincia di Trento, di far emergere l\u2019importanza di questa architettura istituzionale nel favorire un\u2019adeguata valorizzazione di territori periferici e svantaggiati come quelli montani.<\/p>\n","protected":false},"excerpt":{"rendered":"<p>Il presente articolo cercher\u00e0, attraverso la presentazione dell\u2019esperienza della cooperazione agricola in Provincia di Trento, di far emergere l\u2019importanza di questa architettura istituzionale nel favorire un\u2019adeguata valorizzazione di territori periferici e svantaggiati come quelli montani.<\/p>\n","protected":false},"author":30,"featured_media":7143,"parent":0,"comment_status":"closed","ping_status":"closed","template":"","meta":{"_acf_changed":false,"episode_type":"","audio_file":"","cover_image":"","cover_image_id":"","duration":"","filesize":"","date_recorded":"","explicit":"","block":"","itunes_episode_number":"","itunes_title":"","itunes_season_number":"","itunes_episode_type":"","filesize_raw":"","footnotes":""},"tags":[114],"class_list":["post-7142","publications","type-publications","status-publish","has-post-thumbnail","hentry","tag-agricoltura","publications-cat-working-paper","publications-area-sviluppo-locale","publications-area-misurazione-e-impatto","arguments-innovazione","arguments-sviluppo-locale","organizational_types-cooperative-agricole"],"acf":[],"yoast_head":"<!-- This site is optimized with the Yoast SEO plugin v26.1.1 - https:\/\/yoast.com\/wordpress\/plugins\/seo\/ -->\n<title>WP 102 | 18 Cooperazione agricola e aree marginali: una riflessione sull\u2019esperienza della Provincia di Trento - Euricse<\/title>\n<meta name=\"robots\" content=\"index, follow, max-snippet:-1, max-image-preview:large, max-video-preview:-1\" \/>\n<link rel=\"canonical\" href=\"https:\/\/euricse.eu\/it\/publications\/wp-102-18-cooperazione-agricola-e-aree-marginali-una-riflessione-sullesperienza-della-provincia-di-trento\/\" \/>\n<meta property=\"og:locale\" content=\"it_IT\" \/>\n<meta property=\"og:type\" content=\"article\" \/>\n<meta property=\"og:title\" content=\"WP 102 | 18 Cooperazione agricola e aree marginali: una riflessione sull\u2019esperienza della Provincia di Trento - Euricse\" \/>\n<meta property=\"og:description\" content=\"Il presente articolo cercher\u00e0, attraverso la presentazione dell\u2019esperienza della cooperazione agricola in Provincia di Trento, di far emergere l\u2019importanza di questa architettura istituzionale nel favorire un\u2019adeguata valorizzazione di territori periferici e svantaggiati come quelli montani.\" \/>\n<meta property=\"og:url\" content=\"https:\/\/euricse.eu\/it\/publications\/wp-102-18-cooperazione-agricola-e-aree-marginali-una-riflessione-sullesperienza-della-provincia-di-trento\/\" \/>\n<meta property=\"og:site_name\" content=\"Euricse\" \/>\n<meta property=\"article:modified_time\" content=\"2024-03-14T15:20:59+00:00\" \/>\n<meta property=\"og:image\" content=\"https:\/\/euricse.eu\/wp-content\/uploads\/2018\/08\/fontanari.jpg\" \/>\n\t<meta property=\"og:image:width\" content=\"578\" \/>\n\t<meta property=\"og:image:height\" content=\"778\" \/>\n\t<meta property=\"og:image:type\" content=\"image\/jpeg\" \/>\n<meta name=\"twitter:card\" content=\"summary_large_image\" \/>\n<meta name=\"twitter:label1\" content=\"Tempo di lettura stimato\" \/>\n\t<meta name=\"twitter:data1\" content=\"1 minuto\" \/>\n<script type=\"application\/ld+json\" class=\"yoast-schema-graph\">{\"@context\":\"https:\/\/schema.org\",\"@graph\":[{\"@type\":\"WebPage\",\"@id\":\"https:\/\/euricse.eu\/it\/publications\/wp-102-18-cooperazione-agricola-e-aree-marginali-una-riflessione-sullesperienza-della-provincia-di-trento\/\",\"url\":\"https:\/\/euricse.eu\/it\/publications\/wp-102-18-cooperazione-agricola-e-aree-marginali-una-riflessione-sullesperienza-della-provincia-di-trento\/\",\"name\":\"WP 102 | 18 Cooperazione agricola e aree marginali: una riflessione sull\u2019esperienza della Provincia di Trento - Euricse\",\"isPartOf\":{\"@id\":\"https:\/\/euricse.eu\/en\/#website\"},\"primaryImageOfPage\":{\"@id\":\"https:\/\/euricse.eu\/it\/publications\/wp-102-18-cooperazione-agricola-e-aree-marginali-una-riflessione-sullesperienza-della-provincia-di-trento\/#primaryimage\"},\"image\":{\"@id\":\"https:\/\/euricse.eu\/it\/publications\/wp-102-18-cooperazione-agricola-e-aree-marginali-una-riflessione-sullesperienza-della-provincia-di-trento\/#primaryimage\"},\"thumbnailUrl\":\"https:\/\/euricse.eu\/wp-content\/uploads\/2018\/08\/fontanari.jpg\",\"datePublished\":\"2018-08-29T13:48:49+00:00\",\"dateModified\":\"2024-03-14T15:20:59+00:00\",\"breadcrumb\":{\"@id\":\"https:\/\/euricse.eu\/it\/publications\/wp-102-18-cooperazione-agricola-e-aree-marginali-una-riflessione-sullesperienza-della-provincia-di-trento\/#breadcrumb\"},\"inLanguage\":\"it-IT\",\"potentialAction\":[{\"@type\":\"ReadAction\",\"target\":[\"https:\/\/euricse.eu\/it\/publications\/wp-102-18-cooperazione-agricola-e-aree-marginali-una-riflessione-sullesperienza-della-provincia-di-trento\/\"]}]},{\"@type\":\"ImageObject\",\"inLanguage\":\"it-IT\",\"@id\":\"https:\/\/euricse.eu\/it\/publications\/wp-102-18-cooperazione-agricola-e-aree-marginali-una-riflessione-sullesperienza-della-provincia-di-trento\/#primaryimage\",\"url\":\"https:\/\/euricse.eu\/wp-content\/uploads\/2018\/08\/fontanari.jpg\",\"contentUrl\":\"https:\/\/euricse.eu\/wp-content\/uploads\/2018\/08\/fontanari.jpg\",\"width\":578,\"height\":778},{\"@type\":\"BreadcrumbList\",\"@id\":\"https:\/\/euricse.eu\/it\/publications\/wp-102-18-cooperazione-agricola-e-aree-marginali-una-riflessione-sullesperienza-della-provincia-di-trento\/#breadcrumb\",\"itemListElement\":[{\"@type\":\"ListItem\",\"position\":1,\"name\":\"Home\",\"item\":\"https:\/\/euricse.eu\/it\/\"},{\"@type\":\"ListItem\",\"position\":2,\"name\":\"Pubblicazioni\",\"item\":\"https:\/\/euricse.eu\/it\/publications\/\"},{\"@type\":\"ListItem\",\"position\":3,\"name\":\"WP 102 | 18 Cooperazione agricola e aree marginali: una riflessione sull\u2019esperienza della Provincia di Trento\"}]},{\"@type\":\"WebSite\",\"@id\":\"https:\/\/euricse.eu\/en\/#website\",\"url\":\"https:\/\/euricse.eu\/en\/\",\"name\":\"Euricse\",\"description\":\"Knowledge and innovation for cooperative and social enterprises.\",\"potentialAction\":[{\"@type\":\"SearchAction\",\"target\":{\"@type\":\"EntryPoint\",\"urlTemplate\":\"https:\/\/euricse.eu\/en\/?s={search_term_string}\"},\"query-input\":{\"@type\":\"PropertyValueSpecification\",\"valueRequired\":true,\"valueName\":\"search_term_string\"}}],\"inLanguage\":\"it-IT\"}]}<\/script>\n<!-- \/ Yoast SEO plugin. -->","yoast_head_json":{"title":"WP 102 | 18 Cooperazione agricola e aree marginali: una riflessione sull\u2019esperienza della Provincia di Trento - Euricse","robots":{"index":"index","follow":"follow","max-snippet":"max-snippet:-1","max-image-preview":"max-image-preview:large","max-video-preview":"max-video-preview:-1"},"canonical":"https:\/\/euricse.eu\/it\/publications\/wp-102-18-cooperazione-agricola-e-aree-marginali-una-riflessione-sullesperienza-della-provincia-di-trento\/","og_locale":"it_IT","og_type":"article","og_title":"WP 102 | 18 Cooperazione agricola e aree marginali: una riflessione sull\u2019esperienza della Provincia di Trento - Euricse","og_description":"Il presente articolo cercher\u00e0, attraverso la presentazione dell\u2019esperienza della cooperazione agricola in Provincia di Trento, di far emergere l\u2019importanza di questa architettura istituzionale nel favorire un\u2019adeguata valorizzazione di territori periferici e svantaggiati come quelli montani.","og_url":"https:\/\/euricse.eu\/it\/publications\/wp-102-18-cooperazione-agricola-e-aree-marginali-una-riflessione-sullesperienza-della-provincia-di-trento\/","og_site_name":"Euricse","article_modified_time":"2024-03-14T15:20:59+00:00","og_image":[{"width":578,"height":778,"url":"https:\/\/euricse.eu\/wp-content\/uploads\/2018\/08\/fontanari.jpg","type":"image\/jpeg"}],"twitter_card":"summary_large_image","twitter_misc":{"Tempo di lettura stimato":"1 minuto"},"schema":{"@context":"https:\/\/schema.org","@graph":[{"@type":"WebPage","@id":"https:\/\/euricse.eu\/it\/publications\/wp-102-18-cooperazione-agricola-e-aree-marginali-una-riflessione-sullesperienza-della-provincia-di-trento\/","url":"https:\/\/euricse.eu\/it\/publications\/wp-102-18-cooperazione-agricola-e-aree-marginali-una-riflessione-sullesperienza-della-provincia-di-trento\/","name":"WP 102 | 18 Cooperazione agricola e aree marginali: una riflessione sull\u2019esperienza della Provincia di Trento - Euricse","isPartOf":{"@id":"https:\/\/euricse.eu\/en\/#website"},"primaryImageOfPage":{"@id":"https:\/\/euricse.eu\/it\/publications\/wp-102-18-cooperazione-agricola-e-aree-marginali-una-riflessione-sullesperienza-della-provincia-di-trento\/#primaryimage"},"image":{"@id":"https:\/\/euricse.eu\/it\/publications\/wp-102-18-cooperazione-agricola-e-aree-marginali-una-riflessione-sullesperienza-della-provincia-di-trento\/#primaryimage"},"thumbnailUrl":"https:\/\/euricse.eu\/wp-content\/uploads\/2018\/08\/fontanari.jpg","datePublished":"2018-08-29T13:48:49+00:00","dateModified":"2024-03-14T15:20:59+00:00","breadcrumb":{"@id":"https:\/\/euricse.eu\/it\/publications\/wp-102-18-cooperazione-agricola-e-aree-marginali-una-riflessione-sullesperienza-della-provincia-di-trento\/#breadcrumb"},"inLanguage":"it-IT","potentialAction":[{"@type":"ReadAction","target":["https:\/\/euricse.eu\/it\/publications\/wp-102-18-cooperazione-agricola-e-aree-marginali-una-riflessione-sullesperienza-della-provincia-di-trento\/"]}]},{"@type":"ImageObject","inLanguage":"it-IT","@id":"https:\/\/euricse.eu\/it\/publications\/wp-102-18-cooperazione-agricola-e-aree-marginali-una-riflessione-sullesperienza-della-provincia-di-trento\/#primaryimage","url":"https:\/\/euricse.eu\/wp-content\/uploads\/2018\/08\/fontanari.jpg","contentUrl":"https:\/\/euricse.eu\/wp-content\/uploads\/2018\/08\/fontanari.jpg","width":578,"height":778},{"@type":"BreadcrumbList","@id":"https:\/\/euricse.eu\/it\/publications\/wp-102-18-cooperazione-agricola-e-aree-marginali-una-riflessione-sullesperienza-della-provincia-di-trento\/#breadcrumb","itemListElement":[{"@type":"ListItem","position":1,"name":"Home","item":"https:\/\/euricse.eu\/it\/"},{"@type":"ListItem","position":2,"name":"Pubblicazioni","item":"https:\/\/euricse.eu\/it\/publications\/"},{"@type":"ListItem","position":3,"name":"WP 102 | 18 Cooperazione agricola e aree marginali: una riflessione sull\u2019esperienza della Provincia di Trento"}]},{"@type":"WebSite","@id":"https:\/\/euricse.eu\/en\/#website","url":"https:\/\/euricse.eu\/en\/","name":"Euricse","description":"Knowledge and innovation for cooperative and social enterprises.","potentialAction":[{"@type":"SearchAction","target":{"@type":"EntryPoint","urlTemplate":"https:\/\/euricse.eu\/en\/?s={search_term_string}"},"query-input":{"@type":"PropertyValueSpecification","valueRequired":true,"valueName":"search_term_string"}}],"inLanguage":"it-IT"}]}},"_links":{"self":[{"href":"https:\/\/euricse.eu\/it\/wp-json\/wp\/v2\/publications\/7142","targetHints":{"allow":["GET"]}}],"collection":[{"href":"https:\/\/euricse.eu\/it\/wp-json\/wp\/v2\/publications"}],"about":[{"href":"https:\/\/euricse.eu\/it\/wp-json\/wp\/v2\/types\/publications"}],"author":[{"embeddable":true,"href":"https:\/\/euricse.eu\/it\/wp-json\/wp\/v2\/users\/30"}],"replies":[{"embeddable":true,"href":"https:\/\/euricse.eu\/it\/wp-json\/wp\/v2\/comments?post=7142"}],"version-history":[{"count":0,"href":"https:\/\/euricse.eu\/it\/wp-json\/wp\/v2\/publications\/7142\/revisions"}],"wp:featuredmedia":[{"embeddable":true,"href":"https:\/\/euricse.eu\/it\/wp-json\/wp\/v2\/media\/7143"}],"wp:attachment":[{"href":"https:\/\/euricse.eu\/it\/wp-json\/wp\/v2\/media?parent=7142"}],"wp:term":[{"taxonomy":"post_tag","embeddable":true,"href":"https:\/\/euricse.eu\/it\/wp-json\/wp\/v2\/tags?post=7142"}],"curies":[{"name":"wp","href":"https:\/\/api.w.org\/{rel}","templated":true}]}}

<p>La cooperativa agricola è una delle forme cooperative più presenti e diffuse al mondo. Ciononostante, nella maggior parte dei casi l’apporto garantito da questo modello organizzativo viene trascurato/sottovalutato. In particolare, sembra non esserci la consapevolezza del ruolo strategico della cooperativa agricola nel potenziare i vantaggi insiti nell’azienda agricola familiare, soprattutto in contesti caratterizzati da elevata frammentazione delle proprietà agricole e da produzioni di elevata qualità. Il presente articolo cercherà, attraverso la presentazione dell’esperienza della cooperazione agricola in Provincia di Trento, di far emergere l’importanza di questa architettura istituzionale nel favorire un’adeguata valorizzazione di territori periferici e svantaggiati come quelli montani.</p>

<p>Il presente articolo cercherà, attraverso la presentazione dell’esperienza della cooperazione agricola in Provincia di Trento, di far emergere l’importanza di questa architettura istituzionale nel favorire un’adeguata valorizzazione di territori periferici e svantaggiati come quelli montani.</p>

<!-- This site is optimized with the Yoast SEO plugin v26.1.1 - https://yoast.com/wordpress/plugins/seo/ -->
<title>WP 102 | 18 Cooperazione agricola e aree marginali: una riflessione sull’esperienza della Provincia di Trento - Euricse</title>
<meta name="robots" content="index, follow, max-snippet:-1, max-image-preview:large, max-video-preview:-1" />
<link rel="canonical" href="https://euricse.eu/it/publications/wp-102-18-cooperazione-agricola-e-aree-marginali-una-riflessione-sullesperienza-della-provincia-di-trento/" />
<meta property="og:locale" content="it_IT" />
<meta property="og:type" content="article" />
<meta property="og:title" content="WP 102 | 18 Cooperazione agricola e aree marginali: una riflessione sull’esperienza della Provincia di Trento - Euricse" />
<meta property="og:description" content="Il presente articolo cercherà, attraverso la presentazione dell’esperienza della cooperazione agricola in Provincia di Trento, di far emergere l’importanza di questa architettura istituzionale nel favorire un’adeguata valorizzazione di territori periferici e svantaggiati come quelli montani." />
<meta property="og:url" content="https://euricse.eu/it/publications/wp-102-18-cooperazione-agricola-e-aree-marginali-una-riflessione-sullesperienza-della-provincia-di-trento/" />
<meta property="og:site_name" content="Euricse" />
<meta property="article:modified_time" content="2024-03-14T15:20:59+00:00" />
<meta property="og:image" content="https://euricse.eu/wp-content/uploads/2018/08/fontanari.jpg" />
	<meta property="og:image:width" content="578" />
	<meta property="og:image:height" content="778" />
	<meta property="og:image:type" content="image/jpeg" />
<meta name="twitter:card" content="summary_large_image" />
<meta name="twitter:label1" content="Tempo di lettura stimato" />
	<meta name="twitter:data1" content="1 minuto" />
<script type="application/ld+json" class="yoast-schema-graph">{"@context":"https://schema.org","@graph":[{"@type":"WebPage","@id":"https://euricse.eu/it/publications/wp-102-18-cooperazione-agricola-e-aree-marginali-una-riflessione-sullesperienza-della-provincia-di-trento/","url":"https://euricse.eu/it/publications/wp-102-18-cooperazione-agricola-e-aree-marginali-una-riflessione-sullesperienza-della-provincia-di-trento/","name":"WP 102 | 18 Cooperazione agricola e aree marginali: una riflessione sull’esperienza della Provincia di Trento - Euricse","isPartOf":{"@id":"https://euricse.eu/en/#website"},"primaryImageOfPage":{"@id":"https://euricse.eu/it/publications/wp-102-18-cooperazione-agricola-e-aree-marginali-una-riflessione-sullesperienza-della-provincia-di-trento/#primaryimage"},"image":{"@id":"https://euricse.eu/it/publications/wp-102-18-cooperazione-agricola-e-aree-marginali-una-riflessione-sullesperienza-della-provincia-di-trento/#primaryimage"},"thumbnailUrl":"https://euricse.eu/wp-content/uploads/2018/08/fontanari.jpg","datePublished":"2018-08-29T13:48:49+00:00","dateModified":"2024-03-14T15:20:59+00:00","breadcrumb":{"@id":"https://euricse.eu/it/publications/wp-102-18-cooperazione-agricola-e-aree-marginali-una-riflessione-sullesperienza-della-provincia-di-trento/#breadcrumb"},"inLanguage":"it-IT","potentialAction":[{"@type":"ReadAction","target":["https://euricse.eu/it/publications/wp-102-18-cooperazione-agricola-e-aree-marginali-una-riflessione-sullesperienza-della-provincia-di-trento/"]}]},{"@type":"ImageObject","inLanguage":"it-IT","@id":"https://euricse.eu/it/publications/wp-102-18-cooperazione-agricola-e-aree-marginali-una-riflessione-sullesperienza-della-provincia-di-trento/#primaryimage","url":"https://euricse.eu/wp-content/uploads/2018/08/fontanari.jpg","contentUrl":"https://euricse.eu/wp-content/uploads/2018/08/fontanari.jpg","width":578,"height":778},{"@type":"BreadcrumbList","@id":"https://euricse.eu/it/publications/wp-102-18-cooperazione-agricola-e-aree-marginali-una-riflessione-sullesperienza-della-provincia-di-trento/#breadcrumb","itemListElement":[{"@type":"ListItem","position":1,"name":"Home","item":"https://euricse.eu/it/"},{"@type":"ListItem","position":2,"name":"Pubblicazioni","item":"https://euricse.eu/it/publications/"},{"@type":"ListItem","position":3,"name":"WP 102 | 18 Cooperazione agricola e aree marginali: una riflessione sull’esperienza della Provincia di Trento"}]},{"@type":"WebSite","@id":"https://euricse.eu/en/#website","url":"https://euricse.eu/en/","name":"Euricse","description":"Knowledge and innovation for cooperative and social enterprises.","potentialAction":[{"@type":"SearchAction","target":{"@type":"EntryPoint","urlTemplate":"https://euricse.eu/en/?s={search_term_string}"},"query-input":{"@type":"PropertyValueSpecification","valueRequired":true,"valueName":"search_term_string"}}],"inLanguage":"it-IT"}]}</script>
<!-- / Yoast SEO plugin. -->

Il presente articolo cercherà, attraverso la presentazione dell’esperienza della cooperazione agricola in Provincia di Trento, di far emergere l’importanza di questa architettura istituzionale nel favorire un’adeguata valorizzazione di territori periferici e svantaggiati come quelli montani.
