{"id":722,"date":"2015-03-16T09:36:47","date_gmt":"2015-03-16T09:36:47","guid":{"rendered":"https:\/\/euricse.staging.hgblu.com\/?post_type=publications&#038;p=722"},"modified":"2024-03-14T14:08:45","modified_gmt":"2024-03-14T14:08:45","slug":"abitabilita-a-trento-un-quadro-interpretativo","status":"publish","type":"publications","link":"https:\/\/euricse.eu\/it\/publications\/abitabilita-a-trento-un-quadro-interpretativo\/","title":{"rendered":"Abitabilit\u00e0 a Trento &#8211; Un quadro interpretativo"},"content":{"rendered":"<p style=\"text-align: justify;\">Il rapporto di ricerca mostra la distribuzione dei fattori che influenzano l\u2019abitabilit\u00e0 della citt\u00e0 di Trento su scala di quartiere, incidendo sulle scelte insediative degli abitanti.<\/p>\n<p style=\"text-align: justify;\">Dopo avere fornito una chiave interpretativa del concetto di abitabilit\u00e0, il rapporto si sviluppa mediante l\u2019analisi di una serie di indicatori quantitativi demografici, economici, ambientali e normativi, riferiti a tre differenti aspetti del fenomeno studiato: eterogeneit\u00e0 socio-funzionale, accessibilit\u00e0 socio-economica, densit\u00e0 della distribuzione dei servizi rispetto alla popolazione residente.<\/p>\n<p>Scarica la <a href=\"https:\/\/euricse.eu\/wp-content\/uploads\/2015\/03\/1392310231_n2490_0.pdf\">sintesi del rapporto.\u00a0<\/a><\/p>\n","protected":false},"excerpt":{"rendered":"<p>Il rapporto di ricerca mostra la distribuzione dei fattori che influenzano l\u2019abitabilit\u00e0 della citt\u00e0 di Trento su scala di quartiere, incidendo sulle scelte insediative degli abitanti.<\/p>\n","protected":false},"author":32,"featured_media":979,"parent":0,"comment_status":"closed","ping_status":"closed","template":"","meta":{"_acf_changed":false,"episode_type":"","audio_file":"","cover_image":"","cover_image_id":"","duration":"","filesize":"","date_recorded":"","explicit":"","block":"","itunes_episode_number":"","itunes_title":"","itunes_season_number":"","itunes_episode_type":"","filesize_raw":"","footnotes":""},"tags":[65,115,122,123,130,801],"class_list":["post-722","publications","type-publications","status-publish","has-post-thumbnail","hentry","tag-welfare","tag-progetti-eu","tag-interesse-per-la-comunita","tag-beni-comuni","tag-abitabilita","tag-trento","publications-cat-rapporti","publications-area-sviluppo-locale"],"acf":[],"yoast_head":"<!-- This site is optimized with the Yoast SEO plugin v26.1.1 - https:\/\/yoast.com\/wordpress\/plugins\/seo\/ -->\n<title>Abitabilit\u00e0 a Trento - Un quadro interpretativo - Euricse<\/title>\n<meta name=\"robots\" content=\"index, follow, max-snippet:-1, max-image-preview:large, max-video-preview:-1\" \/>\n<link rel=\"canonical\" href=\"https:\/\/euricse.eu\/it\/publications\/abitabilita-a-trento-un-quadro-interpretativo\/\" \/>\n<meta property=\"og:locale\" content=\"it_IT\" \/>\n<meta property=\"og:type\" content=\"article\" \/>\n<meta property=\"og:title\" content=\"Abitabilit\u00e0 a Trento - Un quadro interpretativo - Euricse\" \/>\n<meta property=\"og:description\" content=\"Il rapporto di ricerca mostra la distribuzione dei fattori che influenzano l\u2019abitabilit\u00e0 della citt\u00e0 di Trento su scala di quartiere, incidendo sulle scelte insediative degli abitanti.\" \/>\n<meta property=\"og:url\" content=\"https:\/\/euricse.eu\/it\/publications\/abitabilita-a-trento-un-quadro-interpretativo\/\" \/>\n<meta property=\"og:site_name\" content=\"Euricse\" \/>\n<meta property=\"article:modified_time\" content=\"2024-03-14T14:08:45+00:00\" \/>\n<meta property=\"og:image\" content=\"https:\/\/euricse.eu\/wp-content\/uploads\/2015\/03\/10-13-abitabilit\u00e0-a-trento.jpg\" \/>\n\t<meta property=\"og:image:width\" content=\"2008\" \/>\n\t<meta property=\"og:image:height\" content=\"2835\" \/>\n\t<meta property=\"og:image:type\" content=\"image\/jpeg\" \/>\n<meta name=\"twitter:card\" content=\"summary_large_image\" \/>\n<meta name=\"twitter:label1\" content=\"Tempo di lettura stimato\" \/>\n\t<meta name=\"twitter:data1\" content=\"1 minuto\" \/>\n<script type=\"application\/ld+json\" class=\"yoast-schema-graph\">{\"@context\":\"https:\/\/schema.org\",\"@graph\":[{\"@type\":\"WebPage\",\"@id\":\"https:\/\/euricse.eu\/it\/publications\/abitabilita-a-trento-un-quadro-interpretativo\/\",\"url\":\"https:\/\/euricse.eu\/it\/publications\/abitabilita-a-trento-un-quadro-interpretativo\/\",\"name\":\"Abitabilit\u00e0 a Trento - Un quadro interpretativo - Euricse\",\"isPartOf\":{\"@id\":\"https:\/\/euricse.eu\/en\/#website\"},\"primaryImageOfPage\":{\"@id\":\"https:\/\/euricse.eu\/it\/publications\/abitabilita-a-trento-un-quadro-interpretativo\/#primaryimage\"},\"image\":{\"@id\":\"https:\/\/euricse.eu\/it\/publications\/abitabilita-a-trento-un-quadro-interpretativo\/#primaryimage\"},\"thumbnailUrl\":\"https:\/\/euricse.eu\/wp-content\/uploads\/2015\/03\/10-13-abitabilit\u00e0-a-trento.jpg\",\"datePublished\":\"2015-03-16T09:36:47+00:00\",\"dateModified\":\"2024-03-14T14:08:45+00:00\",\"breadcrumb\":{\"@id\":\"https:\/\/euricse.eu\/it\/publications\/abitabilita-a-trento-un-quadro-interpretativo\/#breadcrumb\"},\"inLanguage\":\"it-IT\",\"potentialAction\":[{\"@type\":\"ReadAction\",\"target\":[\"https:\/\/euricse.eu\/it\/publications\/abitabilita-a-trento-un-quadro-interpretativo\/\"]}]},{\"@type\":\"ImageObject\",\"inLanguage\":\"it-IT\",\"@id\":\"https:\/\/euricse.eu\/it\/publications\/abitabilita-a-trento-un-quadro-interpretativo\/#primaryimage\",\"url\":\"https:\/\/euricse.eu\/wp-content\/uploads\/2015\/03\/10-13-abitabilit\u00e0-a-trento.jpg\",\"contentUrl\":\"https:\/\/euricse.eu\/wp-content\/uploads\/2015\/03\/10-13-abitabilit\u00e0-a-trento.jpg\",\"width\":2008,\"height\":2835},{\"@type\":\"BreadcrumbList\",\"@id\":\"https:\/\/euricse.eu\/it\/publications\/abitabilita-a-trento-un-quadro-interpretativo\/#breadcrumb\",\"itemListElement\":[{\"@type\":\"ListItem\",\"position\":1,\"name\":\"Home\",\"item\":\"https:\/\/euricse.eu\/it\/\"},{\"@type\":\"ListItem\",\"position\":2,\"name\":\"Pubblicazioni\",\"item\":\"https:\/\/euricse.eu\/it\/publications\/\"},{\"@type\":\"ListItem\",\"position\":3,\"name\":\"Abitabilit\u00e0 a Trento &#8211; Un quadro interpretativo\"}]},{\"@type\":\"WebSite\",\"@id\":\"https:\/\/euricse.eu\/en\/#website\",\"url\":\"https:\/\/euricse.eu\/en\/\",\"name\":\"Euricse\",\"description\":\"Knowledge and innovation for cooperative and social enterprises.\",\"potentialAction\":[{\"@type\":\"SearchAction\",\"target\":{\"@type\":\"EntryPoint\",\"urlTemplate\":\"https:\/\/euricse.eu\/en\/?s={search_term_string}\"},\"query-input\":{\"@type\":\"PropertyValueSpecification\",\"valueRequired\":true,\"valueName\":\"search_term_string\"}}],\"inLanguage\":\"it-IT\"}]}<\/script>\n<!-- \/ Yoast SEO plugin. -->","yoast_head_json":{"title":"Abitabilit\u00e0 a Trento - Un quadro interpretativo - Euricse","robots":{"index":"index","follow":"follow","max-snippet":"max-snippet:-1","max-image-preview":"max-image-preview:large","max-video-preview":"max-video-preview:-1"},"canonical":"https:\/\/euricse.eu\/it\/publications\/abitabilita-a-trento-un-quadro-interpretativo\/","og_locale":"it_IT","og_type":"article","og_title":"Abitabilit\u00e0 a Trento - Un quadro interpretativo - Euricse","og_description":"Il rapporto di ricerca mostra la distribuzione dei fattori che influenzano l\u2019abitabilit\u00e0 della citt\u00e0 di Trento su scala di quartiere, incidendo sulle scelte insediative degli abitanti.","og_url":"https:\/\/euricse.eu\/it\/publications\/abitabilita-a-trento-un-quadro-interpretativo\/","og_site_name":"Euricse","article_modified_time":"2024-03-14T14:08:45+00:00","og_image":[{"width":2008,"height":2835,"url":"https:\/\/euricse.eu\/wp-content\/uploads\/2015\/03\/10-13-abitabilit\u00e0-a-trento.jpg","type":"image\/jpeg"}],"twitter_card":"summary_large_image","twitter_misc":{"Tempo di lettura stimato":"1 minuto"},"schema":{"@context":"https:\/\/schema.org","@graph":[{"@type":"WebPage","@id":"https:\/\/euricse.eu\/it\/publications\/abitabilita-a-trento-un-quadro-interpretativo\/","url":"https:\/\/euricse.eu\/it\/publications\/abitabilita-a-trento-un-quadro-interpretativo\/","name":"Abitabilit\u00e0 a Trento - Un quadro interpretativo - Euricse","isPartOf":{"@id":"https:\/\/euricse.eu\/en\/#website"},"primaryImageOfPage":{"@id":"https:\/\/euricse.eu\/it\/publications\/abitabilita-a-trento-un-quadro-interpretativo\/#primaryimage"},"image":{"@id":"https:\/\/euricse.eu\/it\/publications\/abitabilita-a-trento-un-quadro-interpretativo\/#primaryimage"},"thumbnailUrl":"https:\/\/euricse.eu\/wp-content\/uploads\/2015\/03\/10-13-abitabilit\u00e0-a-trento.jpg","datePublished":"2015-03-16T09:36:47+00:00","dateModified":"2024-03-14T14:08:45+00:00","breadcrumb":{"@id":"https:\/\/euricse.eu\/it\/publications\/abitabilita-a-trento-un-quadro-interpretativo\/#breadcrumb"},"inLanguage":"it-IT","potentialAction":[{"@type":"ReadAction","target":["https:\/\/euricse.eu\/it\/publications\/abitabilita-a-trento-un-quadro-interpretativo\/"]}]},{"@type":"ImageObject","inLanguage":"it-IT","@id":"https:\/\/euricse.eu\/it\/publications\/abitabilita-a-trento-un-quadro-interpretativo\/#primaryimage","url":"https:\/\/euricse.eu\/wp-content\/uploads\/2015\/03\/10-13-abitabilit\u00e0-a-trento.jpg","contentUrl":"https:\/\/euricse.eu\/wp-content\/uploads\/2015\/03\/10-13-abitabilit\u00e0-a-trento.jpg","width":2008,"height":2835},{"@type":"BreadcrumbList","@id":"https:\/\/euricse.eu\/it\/publications\/abitabilita-a-trento-un-quadro-interpretativo\/#breadcrumb","itemListElement":[{"@type":"ListItem","position":1,"name":"Home","item":"https:\/\/euricse.eu\/it\/"},{"@type":"ListItem","position":2,"name":"Pubblicazioni","item":"https:\/\/euricse.eu\/it\/publications\/"},{"@type":"ListItem","position":3,"name":"Abitabilit\u00e0 a Trento &#8211; Un quadro interpretativo"}]},{"@type":"WebSite","@id":"https:\/\/euricse.eu\/en\/#website","url":"https:\/\/euricse.eu\/en\/","name":"Euricse","description":"Knowledge and innovation for cooperative and social enterprises.","potentialAction":[{"@type":"SearchAction","target":{"@type":"EntryPoint","urlTemplate":"https:\/\/euricse.eu\/en\/?s={search_term_string}"},"query-input":{"@type":"PropertyValueSpecification","valueRequired":true,"valueName":"search_term_string"}}],"inLanguage":"it-IT"}]}},"_links":{"self":[{"href":"https:\/\/euricse.eu\/it\/wp-json\/wp\/v2\/publications\/722","targetHints":{"allow":["GET"]}}],"collection":[{"href":"https:\/\/euricse.eu\/it\/wp-json\/wp\/v2\/publications"}],"about":[{"href":"https:\/\/euricse.eu\/it\/wp-json\/wp\/v2\/types\/publications"}],"author":[{"embeddable":true,"href":"https:\/\/euricse.eu\/it\/wp-json\/wp\/v2\/users\/32"}],"replies":[{"embeddable":true,"href":"https:\/\/euricse.eu\/it\/wp-json\/wp\/v2\/comments?post=722"}],"version-history":[{"count":1,"href":"https:\/\/euricse.eu\/it\/wp-json\/wp\/v2\/publications\/722\/revisions"}],"predecessor-version":[{"id":22205,"href":"https:\/\/euricse.eu\/it\/wp-json\/wp\/v2\/publications\/722\/revisions\/22205"}],"wp:featuredmedia":[{"embeddable":true,"href":"https:\/\/euricse.eu\/it\/wp-json\/wp\/v2\/media\/979"}],"wp:attachment":[{"href":"https:\/\/euricse.eu\/it\/wp-json\/wp\/v2\/media?parent=722"}],"wp:term":[{"taxonomy":"post_tag","embeddable":true,"href":"https:\/\/euricse.eu\/it\/wp-json\/wp\/v2\/tags?post=722"}],"curies":[{"name":"wp","href":"https:\/\/api.w.org\/{rel}","templated":true}]}}

Abitabilità a Trento &#8211; Un quadro interpretativo

<p style="text-align: justify;">Il rapporto di ricerca mostra la distribuzione dei fattori che influenzano l’abitabilità della città di Trento su scala di quartiere, incidendo sulle scelte insediative degli abitanti.</p>
<p style="text-align: justify;">Dopo avere fornito una chiave interpretativa del concetto di abitabilità, il rapporto si sviluppa mediante l’analisi di una serie di indicatori quantitativi demografici, economici, ambientali e normativi, riferiti a tre differenti aspetti del fenomeno studiato: eterogeneità socio-funzionale, accessibilità socio-economica, densità della distribuzione dei servizi rispetto alla popolazione residente.</p>
<p>Scarica la <a href="https://euricse.eu/wp-content/uploads/2015/03/1392310231_n2490_0.pdf">sintesi del rapporto. </a></p>

<p>Il rapporto di ricerca mostra la distribuzione dei fattori che influenzano l’abitabilità della città di Trento su scala di quartiere, incidendo sulle scelte insediative degli abitanti.</p>

<!-- This site is optimized with the Yoast SEO plugin v26.1.1 - https://yoast.com/wordpress/plugins/seo/ -->
<title>Abitabilità a Trento - Un quadro interpretativo - Euricse</title>
<meta name="robots" content="index, follow, max-snippet:-1, max-image-preview:large, max-video-preview:-1" />
<link rel="canonical" href="https://euricse.eu/it/publications/abitabilita-a-trento-un-quadro-interpretativo/" />
<meta property="og:locale" content="it_IT" />
<meta property="og:type" content="article" />
<meta property="og:title" content="Abitabilità a Trento - Un quadro interpretativo - Euricse" />
<meta property="og:description" content="Il rapporto di ricerca mostra la distribuzione dei fattori che influenzano l’abitabilità della città di Trento su scala di quartiere, incidendo sulle scelte insediative degli abitanti." />
<meta property="og:url" content="https://euricse.eu/it/publications/abitabilita-a-trento-un-quadro-interpretativo/" />
<meta property="og:site_name" content="Euricse" />
<meta property="article:modified_time" content="2024-03-14T14:08:45+00:00" />
<meta property="og:image" content="https://euricse.eu/wp-content/uploads/2015/03/10-13-abitabilità-a-trento.jpg" />
	<meta property="og:image:width" content="2008" />
	<meta property="og:image:height" content="2835" />
	<meta property="og:image:type" content="image/jpeg" />
<meta name="twitter:card" content="summary_large_image" />
<meta name="twitter:label1" content="Tempo di lettura stimato" />
	<meta name="twitter:data1" content="1 minuto" />
<script type="application/ld+json" class="yoast-schema-graph">{"@context":"https://schema.org","@graph":[{"@type":"WebPage","@id":"https://euricse.eu/it/publications/abitabilita-a-trento-un-quadro-interpretativo/","url":"https://euricse.eu/it/publications/abitabilita-a-trento-un-quadro-interpretativo/","name":"Abitabilità a Trento - Un quadro interpretativo - Euricse","isPartOf":{"@id":"https://euricse.eu/en/#website"},"primaryImageOfPage":{"@id":"https://euricse.eu/it/publications/abitabilita-a-trento-un-quadro-interpretativo/#primaryimage"},"image":{"@id":"https://euricse.eu/it/publications/abitabilita-a-trento-un-quadro-interpretativo/#primaryimage"},"thumbnailUrl":"https://euricse.eu/wp-content/uploads/2015/03/10-13-abitabilità-a-trento.jpg","datePublished":"2015-03-16T09:36:47+00:00","dateModified":"2024-03-14T14:08:45+00:00","breadcrumb":{"@id":"https://euricse.eu/it/publications/abitabilita-a-trento-un-quadro-interpretativo/#breadcrumb"},"inLanguage":"it-IT","potentialAction":[{"@type":"ReadAction","target":["https://euricse.eu/it/publications/abitabilita-a-trento-un-quadro-interpretativo/"]}]},{"@type":"ImageObject","inLanguage":"it-IT","@id":"https://euricse.eu/it/publications/abitabilita-a-trento-un-quadro-interpretativo/#primaryimage","url":"https://euricse.eu/wp-content/uploads/2015/03/10-13-abitabilità-a-trento.jpg","contentUrl":"https://euricse.eu/wp-content/uploads/2015/03/10-13-abitabilità-a-trento.jpg","width":2008,"height":2835},{"@type":"BreadcrumbList","@id":"https://euricse.eu/it/publications/abitabilita-a-trento-un-quadro-interpretativo/#breadcrumb","itemListElement":[{"@type":"ListItem","position":1,"name":"Home","item":"https://euricse.eu/it/"},{"@type":"ListItem","position":2,"name":"Pubblicazioni","item":"https://euricse.eu/it/publications/"},{"@type":"ListItem","position":3,"name":"Abitabilità a Trento &#8211; Un quadro interpretativo"}]},{"@type":"WebSite","@id":"https://euricse.eu/en/#website","url":"https://euricse.eu/en/","name":"Euricse","description":"Knowledge and innovation for cooperative and social enterprises.","potentialAction":[{"@type":"SearchAction","target":{"@type":"EntryPoint","urlTemplate":"https://euricse.eu/en/?s={search_term_string}"},"query-input":{"@type":"PropertyValueSpecification","valueRequired":true,"valueName":"search_term_string"}}],"inLanguage":"it-IT"}]}</script>
<!-- / Yoast SEO plugin. -->

Abitabilità a Trento - Un quadro interpretativo - Euricse

Il rapporto di ricerca mostra la distribuzione dei fattori che influenzano l’abitabilità della città di Trento su scala di quartiere, incidendo sulle scelte insediative degli abitanti.

https://euricse.eu/wp-content/uploads/2015/03/10-13-abitabilità-a-trento.jpg
