{"id":12825,"date":"2021-12-16T09:59:08","date_gmt":"2021-12-16T09:59:08","guid":{"rendered":"https:\/\/euricse.hgblu.dev\/?post_type=research_projects&#038;p=12825"},"modified":"2022-03-23T15:47:54","modified_gmt":"2022-03-23T15:47:54","slug":"alpine-refugees-immigration-at-the-core-of-europe","status":"publish","type":"research_projects","link":"https:\/\/euricse.eu\/it\/research_projects\/alpine-refugees-immigration-at-the-core-of-europe\/","title":{"rendered":"Alpine Refugees. Immigration at the core of Europe"},"content":{"rendered":"<p>Una raccolta di storie, dati e immagini di una immigrazione che non sta sempre sulle pagine dei giornali ma che anima per\u00f2 lo sviluppo delle nostre montagne: trentotto diversi contributi dove i casi studio su Italia, Austria e Svizzera si alternano.<\/p>\n<p>Oltre a fornire un contributo alla letteratura scientifica, questo libro cerca di individuare quali sono i meccanismi che regolano le dinamiche di inclusione ed esclusione sociale all\u2019interno di una comunit\u00e0 marginale. Allo stesso tempo tenta di costruire una visione d\u2019insieme su quali possono essere le \u201cbuone pratiche\u201d in grado di alimentare lo sviluppo di una nuova politica della gestione del fenomeno migratorio.<\/p>\n<p>Il <a href=\"https:\/\/euricse.eu\/it\/publications\/alpine-refugees-immigration-at-the-core-of-europe\/\" target=\"_blank\" rel=\"noopener\">volume\u00a0<\/a>\u00e8 curato da Manfred Preli\u00f2 (Universit\u00e0 di Berna), Giulia Galera (Euricse, Trento), Ingrid Machold (BAB, Vienna) e Andrea Membretti (Eurac Research, Bolzano), e vede i contributi al libro di operatori e lavoratori del settore che hanno sperimentato innovativi percorsi di integrazione, cos\u00ec come di ricercatori con diversi background disciplinari.<\/p>\n","protected":false},"excerpt":{"rendered":"<p>Una raccolta di storie, dati e immagini di una immigrazione che non sta sempre sulle pagine dei giornali ma che anima per\u00f2 lo sviluppo delle nostre montagne: trentotto diversi contributi dove i casi studio su Italia, Austria e Svizzera si alternano. Oltre a fornire un contributo alla letteratura scientifica, questo libro cerca di individuare quali [&hellip;]<\/p>\n","protected":false},"author":31,"featured_media":0,"parent":0,"comment_status":"closed","ping_status":"closed","template":"","meta":{"_acf_changed":false,"episode_type":"","audio_file":"","cover_image":"","cover_image_id":"","duration":"","filesize":"","date_recorded":"","explicit":"","block":"","itunes_episode_number":"","itunes_title":"","itunes_season_number":"","itunes_episode_type":"","filesize_raw":"","footnotes":""},"tags":[],"class_list":["post-12825","research_projects","type-research_projects","status-publish","hentry"],"acf":[],"yoast_head":"<!-- This site is optimized with the Yoast SEO plugin v26.1.1 - https:\/\/yoast.com\/wordpress\/plugins\/seo\/ -->\n<title>Alpine Refugees. Immigration at the core of Europe - Euricse<\/title>\n<meta name=\"robots\" content=\"index, follow, max-snippet:-1, max-image-preview:large, max-video-preview:-1\" \/>\n<link rel=\"canonical\" href=\"https:\/\/euricse.eu\/it\/research_projects\/alpine-refugees-immigration-at-the-core-of-europe\/\" \/>\n<meta property=\"og:locale\" content=\"it_IT\" \/>\n<meta property=\"og:type\" content=\"article\" \/>\n<meta property=\"og:title\" content=\"Alpine Refugees. Immigration at the core of Europe - Euricse\" \/>\n<meta property=\"og:description\" content=\"Una raccolta di storie, dati e immagini di una immigrazione che non sta sempre sulle pagine dei giornali ma che anima per\u00f2 lo sviluppo delle nostre montagne: trentotto diversi contributi dove i casi studio su Italia, Austria e Svizzera si alternano. Oltre a fornire un contributo alla letteratura scientifica, questo libro cerca di individuare quali [&hellip;]\" \/>\n<meta property=\"og:url\" content=\"https:\/\/euricse.eu\/it\/research_projects\/alpine-refugees-immigration-at-the-core-of-europe\/\" \/>\n<meta property=\"og:site_name\" content=\"Euricse\" \/>\n<meta property=\"article:modified_time\" content=\"2022-03-23T15:47:54+00:00\" \/>\n<meta name=\"twitter:card\" content=\"summary_large_image\" \/>\n<meta name=\"twitter:label1\" content=\"Tempo di lettura stimato\" \/>\n\t<meta name=\"twitter:data1\" content=\"1 minuto\" \/>\n<script type=\"application\/ld+json\" class=\"yoast-schema-graph\">{\"@context\":\"https:\/\/schema.org\",\"@graph\":[{\"@type\":\"WebPage\",\"@id\":\"https:\/\/euricse.eu\/it\/research_projects\/alpine-refugees-immigration-at-the-core-of-europe\/\",\"url\":\"https:\/\/euricse.eu\/it\/research_projects\/alpine-refugees-immigration-at-the-core-of-europe\/\",\"name\":\"Alpine Refugees. Immigration at the core of Europe - Euricse\",\"isPartOf\":{\"@id\":\"https:\/\/euricse.eu\/en\/#website\"},\"datePublished\":\"2021-12-16T09:59:08+00:00\",\"dateModified\":\"2022-03-23T15:47:54+00:00\",\"breadcrumb\":{\"@id\":\"https:\/\/euricse.eu\/it\/research_projects\/alpine-refugees-immigration-at-the-core-of-europe\/#breadcrumb\"},\"inLanguage\":\"it-IT\",\"potentialAction\":[{\"@type\":\"ReadAction\",\"target\":[\"https:\/\/euricse.eu\/it\/research_projects\/alpine-refugees-immigration-at-the-core-of-europe\/\"]}]},{\"@type\":\"BreadcrumbList\",\"@id\":\"https:\/\/euricse.eu\/it\/research_projects\/alpine-refugees-immigration-at-the-core-of-europe\/#breadcrumb\",\"itemListElement\":[{\"@type\":\"ListItem\",\"position\":1,\"name\":\"Home\",\"item\":\"https:\/\/euricse.eu\/it\/\"},{\"@type\":\"ListItem\",\"position\":2,\"name\":\"Progetti di ricerca\",\"item\":\"https:\/\/euricse.eu\/it\/research_projects\/\"},{\"@type\":\"ListItem\",\"position\":3,\"name\":\"Alpine Refugees. Immigration at the core of Europe\"}]},{\"@type\":\"WebSite\",\"@id\":\"https:\/\/euricse.eu\/en\/#website\",\"url\":\"https:\/\/euricse.eu\/en\/\",\"name\":\"Euricse\",\"description\":\"Knowledge and innovation for cooperative and social enterprises.\",\"potentialAction\":[{\"@type\":\"SearchAction\",\"target\":{\"@type\":\"EntryPoint\",\"urlTemplate\":\"https:\/\/euricse.eu\/en\/?s={search_term_string}\"},\"query-input\":{\"@type\":\"PropertyValueSpecification\",\"valueRequired\":true,\"valueName\":\"search_term_string\"}}],\"inLanguage\":\"it-IT\"}]}<\/script>\n<!-- \/ Yoast SEO plugin. -->","yoast_head_json":{"title":"Alpine Refugees. Immigration at the core of Europe - Euricse","robots":{"index":"index","follow":"follow","max-snippet":"max-snippet:-1","max-image-preview":"max-image-preview:large","max-video-preview":"max-video-preview:-1"},"canonical":"https:\/\/euricse.eu\/it\/research_projects\/alpine-refugees-immigration-at-the-core-of-europe\/","og_locale":"it_IT","og_type":"article","og_title":"Alpine Refugees. Immigration at the core of Europe - Euricse","og_description":"Una raccolta di storie, dati e immagini di una immigrazione che non sta sempre sulle pagine dei giornali ma che anima per\u00f2 lo sviluppo delle nostre montagne: trentotto diversi contributi dove i casi studio su Italia, Austria e Svizzera si alternano. Oltre a fornire un contributo alla letteratura scientifica, questo libro cerca di individuare quali [&hellip;]","og_url":"https:\/\/euricse.eu\/it\/research_projects\/alpine-refugees-immigration-at-the-core-of-europe\/","og_site_name":"Euricse","article_modified_time":"2022-03-23T15:47:54+00:00","twitter_card":"summary_large_image","twitter_misc":{"Tempo di lettura stimato":"1 minuto"},"schema":{"@context":"https:\/\/schema.org","@graph":[{"@type":"WebPage","@id":"https:\/\/euricse.eu\/it\/research_projects\/alpine-refugees-immigration-at-the-core-of-europe\/","url":"https:\/\/euricse.eu\/it\/research_projects\/alpine-refugees-immigration-at-the-core-of-europe\/","name":"Alpine Refugees. Immigration at the core of Europe - Euricse","isPartOf":{"@id":"https:\/\/euricse.eu\/en\/#website"},"datePublished":"2021-12-16T09:59:08+00:00","dateModified":"2022-03-23T15:47:54+00:00","breadcrumb":{"@id":"https:\/\/euricse.eu\/it\/research_projects\/alpine-refugees-immigration-at-the-core-of-europe\/#breadcrumb"},"inLanguage":"it-IT","potentialAction":[{"@type":"ReadAction","target":["https:\/\/euricse.eu\/it\/research_projects\/alpine-refugees-immigration-at-the-core-of-europe\/"]}]},{"@type":"BreadcrumbList","@id":"https:\/\/euricse.eu\/it\/research_projects\/alpine-refugees-immigration-at-the-core-of-europe\/#breadcrumb","itemListElement":[{"@type":"ListItem","position":1,"name":"Home","item":"https:\/\/euricse.eu\/it\/"},{"@type":"ListItem","position":2,"name":"Progetti di ricerca","item":"https:\/\/euricse.eu\/it\/research_projects\/"},{"@type":"ListItem","position":3,"name":"Alpine Refugees. Immigration at the core of Europe"}]},{"@type":"WebSite","@id":"https:\/\/euricse.eu\/en\/#website","url":"https:\/\/euricse.eu\/en\/","name":"Euricse","description":"Knowledge and innovation for cooperative and social enterprises.","potentialAction":[{"@type":"SearchAction","target":{"@type":"EntryPoint","urlTemplate":"https:\/\/euricse.eu\/en\/?s={search_term_string}"},"query-input":{"@type":"PropertyValueSpecification","valueRequired":true,"valueName":"search_term_string"}}],"inLanguage":"it-IT"}]}},"_links":{"self":[{"href":"https:\/\/euricse.eu\/it\/wp-json\/wp\/v2\/research_projects\/12825","targetHints":{"allow":["GET"]}}],"collection":[{"href":"https:\/\/euricse.eu\/it\/wp-json\/wp\/v2\/research_projects"}],"about":[{"href":"https:\/\/euricse.eu\/it\/wp-json\/wp\/v2\/types\/research_projects"}],"author":[{"embeddable":true,"href":"https:\/\/euricse.eu\/it\/wp-json\/wp\/v2\/users\/31"}],"replies":[{"embeddable":true,"href":"https:\/\/euricse.eu\/it\/wp-json\/wp\/v2\/comments?post=12825"}],"version-history":[{"count":0,"href":"https:\/\/euricse.eu\/it\/wp-json\/wp\/v2\/research_projects\/12825\/revisions"}],"wp:attachment":[{"href":"https:\/\/euricse.eu\/it\/wp-json\/wp\/v2\/media?parent=12825"}],"wp:term":[{"taxonomy":"post_tag","embeddable":true,"href":"https:\/\/euricse.eu\/it\/wp-json\/wp\/v2\/tags?post=12825"}],"curies":[{"name":"wp","href":"https:\/\/api.w.org\/{rel}","templated":true}]}}

<p>Una raccolta di storie, dati e immagini di una immigrazione che non sta sempre sulle pagine dei giornali ma che anima però lo sviluppo delle nostre montagne: trentotto diversi contributi dove i casi studio su Italia, Austria e Svizzera si alternano.</p>
<p>Oltre a fornire un contributo alla letteratura scientifica, questo libro cerca di individuare quali sono i meccanismi che regolano le dinamiche di inclusione ed esclusione sociale all’interno di una comunità marginale. Allo stesso tempo tenta di costruire una visione d’insieme su quali possono essere le “buone pratiche” in grado di alimentare lo sviluppo di una nuova politica della gestione del fenomeno migratorio.</p>
<p>Il <a href="https://euricse.eu/it/publications/alpine-refugees-immigration-at-the-core-of-europe/" target="_blank" rel="noopener">volume </a>è curato da Manfred Preliò (Università di Berna), Giulia Galera (Euricse, Trento), Ingrid Machold (BAB, Vienna) e Andrea Membretti (Eurac Research, Bolzano), e vede i contributi al libro di operatori e lavoratori del settore che hanno sperimentato innovativi percorsi di integrazione, così come di ricercatori con diversi background disciplinari.</p>

<p>Una raccolta di storie, dati e immagini di una immigrazione che non sta sempre sulle pagine dei giornali ma che anima però lo sviluppo delle nostre montagne: trentotto diversi contributi dove i casi studio su Italia, Austria e Svizzera si alternano. Oltre a fornire un contributo alla letteratura scientifica, questo libro cerca di individuare quali [&hellip;]</p>

<!-- This site is optimized with the Yoast SEO plugin v26.1.1 - https://yoast.com/wordpress/plugins/seo/ -->
<title>Alpine Refugees. Immigration at the core of Europe - Euricse</title>
<meta name="robots" content="index, follow, max-snippet:-1, max-image-preview:large, max-video-preview:-1" />
<link rel="canonical" href="https://euricse.eu/it/research_projects/alpine-refugees-immigration-at-the-core-of-europe/" />
<meta property="og:locale" content="it_IT" />
<meta property="og:type" content="article" />
<meta property="og:title" content="Alpine Refugees. Immigration at the core of Europe - Euricse" />
<meta property="og:description" content="Una raccolta di storie, dati e immagini di una immigrazione che non sta sempre sulle pagine dei giornali ma che anima però lo sviluppo delle nostre montagne: trentotto diversi contributi dove i casi studio su Italia, Austria e Svizzera si alternano. Oltre a fornire un contributo alla letteratura scientifica, questo libro cerca di individuare quali [&hellip;]" />
<meta property="og:url" content="https://euricse.eu/it/research_projects/alpine-refugees-immigration-at-the-core-of-europe/" />
<meta property="og:site_name" content="Euricse" />
<meta property="article:modified_time" content="2022-03-23T15:47:54+00:00" />
<meta name="twitter:card" content="summary_large_image" />
<meta name="twitter:label1" content="Tempo di lettura stimato" />
	<meta name="twitter:data1" content="1 minuto" />
<script type="application/ld+json" class="yoast-schema-graph">{"@context":"https://schema.org","@graph":[{"@type":"WebPage","@id":"https://euricse.eu/it/research_projects/alpine-refugees-immigration-at-the-core-of-europe/","url":"https://euricse.eu/it/research_projects/alpine-refugees-immigration-at-the-core-of-europe/","name":"Alpine Refugees. Immigration at the core of Europe - Euricse","isPartOf":{"@id":"https://euricse.eu/en/#website"},"datePublished":"2021-12-16T09:59:08+00:00","dateModified":"2022-03-23T15:47:54+00:00","breadcrumb":{"@id":"https://euricse.eu/it/research_projects/alpine-refugees-immigration-at-the-core-of-europe/#breadcrumb"},"inLanguage":"it-IT","potentialAction":[{"@type":"ReadAction","target":["https://euricse.eu/it/research_projects/alpine-refugees-immigration-at-the-core-of-europe/"]}]},{"@type":"BreadcrumbList","@id":"https://euricse.eu/it/research_projects/alpine-refugees-immigration-at-the-core-of-europe/#breadcrumb","itemListElement":[{"@type":"ListItem","position":1,"name":"Home","item":"https://euricse.eu/it/"},{"@type":"ListItem","position":2,"name":"Progetti di ricerca","item":"https://euricse.eu/it/research_projects/"},{"@type":"ListItem","position":3,"name":"Alpine Refugees. Immigration at the core of Europe"}]},{"@type":"WebSite","@id":"https://euricse.eu/en/#website","url":"https://euricse.eu/en/","name":"Euricse","description":"Knowledge and innovation for cooperative and social enterprises.","potentialAction":[{"@type":"SearchAction","target":{"@type":"EntryPoint","urlTemplate":"https://euricse.eu/en/?s={search_term_string}"},"query-input":{"@type":"PropertyValueSpecification","valueRequired":true,"valueName":"search_term_string"}}],"inLanguage":"it-IT"}]}</script>
<!-- / Yoast SEO plugin. -->

Una raccolta di storie, dati e immagini di una immigrazione che non sta sempre sulle pagine dei giornali ma che anima però lo sviluppo delle nostre montagne: trentotto diversi contributi dove i casi studio su Italia, Austria e Svizzera si alternano. Oltre a fornire un contributo alla letteratura scientifica, questo libro cerca di individuare quali [&hellip;]
